{"id":23429,"date":"2022-04-27T13:39:54","date_gmt":"2022-04-27T11:39:54","guid":{"rendered":"https:\/\/www.emmentaler.ch\/rezept\/pikante-dampfnudeln-mit-tomatensauce"},"modified":"2022-06-28T09:45:54","modified_gmt":"2022-06-28T07:45:54","slug":"pikante-dampfnudeln-mit-tomatensauce","status":"publish","type":"recipes","link":"https:\/\/www.emmentaler.ch\/de\/rezept\/pikante-dampfnudeln-mit-tomatensauce","title":{"rendered":"Pikante Dampfnudeln mit Tomatensauce"},"author":2,"featured_media":23445,"menu_order":0,"template":"","meta":{"inline_featured_image":false},"tags":[],"recipe_categories":[86],"et_countries":[],"recipe_main_ingredient":[123],"recipe_difficulty":[126],"recipe_preparation_time":[171],"recipe_diet_type":[133,132],"recipe_saison":[143],"acf":{"recipe_preparation_time":171,"recipe_categories":86,"recipe_time_txt":"30 Minuten, plus 90 Minuten Ruhezeit, plus 30 Minuten zum Backen","recipe_type":5193,"recipe_difficulty":126,"recipe_diet_type":[133,132],"recipe_main_ingredient":[123],"recipe_saison":[143],"recipe_count_portions":4,"recipe_ingedients":[{"recipe_ingedients_amount":"","recipe_ingedients_unit":"g","recipe_ingedients_product":""}],"temporare_zutaten":"350 g Weiss- oder Ruchmehl\r\n1 TL Salz\r\n20 g Hefe\r\n2 dl Milch, lauwarm\r\n100 g Emmentaler AOP, gerieben\r\n25 g Butter, fl\u00fcssig\r\n1 Ei\r\n2,5 dl Milch\r\n25 g Butter, fl\u00fcssig\r\nSalz, Pfeffer, Muskatnuss\r\n100 g Emmentaler AOP, gerieben\r\n1 Zwiebel\r\n1 Knoblauchzehe\r\n2 EL Oliven\u00f6l\r\n1-2 EL Tomatenp\u00fcree\r\n1 Dose gehackte Tomaten (800 g)\r\nOregano\r\n1 Prise Zucker\r\nSalz, Pfeffer","recipe_preparation":"Mehl und Salz in einer Sch\u00fcssel mischen. Hefe in etwas Milch aufl\u00f6sen, mit restlicher Milch, Emmentaler AOP, Butter und Ei zum Mehl geben. Alles zu einem geschmeidigen Teig kneten. Teig mit einem feuchten Tuch zudecken, an einem warmen Ort ca. 1 Stunde aufs Doppelte aufgehen lassen.\r\n\r\nAlle Zutaten f\u00fcr den Guss verr\u00fchren. Davon die H\u00e4lfte in eine Gratinform (ca.20x30 cm) giessen. Vom Teig 8 Kugeln formen, in den Guss setzen. 20 Minuten gehen lassen.\r\n\r\nIn der unteren H\u00e4lfte des 200 Grad heissen Ofen 20 Minuten backen. Einzelne Kugeln mit einer Kelle leicht voneinander l\u00f6sen, restlichen Guss dar\u00fcbergiessen. In der oberen Ofenh\u00e4lfte weitere 5-10 Minuten backen.\r\n\r\nZwiebel und Knoblauch fein hacken, im \u00d6l and\u00fcnsten. Tomatenp\u00fcree und Tomaten zuf\u00fcgen, ca. 20 Minuten k\u00f6cheln. Mit Oregano, Zucker, Salz und Pfeffer w\u00fcrzen.","recipe_images":[23445]},"_links":{"self":[{"href":"https:\/\/www.emmentaler.ch\/de\/wp-json\/wp\/v2\/recipes\/23429"}],"collection":[{"href":"https:\/\/www.emmentaler.ch\/de\/wp-json\/wp\/v2\/recipes"}],"about":[{"href":"https:\/\/www.emmentaler.ch\/de\/wp-json\/wp\/v2\/types\/recipes"}],"author":[{"embeddable":true,"href":"https:\/\/www.emmentaler.ch\/de\/wp-json\/wp\/v2\/users\/2"}],"version-history":[{"count":0,"href":"https:\/\/www.emmentaler.ch\/de\/wp-json\/wp\/v2\/recipes\/23429\/revisions"}],"acf:attachment":[{"embeddable":true,"href":"https:\/\/www.emmentaler.ch\/de\/wp-json\/wp\/v2\/media\/23445"}],"acf:term":[{"embeddable":true,"taxonomy":"recipe_saison","href":"https:\/\/www.emmentaler.ch\/de\/wp-json\/wp\/v2\/recipe_saison\/143"},{"embeddable":true,"taxonomy":"recipe_main_ingredient","href":"https:\/\/www.emmentaler.ch\/de\/wp-json\/wp\/v2\/recipe_main_ingredient\/123"},{"embeddable":true,"taxonomy":"recipe_diet_type","href":"https:\/\/www.emmentaler.ch\/de\/wp-json\/wp\/v2\/recipe_diet_type\/132"},{"embeddable":true,"taxonomy":"recipe_diet_type","href":"https:\/\/www.emmentaler.ch\/de\/wp-json\/wp\/v2\/recipe_diet_type\/133"},{"embeddable":true,"taxonomy":"recipe_difficulty","href":"https:\/\/www.emmentaler.ch\/de\/wp-json\/wp\/v2\/recipe_difficulty\/126"},{"embeddable":true,"taxonomy":"recipe_categories","href":"https:\/\/www.emmentaler.ch\/de\/wp-json\/wp\/v2\/recipe_categories\/86"},{"embeddable":true,"taxonomy":"recipe_preparation_time","href":"https:\/\/www.emmentaler.ch\/de\/wp-json\/wp\/v2\/recipe_preparation_time\/171"}],"acf:post":[{"embeddable":true,"href":"https:\/\/www.emmentaler.ch\/de\/wp-json\/wp\/v2\/pages\/5193"}],"wp:featuredmedia":[{"embeddable":true,"href":"https:\/\/www.emmentaler.ch\/de\/wp-json\/wp\/v2\/media\/23445"}],"wp:attachment":[{"href":"https:\/\/www.emmentaler.ch\/de\/wp-json\/wp\/v2\/media?parent=23429"}],"wp:term":[{"taxonomy":"post_tag","embeddable":true,"href":"https:\/\/www.emmentaler.ch\/de\/wp-json\/wp\/v2\/tags?post=23429"},{"taxonomy":"recipe_categories","embeddable":true,"href":"https:\/\/www.emmentaler.ch\/de\/wp-json\/wp\/v2\/recipe_categories?post=23429"},{"taxonomy":"et_countries","embeddable":true,"href":"https:\/\/www.emmentaler.ch\/de\/wp-json\/wp\/v2\/et_countries?post=23429"},{"taxonomy":"recipe_main_ingredient","embeddable":true,"href":"https:\/\/www.emmentaler.ch\/de\/wp-json\/wp\/v2\/recipe_main_ingredient?post=23429"},{"taxonomy":"recipe_difficulty","embeddable":true,"href":"https:\/\/www.emmentaler.ch\/de\/wp-json\/wp\/v2\/recipe_difficulty?post=23429"},{"taxonomy":"recipe_preparation_time","embeddable":true,"href":"https:\/\/www.emmentaler.ch\/de\/wp-json\/wp\/v2\/recipe_preparation_time?post=23429"},{"taxonomy":"recipe_diet_type","embeddable":true,"href":"https:\/\/www.emmentaler.ch\/de\/wp-json\/wp\/v2\/recipe_diet_type?post=23429"},{"taxonomy":"recipe_saison","embeddable":true,"href":"https:\/\/www.emmentaler.ch\/de\/wp-json\/wp\/v2\/recipe_saison?post=23429"}],"curies":[{"name":"wp","href":"https:\/\/api.w.org\/{rel}","templated":true}]}}

350 g Weiss- oder Ruchmehl
1 TL Salz
20 g Hefe
2 dl Milch, lauwarm
100 g Emmentaler AOP, gerieben
25 g Butter, flüssig
1 Ei
2,5 dl Milch
25 g Butter, flüssig
Salz, Pfeffer, Muskatnuss
100 g Emmentaler AOP, gerieben
1 Zwiebel
1 Knoblauchzehe
2 EL Olivenöl
1-2 EL Tomatenpüree
1 Dose gehackte Tomaten (800 g)
Oregano
1 Prise Zucker
Salz, Pfeffer

Mehl und Salz in einer Schüssel mischen. Hefe in etwas Milch auflösen, mit restlicher Milch, Emmentaler AOP, Butter und Ei zum Mehl geben. Alles zu einem geschmeidigen Teig kneten. Teig mit einem feuchten Tuch zudecken, an einem warmen Ort ca. 1 Stunde aufs Doppelte aufgehen lassen.

Alle Zutaten für den Guss verrühren. Davon die Hälfte in eine Gratinform (ca.20x30 cm) giessen. Vom Teig 8 Kugeln formen, in den Guss setzen. 20 Minuten gehen lassen.

In der unteren Hälfte des 200 Grad heissen Ofen 20 Minuten backen. Einzelne Kugeln mit einer Kelle leicht voneinander lösen, restlichen Guss darübergiessen. In der oberen Ofenhälfte weitere 5-10 Minuten backen.

Zwiebel und Knoblauch fein hacken, im Öl andünsten. Tomatenpüree und Tomaten zufügen, ca. 20 Minuten köcheln. Mit Oregano, Zucker, Salz und Pfeffer würzen.
