{"id":23460,"date":"2022-04-27T13:39:54","date_gmt":"2022-04-27T11:39:54","guid":{"rendered":"https:\/\/www.emmentaler.ch\/rezept\/pilzragout-mit-teighaube"},"modified":"2022-06-27T16:27:52","modified_gmt":"2022-06-27T14:27:52","slug":"pilzragout-mit-teighaube","status":"publish","type":"recipes","link":"https:\/\/www.emmentaler.ch\/de\/rezept\/pilzragout-mit-teighaube","title":{"rendered":"Pilzragout mit Teighaube"},"author":2,"featured_media":23486,"menu_order":0,"template":"","meta":{"inline_featured_image":false},"tags":[],"recipe_categories":[86],"et_countries":[],"recipe_main_ingredient":[123],"recipe_difficulty":[126],"recipe_preparation_time":[165],"recipe_diet_type":[132],"recipe_saison":[143],"acf":{"recipe_preparation_time":165,"recipe_categories":86,"recipe_time_txt":"40 Minuten + 30 Minuten im Ofen","recipe_type":216,"recipe_difficulty":126,"recipe_diet_type":[132],"recipe_main_ingredient":[123],"recipe_saison":[143],"recipe_count_portions":4,"recipe_ingedients":[{"recipe_ingedients_amount":"","recipe_ingedients_unit":"g","recipe_ingedients_product":""}],"temporare_zutaten":"25 g getrocknete Steinpilze\r\n1 Lauchst\u00e4ngel\r\n\u00bc Knollensellerie\r\n2 R\u00fcebli\r\n1 Zwiebel\r\n500 g Champignons\r\n2 EL \u00d6l\r\n1 \u00bd EL Tomatenp\u00fcree\r\n4 dl Bouillon\r\n1 TL Thymianbl\u00e4ttchen\r\n150 g Emmentaler AOP\r\n200 g Mehl\r\n1 \u00bd TL Backpulver\r\n\u00bc TL Salz\r\n75 g Butter\r\n2 Eier\r\n1,5 dl Milch","recipe_preparation":"Steinpilze 30 Minuten im warmen Wasser einweichen. Lauch in feine Ringe schneiden. Sellerie und R\u00fcebli sch\u00e4len und klein w\u00fcrfeln. Zwiebel fein hacken. Champignons in 5 mm dicke Scheiben schneiden. \u00d6l in einer grossen Bratpfanne erhitzen. Champignons bei guter Hitze anbraten. Gem\u00fcse und abgetropfte Steinpilze zuf\u00fcgen und alles bei mittlerer Hitze 5 Minuten d\u00fcnsten. Tomatenp\u00fcree kurz mitd\u00fcnsten und mit Bouillon abl\u00f6schen. Thymian zuf\u00fcgen und 5-7 Minuten k\u00f6cheln.\r\n\r\nEmmentaler AOP fein reiben. Mehl, Backpulver, Salz in eine Sch\u00fcssel geben. Butter in kleinen St\u00fccken dazuschneiden. Alles zwischen den H\u00e4nden zu einer kr\u00fcmeligen Mischung verreiben. 120 g geriebener Emmentaler AOP daruntermischen. Eier mit Milch verquirlen, zuf\u00fcgen und alles zu einem weichen Teig verr\u00fchren.\r\n\r\nPilzragout in eine weite Auflaufform geben. Mit einem L\u00f6ffel Teigh\u00e4ufchen auf die Pilze verteilen, restlicher K\u00e4se dar\u00fcber streuen.\r\n\r\nIn der Mitte des 200 Grad heissen Ofens ca. 30 Minuten backen.","recipe_images":[23496,23491,23486]},"_links":{"self":[{"href":"https:\/\/www.emmentaler.ch\/de\/wp-json\/wp\/v2\/recipes\/23460"}],"collection":[{"href":"https:\/\/www.emmentaler.ch\/de\/wp-json\/wp\/v2\/recipes"}],"about":[{"href":"https:\/\/www.emmentaler.ch\/de\/wp-json\/wp\/v2\/types\/recipes"}],"author":[{"embeddable":true,"href":"https:\/\/www.emmentaler.ch\/de\/wp-json\/wp\/v2\/users\/2"}],"version-history":[{"count":0,"href":"https:\/\/www.emmentaler.ch\/de\/wp-json\/wp\/v2\/recipes\/23460\/revisions"}],"acf:attachment":[{"embeddable":true,"href":"https:\/\/www.emmentaler.ch\/de\/wp-json\/wp\/v2\/media\/23486"},{"embeddable":true,"href":"https:\/\/www.emmentaler.ch\/de\/wp-json\/wp\/v2\/media\/23491"},{"embeddable":true,"href":"https:\/\/www.emmentaler.ch\/de\/wp-json\/wp\/v2\/media\/23496"}],"acf:term":[{"embeddable":true,"taxonomy":"recipe_saison","href":"https:\/\/www.emmentaler.ch\/de\/wp-json\/wp\/v2\/recipe_saison\/143"},{"embeddable":true,"taxonomy":"recipe_main_ingredient","href":"https:\/\/www.emmentaler.ch\/de\/wp-json\/wp\/v2\/recipe_main_ingredient\/123"},{"embeddable":true,"taxonomy":"recipe_diet_type","href":"https:\/\/www.emmentaler.ch\/de\/wp-json\/wp\/v2\/recipe_diet_type\/132"},{"embeddable":true,"taxonomy":"recipe_difficulty","href":"https:\/\/www.emmentaler.ch\/de\/wp-json\/wp\/v2\/recipe_difficulty\/126"},{"embeddable":true,"taxonomy":"recipe_categories","href":"https:\/\/www.emmentaler.ch\/de\/wp-json\/wp\/v2\/recipe_categories\/86"},{"embeddable":true,"taxonomy":"recipe_preparation_time","href":"https:\/\/www.emmentaler.ch\/de\/wp-json\/wp\/v2\/recipe_preparation_time\/165"}],"acf:post":[{"embeddable":true,"href":"https:\/\/www.emmentaler.ch\/de\/wp-json\/wp\/v2\/pages\/216"}],"wp:featuredmedia":[{"embeddable":true,"href":"https:\/\/www.emmentaler.ch\/de\/wp-json\/wp\/v2\/media\/23486"}],"wp:attachment":[{"href":"https:\/\/www.emmentaler.ch\/de\/wp-json\/wp\/v2\/media?parent=23460"}],"wp:term":[{"taxonomy":"post_tag","embeddable":true,"href":"https:\/\/www.emmentaler.ch\/de\/wp-json\/wp\/v2\/tags?post=23460"},{"taxonomy":"recipe_categories","embeddable":true,"href":"https:\/\/www.emmentaler.ch\/de\/wp-json\/wp\/v2\/recipe_categories?post=23460"},{"taxonomy":"et_countries","embeddable":true,"href":"https:\/\/www.emmentaler.ch\/de\/wp-json\/wp\/v2\/et_countries?post=23460"},{"taxonomy":"recipe_main_ingredient","embeddable":true,"href":"https:\/\/www.emmentaler.ch\/de\/wp-json\/wp\/v2\/recipe_main_ingredient?post=23460"},{"taxonomy":"recipe_difficulty","embeddable":true,"href":"https:\/\/www.emmentaler.ch\/de\/wp-json\/wp\/v2\/recipe_difficulty?post=23460"},{"taxonomy":"recipe_preparation_time","embeddable":true,"href":"https:\/\/www.emmentaler.ch\/de\/wp-json\/wp\/v2\/recipe_preparation_time?post=23460"},{"taxonomy":"recipe_diet_type","embeddable":true,"href":"https:\/\/www.emmentaler.ch\/de\/wp-json\/wp\/v2\/recipe_diet_type?post=23460"},{"taxonomy":"recipe_saison","embeddable":true,"href":"https:\/\/www.emmentaler.ch\/de\/wp-json\/wp\/v2\/recipe_saison?post=23460"}],"curies":[{"name":"wp","href":"https:\/\/api.w.org\/{rel}","templated":true}]}}

25 g getrocknete Steinpilze
1 Lauchstängel
¼ Knollensellerie
2 Rüebli
1 Zwiebel
500 g Champignons
2 EL Öl
1 ½ EL Tomatenpüree
4 dl Bouillon
1 TL Thymianblättchen
150 g Emmentaler AOP
200 g Mehl
1 ½ TL Backpulver
¼ TL Salz
75 g Butter
2 Eier
1,5 dl Milch

Steinpilze 30 Minuten im warmen Wasser einweichen. Lauch in feine Ringe schneiden. Sellerie und Rüebli schälen und klein würfeln. Zwiebel fein hacken. Champignons in 5 mm dicke Scheiben schneiden. Öl in einer grossen Bratpfanne erhitzen. Champignons bei guter Hitze anbraten. Gemüse und abgetropfte Steinpilze zufügen und alles bei mittlerer Hitze 5 Minuten dünsten. Tomatenpüree kurz mitdünsten und mit Bouillon ablöschen. Thymian zufügen und 5-7 Minuten köcheln.

Emmentaler AOP fein reiben. Mehl, Backpulver, Salz in eine Schüssel geben. Butter in kleinen Stücken dazuschneiden. Alles zwischen den Händen zu einer krümeligen Mischung verreiben. 120 g geriebener Emmentaler AOP daruntermischen. Eier mit Milch verquirlen, zufügen und alles zu einem weichen Teig verrühren.

Pilzragout in eine weite Auflaufform geben. Mit einem Löffel Teighäufchen auf die Pilze verteilen, restlicher Käse darüber streuen.

In der Mitte des 200 Grad heissen Ofens ca. 30 Minuten backen.
