{"id":23720,"date":"2022-04-27T13:39:54","date_gmt":"2022-04-27T11:39:54","guid":{"rendered":"https:\/\/www.emmentaler.ch\/rezept\/polenta-aus-frischem-mais-mit-peperonata"},"modified":"2024-07-24T13:33:55","modified_gmt":"2024-07-24T11:33:55","slug":"polenta-aus-frischem-mais-mit-peperonata","status":"publish","type":"recipes","link":"https:\/\/www.emmentaler.ch\/de\/rezept\/polenta-aus-frischem-mais-mit-peperonata","title":{"rendered":"Polenta aus frischem Mais mit Peperonata"},"author":2,"featured_media":23736,"menu_order":0,"template":"","meta":{"inline_featured_image":false},"tags":[],"recipe_categories":[86],"et_countries":[],"recipe_main_ingredient":[123],"recipe_difficulty":[125],"recipe_preparation_time":[161],"recipe_diet_type":[134,133,132],"recipe_saison":[143],"acf":{"recipe_preparation_time":161,"recipe_categories":86,"recipe_time_txt":"","recipe_type":5193,"recipe_difficulty":125,"recipe_diet_type":[134,133,132],"recipe_main_ingredient":[123],"recipe_saison":[143],"recipe_count_portions":4,"recipe_ingedients":[{"recipe_ingedients_amount":"","recipe_ingedients_unit":"g","recipe_ingedients_product":""}],"temporare_zutaten":"4 Zuckermaiskolben\r\n7,5 dl Gem\u00fcsebouillon\r\n50 g feiner Maisgriess\r\n175 g geriebener Emmentaler AOP\r\nSalz, Pfeffer\r\n750 g gemischte Peperoni\r\n1 rote Zwiebel\r\n2 Knoblauchzehen\r\n2 EL Oliven\u00f6l\r\n2 Tomaten\r\n2 EL guter Balsamicoessig\r\n\u00bd Bund flache Petersilie","recipe_preparation":"Bl\u00e4tter und Haare von den Maiskolben entfernen. K\u00f6rner mit einem Messer von den Kolben schneiden, dies ergibt ca. 500 g K\u00f6rner. Bouillon mit den Maisk\u00f6rner aufkochen, 20 Minuten zugedeckt k\u00f6cheln. Alles m\u00f6glichst fein p\u00fcrieren. Maisgriess zuf\u00fcgen, weitere 10 Minuten k\u00f6cheln, \u00f6fters umr\u00fchren. Emmentaler AOP daruntermischen, mit Salz und Pfeffer abschmecken.\r\n\r\nW\u00e4hrend die Polenta kocht, Peperoni halbieren, entkernen und in etwa 1 cm breite Streifen schneiden. Zwiebel halbieren und in feine Streifen schneiden. Knoblauch fein hacken. Oliven\u00f6l leicht erhitzen. Peperoni, Zwiebel und Knoblauch darin and\u00fcnsten, mit Salz und Pfeffer w\u00fcrzen. Zugedeckt 15 Minuten garen. Tomaten in W\u00fcrfel schneiden, mit 1 dl Wasser zuf\u00fcgen und in 10 Minuten fertig garen. Balsamicoessig zuf\u00fcgen und abschmecken. Petersilie grob hacken, dar\u00fcber streuen.","recipe_images":[23736]},"_links":{"self":[{"href":"https:\/\/www.emmentaler.ch\/de\/wp-json\/wp\/v2\/recipes\/23720"}],"collection":[{"href":"https:\/\/www.emmentaler.ch\/de\/wp-json\/wp\/v2\/recipes"}],"about":[{"href":"https:\/\/www.emmentaler.ch\/de\/wp-json\/wp\/v2\/types\/recipes"}],"author":[{"embeddable":true,"href":"https:\/\/www.emmentaler.ch\/de\/wp-json\/wp\/v2\/users\/2"}],"version-history":[{"count":1,"href":"https:\/\/www.emmentaler.ch\/de\/wp-json\/wp\/v2\/recipes\/23720\/revisions"}],"predecessor-version":[{"id":137831,"href":"https:\/\/www.emmentaler.ch\/de\/wp-json\/wp\/v2\/recipes\/23720\/revisions\/137831"}],"acf:attachment":[{"embeddable":true,"href":"https:\/\/www.emmentaler.ch\/de\/wp-json\/wp\/v2\/media\/23736"}],"acf:term":[{"embeddable":true,"taxonomy":"recipe_saison","href":"https:\/\/www.emmentaler.ch\/de\/wp-json\/wp\/v2\/recipe_saison\/143"},{"embeddable":true,"taxonomy":"recipe_main_ingredient","href":"https:\/\/www.emmentaler.ch\/de\/wp-json\/wp\/v2\/recipe_main_ingredient\/123"},{"embeddable":true,"taxonomy":"recipe_diet_type","href":"https:\/\/www.emmentaler.ch\/de\/wp-json\/wp\/v2\/recipe_diet_type\/132"},{"embeddable":true,"taxonomy":"recipe_diet_type","href":"https:\/\/www.emmentaler.ch\/de\/wp-json\/wp\/v2\/recipe_diet_type\/133"},{"embeddable":true,"taxonomy":"recipe_diet_type","href":"https:\/\/www.emmentaler.ch\/de\/wp-json\/wp\/v2\/recipe_diet_type\/134"},{"embeddable":true,"taxonomy":"recipe_difficulty","href":"https:\/\/www.emmentaler.ch\/de\/wp-json\/wp\/v2\/recipe_difficulty\/125"},{"embeddable":true,"taxonomy":"recipe_categories","href":"https:\/\/www.emmentaler.ch\/de\/wp-json\/wp\/v2\/recipe_categories\/86"},{"embeddable":true,"taxonomy":"recipe_preparation_time","href":"https:\/\/www.emmentaler.ch\/de\/wp-json\/wp\/v2\/recipe_preparation_time\/161"}],"acf:post":[{"embeddable":true,"href":"https:\/\/www.emmentaler.ch\/de\/wp-json\/wp\/v2\/pages\/5193"}],"wp:featuredmedia":[{"embeddable":true,"href":"https:\/\/www.emmentaler.ch\/de\/wp-json\/wp\/v2\/media\/23736"}],"wp:attachment":[{"href":"https:\/\/www.emmentaler.ch\/de\/wp-json\/wp\/v2\/media?parent=23720"}],"wp:term":[{"taxonomy":"post_tag","embeddable":true,"href":"https:\/\/www.emmentaler.ch\/de\/wp-json\/wp\/v2\/tags?post=23720"},{"taxonomy":"recipe_categories","embeddable":true,"href":"https:\/\/www.emmentaler.ch\/de\/wp-json\/wp\/v2\/recipe_categories?post=23720"},{"taxonomy":"et_countries","embeddable":true,"href":"https:\/\/www.emmentaler.ch\/de\/wp-json\/wp\/v2\/et_countries?post=23720"},{"taxonomy":"recipe_main_ingredient","embeddable":true,"href":"https:\/\/www.emmentaler.ch\/de\/wp-json\/wp\/v2\/recipe_main_ingredient?post=23720"},{"taxonomy":"recipe_difficulty","embeddable":true,"href":"https:\/\/www.emmentaler.ch\/de\/wp-json\/wp\/v2\/recipe_difficulty?post=23720"},{"taxonomy":"recipe_preparation_time","embeddable":true,"href":"https:\/\/www.emmentaler.ch\/de\/wp-json\/wp\/v2\/recipe_preparation_time?post=23720"},{"taxonomy":"recipe_diet_type","embeddable":true,"href":"https:\/\/www.emmentaler.ch\/de\/wp-json\/wp\/v2\/recipe_diet_type?post=23720"},{"taxonomy":"recipe_saison","embeddable":true,"href":"https:\/\/www.emmentaler.ch\/de\/wp-json\/wp\/v2\/recipe_saison?post=23720"}],"curies":[{"name":"wp","href":"https:\/\/api.w.org\/{rel}","templated":true}]}}

4 Zuckermaiskolben
7,5 dl Gemüsebouillon
50 g feiner Maisgriess
175 g geriebener Emmentaler AOP
Salz, Pfeffer
750 g gemischte Peperoni
1 rote Zwiebel
2 Knoblauchzehen
2 EL Olivenöl
2 Tomaten
2 EL guter Balsamicoessig
½ Bund flache Petersilie

Blätter und Haare von den Maiskolben entfernen. Körner mit einem Messer von den Kolben schneiden, dies ergibt ca. 500 g Körner. Bouillon mit den Maiskörner aufkochen, 20 Minuten zugedeckt köcheln. Alles möglichst fein pürieren. Maisgriess zufügen, weitere 10 Minuten köcheln, öfters umrühren. Emmentaler AOP daruntermischen, mit Salz und Pfeffer abschmecken.

Während die Polenta kocht, Peperoni halbieren, entkernen und in etwa 1 cm breite Streifen schneiden. Zwiebel halbieren und in feine Streifen schneiden. Knoblauch fein hacken. Olivenöl leicht erhitzen. Peperoni, Zwiebel und Knoblauch darin andünsten, mit Salz und Pfeffer würzen. Zugedeckt 15 Minuten garen. Tomaten in Würfel schneiden, mit 1 dl Wasser zufügen und in 10 Minuten fertig garen. Balsamicoessig zufügen und abschmecken. Petersilie grob hacken, darüber streuen.
