{"id":23843,"date":"2022-04-27T13:40:42","date_gmt":"2022-04-27T11:40:42","guid":{"rendered":"https:\/\/www.emmentaler.ch\/rezept\/polenta-mit-spinat-und-pilzen"},"modified":"2022-06-27T15:50:31","modified_gmt":"2022-06-27T13:50:31","slug":"polenta-mit-spinat-und-pilzen","status":"publish","type":"recipes","link":"https:\/\/www.emmentaler.ch\/de\/rezept\/polenta-mit-spinat-und-pilzen","title":{"rendered":"Polenta mit Spinat und Pilzen"},"author":2,"featured_media":23859,"menu_order":0,"template":"","meta":{"inline_featured_image":false},"tags":[],"recipe_categories":[86],"et_countries":[],"recipe_main_ingredient":[123],"recipe_difficulty":[126],"recipe_preparation_time":[156],"recipe_diet_type":[134,133,132],"recipe_saison":[138,137,136],"acf":{"recipe_preparation_time":156,"recipe_categories":86,"recipe_time_txt":"","recipe_type":5195,"recipe_difficulty":126,"recipe_diet_type":[134,133,132],"recipe_main_ingredient":[123],"recipe_saison":[138,137,136],"recipe_count_portions":4,"recipe_ingedients":[{"recipe_ingedients_amount":"","recipe_ingedients_unit":"g","recipe_ingedients_product":""}],"temporare_zutaten":"1,25 l Bouillon\r\n250 g Bramata Maisgriess\r\n175 g milder Emmentaler AOP\r\n500 g Blattspinat\r\nSalz\r\n250 g gemischte Pilze oder Champignons\r\n1 Zwiebel\r\n1 EL Oliven\u00f6l\r\n0,5 dl Sherry oder Weisswein\r\n0,5 dl Bouillon\r\nPfeffer, Muskatnuss","recipe_preparation":"Bouillon aufkochen. Maisgriess unter R\u00fchren einrieseln lassen. Unter gelegentlichem R\u00fchren 30-40 Minuten zugedeckt k\u00f6cheln. Emmentaler AOP in 1 cm kleine W\u00fcrfel schneiden.\r\n\r\nBlattspinat in viel kochendes Salzwasser geben. Sobald der Spinat zusammenf\u00e4llt, in ein Sieb giessen und kalt abschrecken.\r\n\r\nPilze halbieren oder vierteln. Zwiebel fein hacken. Oliven\u00f6l erhitzen, Pilze darin anbraten und mit Sherry abl\u00f6schen. 10 Minuten k\u00f6cheln, bis fast alle Fl\u00fcssigkeit eingekocht ist. Spinat etwas ausdr\u00fccken und unter die Pilze mischen. Bouillon zuf\u00fcgen und kurz erhitzen. Mit Salz, Pfeffer und Muskatnuss abschmecken.\r\n\r\nGut die H\u00e4lfte der K\u00e4sew\u00fcrfel unter die Polenta r\u00fchren. Polenta mit Pilz-Spinat anrichten, restliche K\u00e4sew\u00fcrfel dar\u00fcber streuen.","recipe_images":[23859]},"_links":{"self":[{"href":"https:\/\/www.emmentaler.ch\/de\/wp-json\/wp\/v2\/recipes\/23843"}],"collection":[{"href":"https:\/\/www.emmentaler.ch\/de\/wp-json\/wp\/v2\/recipes"}],"about":[{"href":"https:\/\/www.emmentaler.ch\/de\/wp-json\/wp\/v2\/types\/recipes"}],"author":[{"embeddable":true,"href":"https:\/\/www.emmentaler.ch\/de\/wp-json\/wp\/v2\/users\/2"}],"version-history":[{"count":0,"href":"https:\/\/www.emmentaler.ch\/de\/wp-json\/wp\/v2\/recipes\/23843\/revisions"}],"acf:attachment":[{"embeddable":true,"href":"https:\/\/www.emmentaler.ch\/de\/wp-json\/wp\/v2\/media\/23859"}],"acf:term":[{"embeddable":true,"taxonomy":"recipe_saison","href":"https:\/\/www.emmentaler.ch\/de\/wp-json\/wp\/v2\/recipe_saison\/136"},{"embeddable":true,"taxonomy":"recipe_saison","href":"https:\/\/www.emmentaler.ch\/de\/wp-json\/wp\/v2\/recipe_saison\/137"},{"embeddable":true,"taxonomy":"recipe_saison","href":"https:\/\/www.emmentaler.ch\/de\/wp-json\/wp\/v2\/recipe_saison\/138"},{"embeddable":true,"taxonomy":"recipe_main_ingredient","href":"https:\/\/www.emmentaler.ch\/de\/wp-json\/wp\/v2\/recipe_main_ingredient\/123"},{"embeddable":true,"taxonomy":"recipe_diet_type","href":"https:\/\/www.emmentaler.ch\/de\/wp-json\/wp\/v2\/recipe_diet_type\/132"},{"embeddable":true,"taxonomy":"recipe_diet_type","href":"https:\/\/www.emmentaler.ch\/de\/wp-json\/wp\/v2\/recipe_diet_type\/133"},{"embeddable":true,"taxonomy":"recipe_diet_type","href":"https:\/\/www.emmentaler.ch\/de\/wp-json\/wp\/v2\/recipe_diet_type\/134"},{"embeddable":true,"taxonomy":"recipe_difficulty","href":"https:\/\/www.emmentaler.ch\/de\/wp-json\/wp\/v2\/recipe_difficulty\/126"},{"embeddable":true,"taxonomy":"recipe_categories","href":"https:\/\/www.emmentaler.ch\/de\/wp-json\/wp\/v2\/recipe_categories\/86"},{"embeddable":true,"taxonomy":"recipe_preparation_time","href":"https:\/\/www.emmentaler.ch\/de\/wp-json\/wp\/v2\/recipe_preparation_time\/156"}],"acf:post":[{"embeddable":true,"href":"https:\/\/www.emmentaler.ch\/de\/wp-json\/wp\/v2\/pages\/5195"}],"wp:featuredmedia":[{"embeddable":true,"href":"https:\/\/www.emmentaler.ch\/de\/wp-json\/wp\/v2\/media\/23859"}],"wp:attachment":[{"href":"https:\/\/www.emmentaler.ch\/de\/wp-json\/wp\/v2\/media?parent=23843"}],"wp:term":[{"taxonomy":"post_tag","embeddable":true,"href":"https:\/\/www.emmentaler.ch\/de\/wp-json\/wp\/v2\/tags?post=23843"},{"taxonomy":"recipe_categories","embeddable":true,"href":"https:\/\/www.emmentaler.ch\/de\/wp-json\/wp\/v2\/recipe_categories?post=23843"},{"taxonomy":"et_countries","embeddable":true,"href":"https:\/\/www.emmentaler.ch\/de\/wp-json\/wp\/v2\/et_countries?post=23843"},{"taxonomy":"recipe_main_ingredient","embeddable":true,"href":"https:\/\/www.emmentaler.ch\/de\/wp-json\/wp\/v2\/recipe_main_ingredient?post=23843"},{"taxonomy":"recipe_difficulty","embeddable":true,"href":"https:\/\/www.emmentaler.ch\/de\/wp-json\/wp\/v2\/recipe_difficulty?post=23843"},{"taxonomy":"recipe_preparation_time","embeddable":true,"href":"https:\/\/www.emmentaler.ch\/de\/wp-json\/wp\/v2\/recipe_preparation_time?post=23843"},{"taxonomy":"recipe_diet_type","embeddable":true,"href":"https:\/\/www.emmentaler.ch\/de\/wp-json\/wp\/v2\/recipe_diet_type?post=23843"},{"taxonomy":"recipe_saison","embeddable":true,"href":"https:\/\/www.emmentaler.ch\/de\/wp-json\/wp\/v2\/recipe_saison?post=23843"}],"curies":[{"name":"wp","href":"https:\/\/api.w.org\/{rel}","templated":true}]}}

1,25 l Bouillon
250 g Bramata Maisgriess
175 g milder Emmentaler AOP
500 g Blattspinat
Salz
250 g gemischte Pilze oder Champignons
1 Zwiebel
1 EL Olivenöl
0,5 dl Sherry oder Weisswein
0,5 dl Bouillon
Pfeffer, Muskatnuss

Bouillon aufkochen. Maisgriess unter Rühren einrieseln lassen. Unter gelegentlichem Rühren 30-40 Minuten zugedeckt köcheln. Emmentaler AOP in 1 cm kleine Würfel schneiden.

Blattspinat in viel kochendes Salzwasser geben. Sobald der Spinat zusammenfällt, in ein Sieb giessen und kalt abschrecken.

Pilze halbieren oder vierteln. Zwiebel fein hacken. Olivenöl erhitzen, Pilze darin anbraten und mit Sherry ablöschen. 10 Minuten köcheln, bis fast alle Flüssigkeit eingekocht ist. Spinat etwas ausdrücken und unter die Pilze mischen. Bouillon zufügen und kurz erhitzen. Mit Salz, Pfeffer und Muskatnuss abschmecken.

Gut die Hälfte der Käsewürfel unter die Polenta rühren. Polenta mit Pilz-Spinat anrichten, restliche Käsewürfel darüber streuen.
