{"id":23874,"date":"2022-04-27T13:40:42","date_gmt":"2022-04-27T11:40:42","guid":{"rendered":"https:\/\/www.emmentaler.ch\/rezept\/emmentaler-aop-tatar"},"modified":"2024-07-24T13:15:05","modified_gmt":"2024-07-24T11:15:05","slug":"emmentaler-aop-tatar","status":"publish","type":"recipes","link":"https:\/\/www.emmentaler.ch\/de\/rezept\/emmentaler-aop-tatar","title":{"rendered":"Emmentaler AOP-Tatar"},"author":2,"featured_media":23890,"menu_order":0,"template":"","meta":{"inline_featured_image":false},"tags":[788],"recipe_categories":[149],"et_countries":[],"recipe_main_ingredient":[124,123],"recipe_difficulty":[125],"recipe_preparation_time":[151],"recipe_diet_type":[134,132],"recipe_saison":[143],"acf":{"recipe_preparation_time":151,"recipe_categories":149,"recipe_time_txt":"","recipe_type":5195,"recipe_difficulty":125,"recipe_diet_type":[134,132],"recipe_main_ingredient":[124,123],"recipe_saison":[143],"recipe_count_portions":4,"recipe_ingedients":[{"recipe_ingedients_amount":"","recipe_ingedients_unit":"g","recipe_ingedients_product":""}],"temporare_zutaten":"2 EL Haseln\u00fcsse\r\n250 g Emmentaler AOP\r\n1 kleine rote Peperoni\r\n100 g getrocknete Aprikosen\r\n1-2 Fr\u00fchlingszwiebeln\r\n125 g Halbfettquark\r\n1 EL Senf\r\n1 EL Majoran\r\nSalz, Pfeffer","recipe_preparation":"Haseln\u00fcsse in einer Bratpfanne ohne Fett ein paar Minuten r\u00f6sten, grob hacken. Emmentaler AOP, Peperoni und Aprikosen in etwa 1 cm kleine W\u00fcrfel schneiden. Fr\u00fchlingszwiebeln inklusive gr\u00fcner R\u00f6hren fein hacken.\r\n\r\nQuark mit Senf und Majoran verr\u00fchren. Alle Zutaten zum Quark geben, mit Salz und Pfeffer w\u00fcrzen und gut vermischen.\r\n\r\n4 Tassen mit Klarsichtfolie auslegen. Emmentaler AOP-Tatar einf\u00fcllen und etwas festdr\u00fccken. Auf Teller st\u00fcrzen, Tasse und Folie entfernen.\r\n\r\nMit Brot oder geschwellten Kartoffeln servieren.","recipe_images":[23890]},"_links":{"self":[{"href":"https:\/\/www.emmentaler.ch\/de\/wp-json\/wp\/v2\/recipes\/23874"}],"collection":[{"href":"https:\/\/www.emmentaler.ch\/de\/wp-json\/wp\/v2\/recipes"}],"about":[{"href":"https:\/\/www.emmentaler.ch\/de\/wp-json\/wp\/v2\/types\/recipes"}],"author":[{"embeddable":true,"href":"https:\/\/www.emmentaler.ch\/de\/wp-json\/wp\/v2\/users\/2"}],"version-history":[{"count":1,"href":"https:\/\/www.emmentaler.ch\/de\/wp-json\/wp\/v2\/recipes\/23874\/revisions"}],"predecessor-version":[{"id":137827,"href":"https:\/\/www.emmentaler.ch\/de\/wp-json\/wp\/v2\/recipes\/23874\/revisions\/137827"}],"acf:attachment":[{"embeddable":true,"href":"https:\/\/www.emmentaler.ch\/de\/wp-json\/wp\/v2\/media\/23890"}],"acf:term":[{"embeddable":true,"taxonomy":"recipe_saison","href":"https:\/\/www.emmentaler.ch\/de\/wp-json\/wp\/v2\/recipe_saison\/143"},{"embeddable":true,"taxonomy":"recipe_main_ingredient","href":"https:\/\/www.emmentaler.ch\/de\/wp-json\/wp\/v2\/recipe_main_ingredient\/123"},{"embeddable":true,"taxonomy":"recipe_main_ingredient","href":"https:\/\/www.emmentaler.ch\/de\/wp-json\/wp\/v2\/recipe_main_ingredient\/124"},{"embeddable":true,"taxonomy":"recipe_diet_type","href":"https:\/\/www.emmentaler.ch\/de\/wp-json\/wp\/v2\/recipe_diet_type\/132"},{"embeddable":true,"taxonomy":"recipe_diet_type","href":"https:\/\/www.emmentaler.ch\/de\/wp-json\/wp\/v2\/recipe_diet_type\/134"},{"embeddable":true,"taxonomy":"recipe_difficulty","href":"https:\/\/www.emmentaler.ch\/de\/wp-json\/wp\/v2\/recipe_difficulty\/125"},{"embeddable":true,"taxonomy":"recipe_categories","href":"https:\/\/www.emmentaler.ch\/de\/wp-json\/wp\/v2\/recipe_categories\/149"},{"embeddable":true,"taxonomy":"recipe_preparation_time","href":"https:\/\/www.emmentaler.ch\/de\/wp-json\/wp\/v2\/recipe_preparation_time\/151"}],"acf:post":[{"embeddable":true,"href":"https:\/\/www.emmentaler.ch\/de\/wp-json\/wp\/v2\/pages\/5195"}],"wp:featuredmedia":[{"embeddable":true,"href":"https:\/\/www.emmentaler.ch\/de\/wp-json\/wp\/v2\/media\/23890"}],"wp:attachment":[{"href":"https:\/\/www.emmentaler.ch\/de\/wp-json\/wp\/v2\/media?parent=23874"}],"wp:term":[{"taxonomy":"post_tag","embeddable":true,"href":"https:\/\/www.emmentaler.ch\/de\/wp-json\/wp\/v2\/tags?post=23874"},{"taxonomy":"recipe_categories","embeddable":true,"href":"https:\/\/www.emmentaler.ch\/de\/wp-json\/wp\/v2\/recipe_categories?post=23874"},{"taxonomy":"et_countries","embeddable":true,"href":"https:\/\/www.emmentaler.ch\/de\/wp-json\/wp\/v2\/et_countries?post=23874"},{"taxonomy":"recipe_main_ingredient","embeddable":true,"href":"https:\/\/www.emmentaler.ch\/de\/wp-json\/wp\/v2\/recipe_main_ingredient?post=23874"},{"taxonomy":"recipe_difficulty","embeddable":true,"href":"https:\/\/www.emmentaler.ch\/de\/wp-json\/wp\/v2\/recipe_difficulty?post=23874"},{"taxonomy":"recipe_preparation_time","embeddable":true,"href":"https:\/\/www.emmentaler.ch\/de\/wp-json\/wp\/v2\/recipe_preparation_time?post=23874"},{"taxonomy":"recipe_diet_type","embeddable":true,"href":"https:\/\/www.emmentaler.ch\/de\/wp-json\/wp\/v2\/recipe_diet_type?post=23874"},{"taxonomy":"recipe_saison","embeddable":true,"href":"https:\/\/www.emmentaler.ch\/de\/wp-json\/wp\/v2\/recipe_saison?post=23874"}],"curies":[{"name":"wp","href":"https:\/\/api.w.org\/{rel}","templated":true}]}}

2 EL Haselnüsse
250 g Emmentaler AOP
1 kleine rote Peperoni
100 g getrocknete Aprikosen
1-2 Frühlingszwiebeln
125 g Halbfettquark
1 EL Senf
1 EL Majoran
Salz, Pfeffer

Haselnüsse in einer Bratpfanne ohne Fett ein paar Minuten rösten, grob hacken. Emmentaler AOP, Peperoni und Aprikosen in etwa 1 cm kleine Würfel schneiden. Frühlingszwiebeln inklusive grüner Röhren fein hacken.

Quark mit Senf und Majoran verrühren. Alle Zutaten zum Quark geben, mit Salz und Pfeffer würzen und gut vermischen.

4 Tassen mit Klarsichtfolie auslegen. Emmentaler AOP-Tatar einfüllen und etwas festdrücken. Auf Teller stürzen, Tasse und Folie entfernen.

Mit Brot oder geschwellten Kartoffeln servieren.
