{"id":24058,"date":"2022-04-27T13:40:42","date_gmt":"2022-04-27T11:40:42","guid":{"rendered":"https:\/\/www.emmentaler.ch\/rezept\/risotto-mit-orangen-rucola"},"modified":"2022-06-28T11:55:01","modified_gmt":"2022-06-28T09:55:01","slug":"risotto-mit-orangen-rucola","status":"publish","type":"recipes","link":"https:\/\/www.emmentaler.ch\/de\/rezept\/risotto-mit-orangen-rucola","title":{"rendered":"Risotto mit Orangen, Rucola"},"author":2,"featured_media":24074,"menu_order":0,"template":"","meta":{"inline_featured_image":false},"tags":[],"recipe_categories":[86],"et_countries":[],"recipe_main_ingredient":[123],"recipe_difficulty":[126],"recipe_preparation_time":[436],"recipe_diet_type":[133,132],"recipe_saison":[142,138,136],"acf":{"recipe_preparation_time":436,"recipe_categories":86,"recipe_time_txt":"","recipe_type":5193,"recipe_difficulty":126,"recipe_diet_type":[133,132],"recipe_main_ingredient":[123],"recipe_saison":[142,138,136],"recipe_count_portions":4,"recipe_ingedients":[{"recipe_ingedients_amount":"","recipe_ingedients_unit":"g","recipe_ingedients_product":""}],"temporare_zutaten":"300 g Knollensellerie\r\n1 Zwiebel\r\n1 Knoblauchzehe\r\n1 EL Oliven\u00f6l\r\n400 g Risottoreis z.B. Carnaroli, Arborio\r\nca. 1,2 l heisse Gem\u00fcsebouillon\r\n25 g Pinienkerne\r\n2 Orangen mit unbehandelter Schale\r\n125 g Emmentaler AOP\r\n50 g Rucola\r\nSalz, Pfeffer","recipe_preparation":"Knollensellerie r\u00fcsten, in etwa 1 \u00bd cm grosse W\u00fcrfel schneiden. Zwiebel und Knoblauch fein hacken. \u00d6l erhitzen, Sellerie, Zwiebel und Knoblauch darin and\u00fcnsten. Reis zuf\u00fcgen, d\u00fcnsten bis er glasig ist. Bouillon unter gelegentlichem R\u00fchren nach und nach dazugiessen, etwa 20 Minuten k\u00f6cheln.\r\n\r\nW\u00e4hrend der Reis kocht, Pinienkerne in einer Pfanne goldbraun r\u00f6sten. Die Schale von einer Orange d\u00fcnn abreiben. Von beiden Orangen die Schale mit einem Messer bis aufs Fruchtfleisch wegschneiden. Einzelne Filets zwischen den Trennh\u00e4uten herausl\u00f6sen. Emmentaler AOP fein reiben. Pinienkerne, Orangenfilets, Rucola und Emmentaler AOP unter den Reis r\u00fchren. Risotto mit Salz und Pfeffer abschmecken und sofort servieren.","recipe_images":[24074]},"_links":{"self":[{"href":"https:\/\/www.emmentaler.ch\/de\/wp-json\/wp\/v2\/recipes\/24058"}],"collection":[{"href":"https:\/\/www.emmentaler.ch\/de\/wp-json\/wp\/v2\/recipes"}],"about":[{"href":"https:\/\/www.emmentaler.ch\/de\/wp-json\/wp\/v2\/types\/recipes"}],"author":[{"embeddable":true,"href":"https:\/\/www.emmentaler.ch\/de\/wp-json\/wp\/v2\/users\/2"}],"version-history":[{"count":0,"href":"https:\/\/www.emmentaler.ch\/de\/wp-json\/wp\/v2\/recipes\/24058\/revisions"}],"acf:attachment":[{"embeddable":true,"href":"https:\/\/www.emmentaler.ch\/de\/wp-json\/wp\/v2\/media\/24074"}],"acf:term":[{"embeddable":true,"taxonomy":"recipe_saison","href":"https:\/\/www.emmentaler.ch\/de\/wp-json\/wp\/v2\/recipe_saison\/136"},{"embeddable":true,"taxonomy":"recipe_saison","href":"https:\/\/www.emmentaler.ch\/de\/wp-json\/wp\/v2\/recipe_saison\/138"},{"embeddable":true,"taxonomy":"recipe_saison","href":"https:\/\/www.emmentaler.ch\/de\/wp-json\/wp\/v2\/recipe_saison\/142"},{"embeddable":true,"taxonomy":"recipe_main_ingredient","href":"https:\/\/www.emmentaler.ch\/de\/wp-json\/wp\/v2\/recipe_main_ingredient\/123"},{"embeddable":true,"taxonomy":"recipe_diet_type","href":"https:\/\/www.emmentaler.ch\/de\/wp-json\/wp\/v2\/recipe_diet_type\/132"},{"embeddable":true,"taxonomy":"recipe_diet_type","href":"https:\/\/www.emmentaler.ch\/de\/wp-json\/wp\/v2\/recipe_diet_type\/133"},{"embeddable":true,"taxonomy":"recipe_difficulty","href":"https:\/\/www.emmentaler.ch\/de\/wp-json\/wp\/v2\/recipe_difficulty\/126"},{"embeddable":true,"taxonomy":"recipe_categories","href":"https:\/\/www.emmentaler.ch\/de\/wp-json\/wp\/v2\/recipe_categories\/86"},{"embeddable":true,"taxonomy":"recipe_preparation_time","href":"https:\/\/www.emmentaler.ch\/de\/wp-json\/wp\/v2\/recipe_preparation_time\/436"}],"acf:post":[{"embeddable":true,"href":"https:\/\/www.emmentaler.ch\/de\/wp-json\/wp\/v2\/pages\/5193"}],"wp:featuredmedia":[{"embeddable":true,"href":"https:\/\/www.emmentaler.ch\/de\/wp-json\/wp\/v2\/media\/24074"}],"wp:attachment":[{"href":"https:\/\/www.emmentaler.ch\/de\/wp-json\/wp\/v2\/media?parent=24058"}],"wp:term":[{"taxonomy":"post_tag","embeddable":true,"href":"https:\/\/www.emmentaler.ch\/de\/wp-json\/wp\/v2\/tags?post=24058"},{"taxonomy":"recipe_categories","embeddable":true,"href":"https:\/\/www.emmentaler.ch\/de\/wp-json\/wp\/v2\/recipe_categories?post=24058"},{"taxonomy":"et_countries","embeddable":true,"href":"https:\/\/www.emmentaler.ch\/de\/wp-json\/wp\/v2\/et_countries?post=24058"},{"taxonomy":"recipe_main_ingredient","embeddable":true,"href":"https:\/\/www.emmentaler.ch\/de\/wp-json\/wp\/v2\/recipe_main_ingredient?post=24058"},{"taxonomy":"recipe_difficulty","embeddable":true,"href":"https:\/\/www.emmentaler.ch\/de\/wp-json\/wp\/v2\/recipe_difficulty?post=24058"},{"taxonomy":"recipe_preparation_time","embeddable":true,"href":"https:\/\/www.emmentaler.ch\/de\/wp-json\/wp\/v2\/recipe_preparation_time?post=24058"},{"taxonomy":"recipe_diet_type","embeddable":true,"href":"https:\/\/www.emmentaler.ch\/de\/wp-json\/wp\/v2\/recipe_diet_type?post=24058"},{"taxonomy":"recipe_saison","embeddable":true,"href":"https:\/\/www.emmentaler.ch\/de\/wp-json\/wp\/v2\/recipe_saison?post=24058"}],"curies":[{"name":"wp","href":"https:\/\/api.w.org\/{rel}","templated":true}]}}

300 g Knollensellerie
1 Zwiebel
1 Knoblauchzehe
1 EL Olivenöl
400 g Risottoreis z.B. Carnaroli, Arborio
ca. 1,2 l heisse Gemüsebouillon
25 g Pinienkerne
2 Orangen mit unbehandelter Schale
125 g Emmentaler AOP
50 g Rucola
Salz, Pfeffer

Knollensellerie rüsten, in etwa 1 ½ cm grosse Würfel schneiden. Zwiebel und Knoblauch fein hacken. Öl erhitzen, Sellerie, Zwiebel und Knoblauch darin andünsten. Reis zufügen, dünsten bis er glasig ist. Bouillon unter gelegentlichem Rühren nach und nach dazugiessen, etwa 20 Minuten köcheln.

Während der Reis kocht, Pinienkerne in einer Pfanne goldbraun rösten. Die Schale von einer Orange dünn abreiben. Von beiden Orangen die Schale mit einem Messer bis aufs Fruchtfleisch wegschneiden. Einzelne Filets zwischen den Trennhäuten herauslösen. Emmentaler AOP fein reiben. Pinienkerne, Orangenfilets, Rucola und Emmentaler AOP unter den Reis rühren. Risotto mit Salz und Pfeffer abschmecken und sofort servieren.
