{"id":24151,"date":"2022-04-27T13:41:19","date_gmt":"2022-04-27T11:41:19","guid":{"rendered":"https:\/\/www.emmentaler.ch\/rezept\/rotwein-risotto-mit-radicchio"},"modified":"2022-06-27T15:34:21","modified_gmt":"2022-06-27T13:34:21","slug":"rotwein-risotto-mit-radicchio","status":"publish","type":"recipes","link":"https:\/\/www.emmentaler.ch\/de\/rezept\/rotwein-risotto-mit-radicchio","title":{"rendered":"Rotwein-Risotto mit Radicchio"},"author":2,"featured_media":24167,"menu_order":0,"template":"","meta":{"inline_featured_image":false},"tags":[],"recipe_categories":[86],"et_countries":[],"recipe_main_ingredient":[123],"recipe_difficulty":[126],"recipe_preparation_time":[156],"recipe_diet_type":[134,133,132],"recipe_saison":[138,137,136],"acf":{"recipe_preparation_time":156,"recipe_categories":86,"recipe_time_txt":"","recipe_type":5195,"recipe_difficulty":126,"recipe_diet_type":[134,133,132],"recipe_main_ingredient":[123],"recipe_saison":[138,137,136],"recipe_count_portions":4,"recipe_ingedients":[{"recipe_ingedients_amount":"","recipe_ingedients_unit":"g","recipe_ingedients_product":""}],"temporare_zutaten":"1 Schalotte\r\n1 Knoblauchzehe\r\n3 St\u00e4ngel Stangensellerie\r\n3 EL Oliven\u00f6l\r\n400 g Risottoreis\r\n3 dl Rotwein\r\n6 dl heisse Gem\u00fcsebouillon\r\n150 g Emmentaler AOP\r\n400 g Radicchio\r\n1 EL Zucker\r\n3 EL Zitronensaft\r\nSalz, Pfeffer","recipe_preparation":"Schalotte und Knoblauch fein hacken. Stangensellerie in 5 mm d\u00fcnne Scheiben schneiden. \u00d6l erhitzen, Schalotte und Knoblauch kurz darin d\u00fcnsten. Reis zuf\u00fcgen und glasig d\u00fcnsten, mit Rotwein abl\u00f6schen, eink\u00f6cheln lassen. Bouillon unter gelegentlichem R\u00fchren nach und nach dazugiessen, etwa 20 Minuten k\u00f6cheln. Stangensellerie in den letzten 5 Minuten mitk\u00f6cheln.\r\n\r\nEmmentaler AOP in etwa 7 mm kleine W\u00fcrfel schneiden. Radicchio vierteln, Strunk entfernen und in Streifen schneiden. Zucker in einer Bratpfanne karamellisieren. Zitronensaft und ca. 0,5 dl Wasser beif\u00fcgen, k\u00f6cheln bis sich der Karamell aufgel\u00f6st hat. Radicchio beif\u00fcgen und kurz darin wenden, bis er ein wenig zusammenf\u00e4llt.\r\n\r\nK\u00e4sew\u00fcrfel und Radicchio unter den Risotto mischen, mit Salz und Pfeffer abschmecken.","recipe_images":[24167]},"_links":{"self":[{"href":"https:\/\/www.emmentaler.ch\/de\/wp-json\/wp\/v2\/recipes\/24151"}],"collection":[{"href":"https:\/\/www.emmentaler.ch\/de\/wp-json\/wp\/v2\/recipes"}],"about":[{"href":"https:\/\/www.emmentaler.ch\/de\/wp-json\/wp\/v2\/types\/recipes"}],"author":[{"embeddable":true,"href":"https:\/\/www.emmentaler.ch\/de\/wp-json\/wp\/v2\/users\/2"}],"version-history":[{"count":0,"href":"https:\/\/www.emmentaler.ch\/de\/wp-json\/wp\/v2\/recipes\/24151\/revisions"}],"acf:attachment":[{"embeddable":true,"href":"https:\/\/www.emmentaler.ch\/de\/wp-json\/wp\/v2\/media\/24167"}],"acf:term":[{"embeddable":true,"taxonomy":"recipe_saison","href":"https:\/\/www.emmentaler.ch\/de\/wp-json\/wp\/v2\/recipe_saison\/136"},{"embeddable":true,"taxonomy":"recipe_saison","href":"https:\/\/www.emmentaler.ch\/de\/wp-json\/wp\/v2\/recipe_saison\/137"},{"embeddable":true,"taxonomy":"recipe_saison","href":"https:\/\/www.emmentaler.ch\/de\/wp-json\/wp\/v2\/recipe_saison\/138"},{"embeddable":true,"taxonomy":"recipe_main_ingredient","href":"https:\/\/www.emmentaler.ch\/de\/wp-json\/wp\/v2\/recipe_main_ingredient\/123"},{"embeddable":true,"taxonomy":"recipe_diet_type","href":"https:\/\/www.emmentaler.ch\/de\/wp-json\/wp\/v2\/recipe_diet_type\/132"},{"embeddable":true,"taxonomy":"recipe_diet_type","href":"https:\/\/www.emmentaler.ch\/de\/wp-json\/wp\/v2\/recipe_diet_type\/133"},{"embeddable":true,"taxonomy":"recipe_diet_type","href":"https:\/\/www.emmentaler.ch\/de\/wp-json\/wp\/v2\/recipe_diet_type\/134"},{"embeddable":true,"taxonomy":"recipe_difficulty","href":"https:\/\/www.emmentaler.ch\/de\/wp-json\/wp\/v2\/recipe_difficulty\/126"},{"embeddable":true,"taxonomy":"recipe_categories","href":"https:\/\/www.emmentaler.ch\/de\/wp-json\/wp\/v2\/recipe_categories\/86"},{"embeddable":true,"taxonomy":"recipe_preparation_time","href":"https:\/\/www.emmentaler.ch\/de\/wp-json\/wp\/v2\/recipe_preparation_time\/156"}],"acf:post":[{"embeddable":true,"href":"https:\/\/www.emmentaler.ch\/de\/wp-json\/wp\/v2\/pages\/5195"}],"wp:featuredmedia":[{"embeddable":true,"href":"https:\/\/www.emmentaler.ch\/de\/wp-json\/wp\/v2\/media\/24167"}],"wp:attachment":[{"href":"https:\/\/www.emmentaler.ch\/de\/wp-json\/wp\/v2\/media?parent=24151"}],"wp:term":[{"taxonomy":"post_tag","embeddable":true,"href":"https:\/\/www.emmentaler.ch\/de\/wp-json\/wp\/v2\/tags?post=24151"},{"taxonomy":"recipe_categories","embeddable":true,"href":"https:\/\/www.emmentaler.ch\/de\/wp-json\/wp\/v2\/recipe_categories?post=24151"},{"taxonomy":"et_countries","embeddable":true,"href":"https:\/\/www.emmentaler.ch\/de\/wp-json\/wp\/v2\/et_countries?post=24151"},{"taxonomy":"recipe_main_ingredient","embeddable":true,"href":"https:\/\/www.emmentaler.ch\/de\/wp-json\/wp\/v2\/recipe_main_ingredient?post=24151"},{"taxonomy":"recipe_difficulty","embeddable":true,"href":"https:\/\/www.emmentaler.ch\/de\/wp-json\/wp\/v2\/recipe_difficulty?post=24151"},{"taxonomy":"recipe_preparation_time","embeddable":true,"href":"https:\/\/www.emmentaler.ch\/de\/wp-json\/wp\/v2\/recipe_preparation_time?post=24151"},{"taxonomy":"recipe_diet_type","embeddable":true,"href":"https:\/\/www.emmentaler.ch\/de\/wp-json\/wp\/v2\/recipe_diet_type?post=24151"},{"taxonomy":"recipe_saison","embeddable":true,"href":"https:\/\/www.emmentaler.ch\/de\/wp-json\/wp\/v2\/recipe_saison?post=24151"}],"curies":[{"name":"wp","href":"https:\/\/api.w.org\/{rel}","templated":true}]}}

1 Schalotte
1 Knoblauchzehe
3 Stängel Stangensellerie
3 EL Olivenöl
400 g Risottoreis
3 dl Rotwein
6 dl heisse Gemüsebouillon
150 g Emmentaler AOP
400 g Radicchio
1 EL Zucker
3 EL Zitronensaft
Salz, Pfeffer

Schalotte und Knoblauch fein hacken. Stangensellerie in 5 mm dünne Scheiben schneiden. Öl erhitzen, Schalotte und Knoblauch kurz darin dünsten. Reis zufügen und glasig dünsten, mit Rotwein ablöschen, einköcheln lassen. Bouillon unter gelegentlichem Rühren nach und nach dazugiessen, etwa 20 Minuten köcheln. Stangensellerie in den letzten 5 Minuten mitköcheln.

Emmentaler AOP in etwa 7 mm kleine Würfel schneiden. Radicchio vierteln, Strunk entfernen und in Streifen schneiden. Zucker in einer Bratpfanne karamellisieren. Zitronensaft und ca. 0,5 dl Wasser beifügen, köcheln bis sich der Karamell aufgelöst hat. Radicchio beifügen und kurz darin wenden, bis er ein wenig zusammenfällt.

Käsewürfel und Radicchio unter den Risotto mischen, mit Salz und Pfeffer abschmecken.
