{"id":24335,"date":"2022-04-27T13:41:19","date_gmt":"2022-04-27T11:41:19","guid":{"rendered":"https:\/\/www.emmentaler.ch\/rezept\/safrannudeln-mit-zucchettisauce-und-emmentaler-aop"},"modified":"2024-07-24T13:29:07","modified_gmt":"2024-07-24T11:29:07","slug":"safrannudeln-mit-zucchettisauce","status":"publish","type":"recipes","link":"https:\/\/www.emmentaler.ch\/de\/rezept\/safrannudeln-mit-zucchettisauce","title":{"rendered":"Safrannudeln mit Zucchettisauce"},"author":2,"featured_media":24351,"menu_order":0,"template":"","meta":{"inline_featured_image":false},"tags":[],"recipe_categories":[86],"et_countries":[],"recipe_main_ingredient":[123],"recipe_difficulty":[125],"recipe_preparation_time":[156],"recipe_diet_type":[133,132],"recipe_saison":[138,137,135],"acf":{"recipe_preparation_time":156,"recipe_categories":86,"recipe_time_txt":"","recipe_type":216,"recipe_difficulty":125,"recipe_diet_type":[133,132],"recipe_main_ingredient":[123],"recipe_saison":[138,137,135],"recipe_count_portions":4,"recipe_ingedients":[{"recipe_ingedients_amount":"","recipe_ingedients_unit":"g","recipe_ingedients_product":""}],"temporare_zutaten":"500 g Zucchetti\r\n1 Zwiebel\r\n2 Knoblauchzehen\r\n3 EL Oliven\u00f6l\r\n1 dl Gem\u00fcsebouillon\r\n250 g Cherrytomaten\r\n150 g rezenter Emmentaler AOP\r\n1 Bund flache Petersilie\r\n1 Bund Basilikum\r\nSalz, Pfeffer\r\n300 g Safrannudeln oder normale Nudeln","recipe_preparation":"Zucchetti w\u00fcrfeln. Zwiebel und Knoblauchzehen fein hacken. 2 Essl\u00f6ffel \u00d6l in einer Pfanne erhitzen, Zucchetti, Zwiebeln und Knoblauch darin 3 Minuten and\u00fcnsten. Bouillon dazugiessen, zugedeckt 7-10 Minuten sehr weich garen.\r\n\r\nTomaten halbieren. Mit einem Sparsch\u00e4ler vom Emmentaler AOP ca. 50 g Sp\u00e4ne wegschneiden, restlichen K\u00e4se fein reiben. Einige Petersilienbl\u00e4tter f\u00fcr die Garnitur beiseitelegen, \u00fcbrige Petersilie und Basilikum fein hacken. Kr\u00e4uter zu den Zucchetti geben und alles p\u00fcrieren, falls n\u00f6tig mit etwas Wasser verd\u00fcnnen. Geriebener Emmentaler AOP zuf\u00fcgen, mit Salz und Pfeffer abschmecken.\r\n\r\nSafrannudeln nach Packungsangabe kochen. Tomaten im restlichen \u00d6l kurz erw\u00e4rmen. Abgetropfte Nudeln mit Sauce und Tomaten anrichten, mit K\u00e4sesp\u00e4nen garnieren.","recipe_images":[24351]},"_links":{"self":[{"href":"https:\/\/www.emmentaler.ch\/de\/wp-json\/wp\/v2\/recipes\/24335"}],"collection":[{"href":"https:\/\/www.emmentaler.ch\/de\/wp-json\/wp\/v2\/recipes"}],"about":[{"href":"https:\/\/www.emmentaler.ch\/de\/wp-json\/wp\/v2\/types\/recipes"}],"author":[{"embeddable":true,"href":"https:\/\/www.emmentaler.ch\/de\/wp-json\/wp\/v2\/users\/2"}],"version-history":[{"count":1,"href":"https:\/\/www.emmentaler.ch\/de\/wp-json\/wp\/v2\/recipes\/24335\/revisions"}],"predecessor-version":[{"id":137821,"href":"https:\/\/www.emmentaler.ch\/de\/wp-json\/wp\/v2\/recipes\/24335\/revisions\/137821"}],"acf:attachment":[{"embeddable":true,"href":"https:\/\/www.emmentaler.ch\/de\/wp-json\/wp\/v2\/media\/24351"}],"acf:term":[{"embeddable":true,"taxonomy":"recipe_saison","href":"https:\/\/www.emmentaler.ch\/de\/wp-json\/wp\/v2\/recipe_saison\/135"},{"embeddable":true,"taxonomy":"recipe_saison","href":"https:\/\/www.emmentaler.ch\/de\/wp-json\/wp\/v2\/recipe_saison\/137"},{"embeddable":true,"taxonomy":"recipe_saison","href":"https:\/\/www.emmentaler.ch\/de\/wp-json\/wp\/v2\/recipe_saison\/138"},{"embeddable":true,"taxonomy":"recipe_main_ingredient","href":"https:\/\/www.emmentaler.ch\/de\/wp-json\/wp\/v2\/recipe_main_ingredient\/123"},{"embeddable":true,"taxonomy":"recipe_diet_type","href":"https:\/\/www.emmentaler.ch\/de\/wp-json\/wp\/v2\/recipe_diet_type\/132"},{"embeddable":true,"taxonomy":"recipe_diet_type","href":"https:\/\/www.emmentaler.ch\/de\/wp-json\/wp\/v2\/recipe_diet_type\/133"},{"embeddable":true,"taxonomy":"recipe_difficulty","href":"https:\/\/www.emmentaler.ch\/de\/wp-json\/wp\/v2\/recipe_difficulty\/125"},{"embeddable":true,"taxonomy":"recipe_categories","href":"https:\/\/www.emmentaler.ch\/de\/wp-json\/wp\/v2\/recipe_categories\/86"},{"embeddable":true,"taxonomy":"recipe_preparation_time","href":"https:\/\/www.emmentaler.ch\/de\/wp-json\/wp\/v2\/recipe_preparation_time\/156"}],"acf:post":[{"embeddable":true,"href":"https:\/\/www.emmentaler.ch\/de\/wp-json\/wp\/v2\/pages\/216"}],"wp:featuredmedia":[{"embeddable":true,"href":"https:\/\/www.emmentaler.ch\/de\/wp-json\/wp\/v2\/media\/24351"}],"wp:attachment":[{"href":"https:\/\/www.emmentaler.ch\/de\/wp-json\/wp\/v2\/media?parent=24335"}],"wp:term":[{"taxonomy":"post_tag","embeddable":true,"href":"https:\/\/www.emmentaler.ch\/de\/wp-json\/wp\/v2\/tags?post=24335"},{"taxonomy":"recipe_categories","embeddable":true,"href":"https:\/\/www.emmentaler.ch\/de\/wp-json\/wp\/v2\/recipe_categories?post=24335"},{"taxonomy":"et_countries","embeddable":true,"href":"https:\/\/www.emmentaler.ch\/de\/wp-json\/wp\/v2\/et_countries?post=24335"},{"taxonomy":"recipe_main_ingredient","embeddable":true,"href":"https:\/\/www.emmentaler.ch\/de\/wp-json\/wp\/v2\/recipe_main_ingredient?post=24335"},{"taxonomy":"recipe_difficulty","embeddable":true,"href":"https:\/\/www.emmentaler.ch\/de\/wp-json\/wp\/v2\/recipe_difficulty?post=24335"},{"taxonomy":"recipe_preparation_time","embeddable":true,"href":"https:\/\/www.emmentaler.ch\/de\/wp-json\/wp\/v2\/recipe_preparation_time?post=24335"},{"taxonomy":"recipe_diet_type","embeddable":true,"href":"https:\/\/www.emmentaler.ch\/de\/wp-json\/wp\/v2\/recipe_diet_type?post=24335"},{"taxonomy":"recipe_saison","embeddable":true,"href":"https:\/\/www.emmentaler.ch\/de\/wp-json\/wp\/v2\/recipe_saison?post=24335"}],"curies":[{"name":"wp","href":"https:\/\/api.w.org\/{rel}","templated":true}]}}

500 g Zucchetti
1 Zwiebel
2 Knoblauchzehen
3 EL Olivenöl
1 dl Gemüsebouillon
250 g Cherrytomaten
150 g rezenter Emmentaler AOP
1 Bund flache Petersilie
1 Bund Basilikum
Salz, Pfeffer
300 g Safrannudeln oder normale Nudeln

Zucchetti würfeln. Zwiebel und Knoblauchzehen fein hacken. 2 Esslöffel Öl in einer Pfanne erhitzen, Zucchetti, Zwiebeln und Knoblauch darin 3 Minuten andünsten. Bouillon dazugiessen, zugedeckt 7-10 Minuten sehr weich garen.

Tomaten halbieren. Mit einem Sparschäler vom Emmentaler AOP ca. 50 g Späne wegschneiden, restlichen Käse fein reiben. Einige Petersilienblätter für die Garnitur beiseitelegen, übrige Petersilie und Basilikum fein hacken. Kräuter zu den Zucchetti geben und alles pürieren, falls nötig mit etwas Wasser verdünnen. Geriebener Emmentaler AOP zufügen, mit Salz und Pfeffer abschmecken.

Safrannudeln nach Packungsangabe kochen. Tomaten im restlichen Öl kurz erwärmen. Abgetropfte Nudeln mit Sauce und Tomaten anrichten, mit Käsespänen garnieren.
