{"id":24428,"date":"2022-04-27T13:41:19","date_gmt":"2022-04-27T11:41:19","guid":{"rendered":"https:\/\/www.emmentaler.ch\/rezept\/spargel-basilikumgratin"},"modified":"2024-07-24T13:33:44","modified_gmt":"2024-07-24T11:33:44","slug":"spargel-basilikumgratin","status":"publish","type":"recipes","link":"https:\/\/www.emmentaler.ch\/de\/rezept\/spargel-basilikumgratin","title":{"rendered":"Spargel-Basilikumgratin"},"author":2,"featured_media":24444,"menu_order":0,"template":"","meta":{"inline_featured_image":false},"tags":[],"recipe_categories":[86],"et_countries":[],"recipe_main_ingredient":[120,123],"recipe_difficulty":[125],"recipe_preparation_time":[161],"recipe_diet_type":[134],"recipe_saison":[138],"acf":{"recipe_preparation_time":161,"recipe_categories":86,"recipe_time_txt":"30 Minuten, plus 15 Minuten zum Backen","recipe_type":5231,"recipe_difficulty":125,"recipe_diet_type":[134],"recipe_main_ingredient":[120,123],"recipe_saison":[138],"recipe_count_portions":4,"recipe_ingedients":[{"recipe_ingedients_amount":"","recipe_ingedients_unit":"g","recipe_ingedients_product":""}],"temporare_zutaten":"1 kg gr\u00fcne Spargeln\r\n150 g Schinkentranchen\r\n200 g Emmentaler AOP Eidgenoss\r\n1 Bund Basilikum\r\n2 dl Rahm\r\n2 Eigelb\r\nSalz, Pfeffer","recipe_preparation":"Spargeln frisch anschneiden und im unteren Drittel sch\u00e4len. \u00dcber Dampf oder in Salzwasser ca. 5 Minuten knackig garen. Schinkentranchen l\u00e4ngs halbieren. Je 2-3 Spargelstangen mit Schinkentranchen umwickeln und nebeneinander in eine ausgebutterte Gratinform geben.\r\n\r\nEmmentaler AOP Eidgenoss fein reiben. Basilikumbl\u00e4tter etwas zerkleinern. K\u00e4se und Basilikum mit Rahm fein p\u00fcrieren. Eigelb darunter mischen. Mit Salz und Pfeffer w\u00fcrzen.\r\n\r\nGuss \u00fcber die Spargeln giessen. In der Mitte des 220 Grad heissen Ofens etwa 15 Minuten goldbraun gratinieren.\r\n\r\nMit Kartoffeln oder Reis servieren.","recipe_images":[24444]},"_links":{"self":[{"href":"https:\/\/www.emmentaler.ch\/de\/wp-json\/wp\/v2\/recipes\/24428"}],"collection":[{"href":"https:\/\/www.emmentaler.ch\/de\/wp-json\/wp\/v2\/recipes"}],"about":[{"href":"https:\/\/www.emmentaler.ch\/de\/wp-json\/wp\/v2\/types\/recipes"}],"author":[{"embeddable":true,"href":"https:\/\/www.emmentaler.ch\/de\/wp-json\/wp\/v2\/users\/2"}],"version-history":[{"count":1,"href":"https:\/\/www.emmentaler.ch\/de\/wp-json\/wp\/v2\/recipes\/24428\/revisions"}],"predecessor-version":[{"id":137822,"href":"https:\/\/www.emmentaler.ch\/de\/wp-json\/wp\/v2\/recipes\/24428\/revisions\/137822"}],"acf:attachment":[{"embeddable":true,"href":"https:\/\/www.emmentaler.ch\/de\/wp-json\/wp\/v2\/media\/24444"}],"acf:term":[{"embeddable":true,"taxonomy":"recipe_saison","href":"https:\/\/www.emmentaler.ch\/de\/wp-json\/wp\/v2\/recipe_saison\/138"},{"embeddable":true,"taxonomy":"recipe_main_ingredient","href":"https:\/\/www.emmentaler.ch\/de\/wp-json\/wp\/v2\/recipe_main_ingredient\/123"},{"embeddable":true,"taxonomy":"recipe_main_ingredient","href":"https:\/\/www.emmentaler.ch\/de\/wp-json\/wp\/v2\/recipe_main_ingredient\/120"},{"embeddable":true,"taxonomy":"recipe_diet_type","href":"https:\/\/www.emmentaler.ch\/de\/wp-json\/wp\/v2\/recipe_diet_type\/134"},{"embeddable":true,"taxonomy":"recipe_difficulty","href":"https:\/\/www.emmentaler.ch\/de\/wp-json\/wp\/v2\/recipe_difficulty\/125"},{"embeddable":true,"taxonomy":"recipe_categories","href":"https:\/\/www.emmentaler.ch\/de\/wp-json\/wp\/v2\/recipe_categories\/86"},{"embeddable":true,"taxonomy":"recipe_preparation_time","href":"https:\/\/www.emmentaler.ch\/de\/wp-json\/wp\/v2\/recipe_preparation_time\/161"}],"acf:post":[{"embeddable":true,"href":"https:\/\/www.emmentaler.ch\/de\/wp-json\/wp\/v2\/pages\/5231"}],"wp:featuredmedia":[{"embeddable":true,"href":"https:\/\/www.emmentaler.ch\/de\/wp-json\/wp\/v2\/media\/24444"}],"wp:attachment":[{"href":"https:\/\/www.emmentaler.ch\/de\/wp-json\/wp\/v2\/media?parent=24428"}],"wp:term":[{"taxonomy":"post_tag","embeddable":true,"href":"https:\/\/www.emmentaler.ch\/de\/wp-json\/wp\/v2\/tags?post=24428"},{"taxonomy":"recipe_categories","embeddable":true,"href":"https:\/\/www.emmentaler.ch\/de\/wp-json\/wp\/v2\/recipe_categories?post=24428"},{"taxonomy":"et_countries","embeddable":true,"href":"https:\/\/www.emmentaler.ch\/de\/wp-json\/wp\/v2\/et_countries?post=24428"},{"taxonomy":"recipe_main_ingredient","embeddable":true,"href":"https:\/\/www.emmentaler.ch\/de\/wp-json\/wp\/v2\/recipe_main_ingredient?post=24428"},{"taxonomy":"recipe_difficulty","embeddable":true,"href":"https:\/\/www.emmentaler.ch\/de\/wp-json\/wp\/v2\/recipe_difficulty?post=24428"},{"taxonomy":"recipe_preparation_time","embeddable":true,"href":"https:\/\/www.emmentaler.ch\/de\/wp-json\/wp\/v2\/recipe_preparation_time?post=24428"},{"taxonomy":"recipe_diet_type","embeddable":true,"href":"https:\/\/www.emmentaler.ch\/de\/wp-json\/wp\/v2\/recipe_diet_type?post=24428"},{"taxonomy":"recipe_saison","embeddable":true,"href":"https:\/\/www.emmentaler.ch\/de\/wp-json\/wp\/v2\/recipe_saison?post=24428"}],"curies":[{"name":"wp","href":"https:\/\/api.w.org\/{rel}","templated":true}]}}

1 kg grüne Spargeln
150 g Schinkentranchen
200 g Emmentaler AOP Eidgenoss
1 Bund Basilikum
2 dl Rahm
2 Eigelb
Salz, Pfeffer

Spargeln frisch anschneiden und im unteren Drittel schälen. Über Dampf oder in Salzwasser ca. 5 Minuten knackig garen. Schinkentranchen längs halbieren. Je 2-3 Spargelstangen mit Schinkentranchen umwickeln und nebeneinander in eine ausgebutterte Gratinform geben.

Emmentaler AOP Eidgenoss fein reiben. Basilikumblätter etwas zerkleinern. Käse und Basilikum mit Rahm fein pürieren. Eigelb darunter mischen. Mit Salz und Pfeffer würzen.

Guss über die Spargeln giessen. In der Mitte des 220 Grad heissen Ofens etwa 15 Minuten goldbraun gratinieren.

Mit Kartoffeln oder Reis servieren.
