{"id":24552,"date":"2022-04-27T13:41:56","date_gmt":"2022-04-27T11:41:56","guid":{"rendered":"https:\/\/www.emmentaler.ch\/rezept\/spargelpastetli"},"modified":"2022-06-27T16:49:41","modified_gmt":"2022-06-27T14:49:41","slug":"spargelpastetli","status":"publish","type":"recipes","link":"https:\/\/www.emmentaler.ch\/de\/rezept\/spargelpastetli","title":{"rendered":"Spargelpastetli"},"author":2,"featured_media":24578,"menu_order":0,"template":"","meta":{"inline_featured_image":false},"tags":[],"recipe_categories":[86],"et_countries":[],"recipe_main_ingredient":[123],"recipe_difficulty":[126],"recipe_preparation_time":[156],"recipe_diet_type":[132],"recipe_saison":[138],"acf":{"recipe_preparation_time":156,"recipe_categories":86,"recipe_time_txt":"","recipe_type":5193,"recipe_difficulty":126,"recipe_diet_type":[132],"recipe_main_ingredient":[123],"recipe_saison":[138],"recipe_count_portions":4,"recipe_ingedients":[{"recipe_ingedients_amount":"","recipe_ingedients_unit":"g","recipe_ingedients_product":""}],"temporare_zutaten":"200 g milder Emmentaler AOP\r\n1 kg gr\u00fcne, d\u00fcnne Spargeln\r\n1 dl Gem\u00fcsebouillon\r\n8 Bl\u00e4tterteig-Pastetli\r\n100 g Frischk\u00e4se mit Kr\u00e4uter\r\n1 dl Apfelwein oder Weisswein\r\nSalz, Pfeffer\r\neinige Kerbelbl\u00e4tter f\u00fcr Garnitur","recipe_preparation":"Emmentaler AOP fein reiben. Spargeln im unteren Drittel sch\u00e4len, dann in ca. 3 cm lange St\u00fccke schneiden. Spargeln in der Bouillon zugedeckt bei schwacher Hitze ca. 10 Minuten weich garen.\r\n\r\nPastetlideckel l\u00f6sen. Pastetli und Deckel auf ein Blech legen. In den kalten Ofen schieben und auf 180 Grad aufheizen (Unter-Oberhitze oder 160 Grad Umluft). ca. 10 Minuten backen.\r\n\r\nIn der Zwischenzeit Spargeln in ein Sieb geben, dabei den Sud auffangen. Etwa ein Drittel der Spargelst\u00fccke (m\u00f6glichst die unteren Spargeldrittel) mit Frischk\u00e4se, Apfelwein und Emmentaler AOP p\u00fcrieren. Mit Spargelsud zu einer dickfl\u00fcssigen Sauce verd\u00fcnnen.\r\n\r\nP\u00fcree unter R\u00fchren aufkochen, mit Salz und Pfeffer abschmecken. Restliche Spargelst\u00fccke zuf\u00fcgen, kurz erw\u00e4rmen. Sauce in Pastetli f\u00fcllen mit Kerbelbl\u00e4ttchen garnieren.\r\n\r\n \r\n\r\nTipp: Die Sauce passt auch sehr gut zu Pasta oder Reis.","recipe_images":[24588,24583,24578]},"_links":{"self":[{"href":"https:\/\/www.emmentaler.ch\/de\/wp-json\/wp\/v2\/recipes\/24552"}],"collection":[{"href":"https:\/\/www.emmentaler.ch\/de\/wp-json\/wp\/v2\/recipes"}],"about":[{"href":"https:\/\/www.emmentaler.ch\/de\/wp-json\/wp\/v2\/types\/recipes"}],"author":[{"embeddable":true,"href":"https:\/\/www.emmentaler.ch\/de\/wp-json\/wp\/v2\/users\/2"}],"version-history":[{"count":0,"href":"https:\/\/www.emmentaler.ch\/de\/wp-json\/wp\/v2\/recipes\/24552\/revisions"}],"acf:attachment":[{"embeddable":true,"href":"https:\/\/www.emmentaler.ch\/de\/wp-json\/wp\/v2\/media\/24578"},{"embeddable":true,"href":"https:\/\/www.emmentaler.ch\/de\/wp-json\/wp\/v2\/media\/24583"},{"embeddable":true,"href":"https:\/\/www.emmentaler.ch\/de\/wp-json\/wp\/v2\/media\/24588"}],"acf:term":[{"embeddable":true,"taxonomy":"recipe_saison","href":"https:\/\/www.emmentaler.ch\/de\/wp-json\/wp\/v2\/recipe_saison\/138"},{"embeddable":true,"taxonomy":"recipe_main_ingredient","href":"https:\/\/www.emmentaler.ch\/de\/wp-json\/wp\/v2\/recipe_main_ingredient\/123"},{"embeddable":true,"taxonomy":"recipe_diet_type","href":"https:\/\/www.emmentaler.ch\/de\/wp-json\/wp\/v2\/recipe_diet_type\/132"},{"embeddable":true,"taxonomy":"recipe_difficulty","href":"https:\/\/www.emmentaler.ch\/de\/wp-json\/wp\/v2\/recipe_difficulty\/126"},{"embeddable":true,"taxonomy":"recipe_categories","href":"https:\/\/www.emmentaler.ch\/de\/wp-json\/wp\/v2\/recipe_categories\/86"},{"embeddable":true,"taxonomy":"recipe_preparation_time","href":"https:\/\/www.emmentaler.ch\/de\/wp-json\/wp\/v2\/recipe_preparation_time\/156"}],"acf:post":[{"embeddable":true,"href":"https:\/\/www.emmentaler.ch\/de\/wp-json\/wp\/v2\/pages\/5193"}],"wp:featuredmedia":[{"embeddable":true,"href":"https:\/\/www.emmentaler.ch\/de\/wp-json\/wp\/v2\/media\/24578"}],"wp:attachment":[{"href":"https:\/\/www.emmentaler.ch\/de\/wp-json\/wp\/v2\/media?parent=24552"}],"wp:term":[{"taxonomy":"post_tag","embeddable":true,"href":"https:\/\/www.emmentaler.ch\/de\/wp-json\/wp\/v2\/tags?post=24552"},{"taxonomy":"recipe_categories","embeddable":true,"href":"https:\/\/www.emmentaler.ch\/de\/wp-json\/wp\/v2\/recipe_categories?post=24552"},{"taxonomy":"et_countries","embeddable":true,"href":"https:\/\/www.emmentaler.ch\/de\/wp-json\/wp\/v2\/et_countries?post=24552"},{"taxonomy":"recipe_main_ingredient","embeddable":true,"href":"https:\/\/www.emmentaler.ch\/de\/wp-json\/wp\/v2\/recipe_main_ingredient?post=24552"},{"taxonomy":"recipe_difficulty","embeddable":true,"href":"https:\/\/www.emmentaler.ch\/de\/wp-json\/wp\/v2\/recipe_difficulty?post=24552"},{"taxonomy":"recipe_preparation_time","embeddable":true,"href":"https:\/\/www.emmentaler.ch\/de\/wp-json\/wp\/v2\/recipe_preparation_time?post=24552"},{"taxonomy":"recipe_diet_type","embeddable":true,"href":"https:\/\/www.emmentaler.ch\/de\/wp-json\/wp\/v2\/recipe_diet_type?post=24552"},{"taxonomy":"recipe_saison","embeddable":true,"href":"https:\/\/www.emmentaler.ch\/de\/wp-json\/wp\/v2\/recipe_saison?post=24552"}],"curies":[{"name":"wp","href":"https:\/\/api.w.org\/{rel}","templated":true}]}}

200 g milder Emmentaler AOP
1 kg grüne, dünne Spargeln
1 dl Gemüsebouillon
8 Blätterteig-Pastetli
100 g Frischkäse mit Kräuter
1 dl Apfelwein oder Weisswein
Salz, Pfeffer
einige Kerbelblätter für Garnitur

Emmentaler AOP fein reiben. Spargeln im unteren Drittel schälen, dann in ca. 3 cm lange Stücke schneiden. Spargeln in der Bouillon zugedeckt bei schwacher Hitze ca. 10 Minuten weich garen.

Pastetlideckel lösen. Pastetli und Deckel auf ein Blech legen. In den kalten Ofen schieben und auf 180 Grad aufheizen (Unter-Oberhitze oder 160 Grad Umluft). ca. 10 Minuten backen.

In der Zwischenzeit Spargeln in ein Sieb geben, dabei den Sud auffangen. Etwa ein Drittel der Spargelstücke (möglichst die unteren Spargeldrittel) mit Frischkäse, Apfelwein und Emmentaler AOP pürieren. Mit Spargelsud zu einer dickflüssigen Sauce verdünnen.

Püree unter Rühren aufkochen, mit Salz und Pfeffer abschmecken. Restliche Spargelstücke zufügen, kurz erwärmen. Sauce in Pastetli füllen mit Kerbelblättchen garnieren.

 

Tipp: Die Sauce passt auch sehr gut zu Pasta oder Reis.
