{"id":24613,"date":"2022-04-27T13:41:56","date_gmt":"2022-04-27T11:41:56","guid":{"rendered":"https:\/\/www.emmentaler.ch\/rezept\/spinatkuchen"},"modified":"2022-06-28T11:39:08","modified_gmt":"2022-06-28T09:39:08","slug":"spinatkuchen","status":"publish","type":"recipes","link":"https:\/\/www.emmentaler.ch\/de\/rezept\/spinatkuchen","title":{"rendered":"Spinatkuchen"},"author":2,"featured_media":24629,"menu_order":0,"template":"","meta":{"inline_featured_image":false},"tags":[],"recipe_categories":[149],"et_countries":[],"recipe_main_ingredient":[123],"recipe_difficulty":[126],"recipe_preparation_time":[227],"recipe_diet_type":[132],"recipe_saison":[142,138,143],"acf":{"recipe_preparation_time":227,"recipe_categories":149,"recipe_time_txt":"40 Minuten, plus 50 Minuten zum Backen","recipe_type":5193,"recipe_difficulty":126,"recipe_diet_type":[132],"recipe_main_ingredient":[123],"recipe_saison":[142,138,143],"recipe_count_portions":5,"recipe_ingedients":[{"recipe_ingedients_amount":"","recipe_ingedients_unit":"g","recipe_ingedients_product":""}],"temporare_zutaten":"Kuchenblech oder Springform 24-26 cm \u00d8\r\n750 g Spinat\r\nSalz\r\n50 g Pinienkerne\r\n3 Eier\r\n150 g geriebener Emmentaler AOP\r\n250 g Halbfettquark\r\n2 Knoblauchzehen\r\n1 TL Thymian\r\nPfeffer\r\n50 g getrocknete, in \u00d6l eingelegte Tomaten\r\n1 P\u00e4ckli Strudelteig, 120 g\r\n3 EL Oliven\u00f6l\r\n2 EL Paniermehl","recipe_preparation":"Spinat in viel kochendes Salzwasser geben, kurz aufkochen. In ein Sieb sch\u00fctten, Spinat in eiskaltem Wasser abschrecken, sehr gut ausdr\u00fccken und grob hacken. Pinienkerne in einer Pfanne ohne Fett leicht r\u00f6sten. Eier verquirlen, mit Emmentaler AOP und Quark vermischen. Knoblauch dazupressen, mit Thymian, Salz und Pfeffer w\u00fcrzen. Tomaten klein schneiden, mit Spinat und Pinienkerne zum Guss geben und gut vermischen.\r\n\r\nKuchenblech leicht einfetten. Ein Teigblatt mit \u00d6l bestreichen und in das Blech legen. Nacheinander alle Teigbl\u00e4tter mit \u00d6l bestreichen und leicht versetzt aufeinander legen. Boden mit Paniermehl bestreuen. Spinatmasse einf\u00fcllen. \u00dcberh\u00e4ngender Teig locker \u00fcber den Spinat klappen.\r\n\r\nSpinatkuchen im unteren Teil des 200 Grad heissen Ofens 40-50 Minuten backen.","recipe_images":[24629]},"_links":{"self":[{"href":"https:\/\/www.emmentaler.ch\/de\/wp-json\/wp\/v2\/recipes\/24613"}],"collection":[{"href":"https:\/\/www.emmentaler.ch\/de\/wp-json\/wp\/v2\/recipes"}],"about":[{"href":"https:\/\/www.emmentaler.ch\/de\/wp-json\/wp\/v2\/types\/recipes"}],"author":[{"embeddable":true,"href":"https:\/\/www.emmentaler.ch\/de\/wp-json\/wp\/v2\/users\/2"}],"version-history":[{"count":0,"href":"https:\/\/www.emmentaler.ch\/de\/wp-json\/wp\/v2\/recipes\/24613\/revisions"}],"acf:attachment":[{"embeddable":true,"href":"https:\/\/www.emmentaler.ch\/de\/wp-json\/wp\/v2\/media\/24629"}],"acf:term":[{"embeddable":true,"taxonomy":"recipe_saison","href":"https:\/\/www.emmentaler.ch\/de\/wp-json\/wp\/v2\/recipe_saison\/143"},{"embeddable":true,"taxonomy":"recipe_saison","href":"https:\/\/www.emmentaler.ch\/de\/wp-json\/wp\/v2\/recipe_saison\/138"},{"embeddable":true,"taxonomy":"recipe_saison","href":"https:\/\/www.emmentaler.ch\/de\/wp-json\/wp\/v2\/recipe_saison\/142"},{"embeddable":true,"taxonomy":"recipe_main_ingredient","href":"https:\/\/www.emmentaler.ch\/de\/wp-json\/wp\/v2\/recipe_main_ingredient\/123"},{"embeddable":true,"taxonomy":"recipe_diet_type","href":"https:\/\/www.emmentaler.ch\/de\/wp-json\/wp\/v2\/recipe_diet_type\/132"},{"embeddable":true,"taxonomy":"recipe_difficulty","href":"https:\/\/www.emmentaler.ch\/de\/wp-json\/wp\/v2\/recipe_difficulty\/126"},{"embeddable":true,"taxonomy":"recipe_categories","href":"https:\/\/www.emmentaler.ch\/de\/wp-json\/wp\/v2\/recipe_categories\/149"},{"embeddable":true,"taxonomy":"recipe_preparation_time","href":"https:\/\/www.emmentaler.ch\/de\/wp-json\/wp\/v2\/recipe_preparation_time\/227"}],"acf:post":[{"embeddable":true,"href":"https:\/\/www.emmentaler.ch\/de\/wp-json\/wp\/v2\/pages\/5193"}],"wp:featuredmedia":[{"embeddable":true,"href":"https:\/\/www.emmentaler.ch\/de\/wp-json\/wp\/v2\/media\/24629"}],"wp:attachment":[{"href":"https:\/\/www.emmentaler.ch\/de\/wp-json\/wp\/v2\/media?parent=24613"}],"wp:term":[{"taxonomy":"post_tag","embeddable":true,"href":"https:\/\/www.emmentaler.ch\/de\/wp-json\/wp\/v2\/tags?post=24613"},{"taxonomy":"recipe_categories","embeddable":true,"href":"https:\/\/www.emmentaler.ch\/de\/wp-json\/wp\/v2\/recipe_categories?post=24613"},{"taxonomy":"et_countries","embeddable":true,"href":"https:\/\/www.emmentaler.ch\/de\/wp-json\/wp\/v2\/et_countries?post=24613"},{"taxonomy":"recipe_main_ingredient","embeddable":true,"href":"https:\/\/www.emmentaler.ch\/de\/wp-json\/wp\/v2\/recipe_main_ingredient?post=24613"},{"taxonomy":"recipe_difficulty","embeddable":true,"href":"https:\/\/www.emmentaler.ch\/de\/wp-json\/wp\/v2\/recipe_difficulty?post=24613"},{"taxonomy":"recipe_preparation_time","embeddable":true,"href":"https:\/\/www.emmentaler.ch\/de\/wp-json\/wp\/v2\/recipe_preparation_time?post=24613"},{"taxonomy":"recipe_diet_type","embeddable":true,"href":"https:\/\/www.emmentaler.ch\/de\/wp-json\/wp\/v2\/recipe_diet_type?post=24613"},{"taxonomy":"recipe_saison","embeddable":true,"href":"https:\/\/www.emmentaler.ch\/de\/wp-json\/wp\/v2\/recipe_saison?post=24613"}],"curies":[{"name":"wp","href":"https:\/\/api.w.org\/{rel}","templated":true}]}}

Kuchenblech oder Springform 24-26 cm Ø
750 g Spinat
Salz
50 g Pinienkerne
3 Eier
150 g geriebener Emmentaler AOP
250 g Halbfettquark
2 Knoblauchzehen
1 TL Thymian
Pfeffer
50 g getrocknete, in Öl eingelegte Tomaten
1 Päckli Strudelteig, 120 g
3 EL Olivenöl
2 EL Paniermehl

Spinat in viel kochendes Salzwasser geben, kurz aufkochen. In ein Sieb schütten, Spinat in eiskaltem Wasser abschrecken, sehr gut ausdrücken und grob hacken. Pinienkerne in einer Pfanne ohne Fett leicht rösten. Eier verquirlen, mit Emmentaler AOP und Quark vermischen. Knoblauch dazupressen, mit Thymian, Salz und Pfeffer würzen. Tomaten klein schneiden, mit Spinat und Pinienkerne zum Guss geben und gut vermischen.

Kuchenblech leicht einfetten. Ein Teigblatt mit Öl bestreichen und in das Blech legen. Nacheinander alle Teigblätter mit Öl bestreichen und leicht versetzt aufeinander legen. Boden mit Paniermehl bestreuen. Spinatmasse einfüllen. Überhängender Teig locker über den Spinat klappen.

Spinatkuchen im unteren Teil des 200 Grad heissen Ofens 40-50 Minuten backen.
