{"id":24675,"date":"2022-04-27T13:41:56","date_gmt":"2022-04-27T11:41:56","guid":{"rendered":"https:\/\/www.emmentaler.ch\/rezept\/zucchetti-frittata"},"modified":"2024-07-24T13:34:52","modified_gmt":"2024-07-24T11:34:52","slug":"zucchetti-frittata","status":"publish","type":"recipes","link":"https:\/\/www.emmentaler.ch\/de\/rezept\/zucchetti-frittata","title":{"rendered":"Zucchetti-Frittata"},"author":2,"featured_media":24691,"menu_order":0,"template":"","meta":{"inline_featured_image":false},"tags":[],"recipe_categories":[86],"et_countries":[],"recipe_main_ingredient":[123],"recipe_difficulty":[125],"recipe_preparation_time":[153],"recipe_diet_type":[134,132],"recipe_saison":[138,137,135],"acf":{"recipe_preparation_time":153,"recipe_categories":86,"recipe_time_txt":"30 Minuten, plus 20 Minuten zum Backen","recipe_type":5195,"recipe_difficulty":125,"recipe_diet_type":[134,132],"recipe_main_ingredient":[123],"recipe_saison":[138,137,135],"recipe_count_portions":4,"recipe_ingedients":[{"recipe_ingedients_amount":"","recipe_ingedients_unit":"g","recipe_ingedients_product":""}],"temporare_zutaten":"400 g geschwellte Kartoffeln\r\n500 g Zucchetti\r\n1 Zwiebel\r\n1 Bund Petersilie\r\n3 EL Oliven\u00f6l\r\nSalz, Pfeffer\r\n1 Knoblauchzehe\r\n150 g Cherrytomaten\r\n6 Eier\r\n0,5 dl Milch\r\n175 g Bio Emmentaler AOP","recipe_preparation":"Kartoffeln sch\u00e4len und in 1-2 cm grosse W\u00fcrfel schneiden. Zucchetti in ca. 7mm dicke R\u00e4dchen schneiden. Zwiebel und Petersilie fein hacken. \u00d6l in einer grossen, ofenfesten Bratpfanne erhitzen. Kartoffeln darin gut anbraten. Zwiebel, Petersilie und Zucchetti beigeben, mit Salz und Pfeffer w\u00fcrzen, ca. 10 Minuten braten, ab und zu r\u00fchren. Knoblauch dazupressen. Tomaten halbieren und zuf\u00fcgen\r\n\r\nEier mit der Milch verquirlen, w\u00fcrzen. Bio Emmentaler AOP klein w\u00fcrfeln. Guss und K\u00e4se zum Gem\u00fcse geben. Pfanne in die Mitte des 200 Grad heissen Ofen schieben und 15-20 Minuten backen. Frittata warm oder kalt servieren.","recipe_images":[24691]},"_links":{"self":[{"href":"https:\/\/www.emmentaler.ch\/de\/wp-json\/wp\/v2\/recipes\/24675"}],"collection":[{"href":"https:\/\/www.emmentaler.ch\/de\/wp-json\/wp\/v2\/recipes"}],"about":[{"href":"https:\/\/www.emmentaler.ch\/de\/wp-json\/wp\/v2\/types\/recipes"}],"author":[{"embeddable":true,"href":"https:\/\/www.emmentaler.ch\/de\/wp-json\/wp\/v2\/users\/2"}],"version-history":[{"count":1,"href":"https:\/\/www.emmentaler.ch\/de\/wp-json\/wp\/v2\/recipes\/24675\/revisions"}],"predecessor-version":[{"id":137813,"href":"https:\/\/www.emmentaler.ch\/de\/wp-json\/wp\/v2\/recipes\/24675\/revisions\/137813"}],"acf:attachment":[{"embeddable":true,"href":"https:\/\/www.emmentaler.ch\/de\/wp-json\/wp\/v2\/media\/24691"}],"acf:term":[{"embeddable":true,"taxonomy":"recipe_saison","href":"https:\/\/www.emmentaler.ch\/de\/wp-json\/wp\/v2\/recipe_saison\/135"},{"embeddable":true,"taxonomy":"recipe_saison","href":"https:\/\/www.emmentaler.ch\/de\/wp-json\/wp\/v2\/recipe_saison\/137"},{"embeddable":true,"taxonomy":"recipe_saison","href":"https:\/\/www.emmentaler.ch\/de\/wp-json\/wp\/v2\/recipe_saison\/138"},{"embeddable":true,"taxonomy":"recipe_main_ingredient","href":"https:\/\/www.emmentaler.ch\/de\/wp-json\/wp\/v2\/recipe_main_ingredient\/123"},{"embeddable":true,"taxonomy":"recipe_diet_type","href":"https:\/\/www.emmentaler.ch\/de\/wp-json\/wp\/v2\/recipe_diet_type\/132"},{"embeddable":true,"taxonomy":"recipe_diet_type","href":"https:\/\/www.emmentaler.ch\/de\/wp-json\/wp\/v2\/recipe_diet_type\/134"},{"embeddable":true,"taxonomy":"recipe_difficulty","href":"https:\/\/www.emmentaler.ch\/de\/wp-json\/wp\/v2\/recipe_difficulty\/125"},{"embeddable":true,"taxonomy":"recipe_categories","href":"https:\/\/www.emmentaler.ch\/de\/wp-json\/wp\/v2\/recipe_categories\/86"},{"embeddable":true,"taxonomy":"recipe_preparation_time","href":"https:\/\/www.emmentaler.ch\/de\/wp-json\/wp\/v2\/recipe_preparation_time\/153"}],"acf:post":[{"embeddable":true,"href":"https:\/\/www.emmentaler.ch\/de\/wp-json\/wp\/v2\/pages\/5195"}],"wp:featuredmedia":[{"embeddable":true,"href":"https:\/\/www.emmentaler.ch\/de\/wp-json\/wp\/v2\/media\/24691"}],"wp:attachment":[{"href":"https:\/\/www.emmentaler.ch\/de\/wp-json\/wp\/v2\/media?parent=24675"}],"wp:term":[{"taxonomy":"post_tag","embeddable":true,"href":"https:\/\/www.emmentaler.ch\/de\/wp-json\/wp\/v2\/tags?post=24675"},{"taxonomy":"recipe_categories","embeddable":true,"href":"https:\/\/www.emmentaler.ch\/de\/wp-json\/wp\/v2\/recipe_categories?post=24675"},{"taxonomy":"et_countries","embeddable":true,"href":"https:\/\/www.emmentaler.ch\/de\/wp-json\/wp\/v2\/et_countries?post=24675"},{"taxonomy":"recipe_main_ingredient","embeddable":true,"href":"https:\/\/www.emmentaler.ch\/de\/wp-json\/wp\/v2\/recipe_main_ingredient?post=24675"},{"taxonomy":"recipe_difficulty","embeddable":true,"href":"https:\/\/www.emmentaler.ch\/de\/wp-json\/wp\/v2\/recipe_difficulty?post=24675"},{"taxonomy":"recipe_preparation_time","embeddable":true,"href":"https:\/\/www.emmentaler.ch\/de\/wp-json\/wp\/v2\/recipe_preparation_time?post=24675"},{"taxonomy":"recipe_diet_type","embeddable":true,"href":"https:\/\/www.emmentaler.ch\/de\/wp-json\/wp\/v2\/recipe_diet_type?post=24675"},{"taxonomy":"recipe_saison","embeddable":true,"href":"https:\/\/www.emmentaler.ch\/de\/wp-json\/wp\/v2\/recipe_saison?post=24675"}],"curies":[{"name":"wp","href":"https:\/\/api.w.org\/{rel}","templated":true}]}}

400 g geschwellte Kartoffeln
500 g Zucchetti
1 Zwiebel
1 Bund Petersilie
3 EL Olivenöl
Salz, Pfeffer
1 Knoblauchzehe
150 g Cherrytomaten
6 Eier
0,5 dl Milch
175 g Bio Emmentaler AOP

Kartoffeln schälen und in 1-2 cm grosse Würfel schneiden. Zucchetti in ca. 7mm dicke Rädchen schneiden. Zwiebel und Petersilie fein hacken. Öl in einer grossen, ofenfesten Bratpfanne erhitzen. Kartoffeln darin gut anbraten. Zwiebel, Petersilie und Zucchetti beigeben, mit Salz und Pfeffer würzen, ca. 10 Minuten braten, ab und zu rühren. Knoblauch dazupressen. Tomaten halbieren und zufügen

Eier mit der Milch verquirlen, würzen. Bio Emmentaler AOP klein würfeln. Guss und Käse zum Gemüse geben. Pfanne in die Mitte des 200 Grad heissen Ofen schieben und 15-20 Minuten backen. Frittata warm oder kalt servieren.
