{"id":24706,"date":"2022-04-27T13:41:56","date_gmt":"2022-04-27T11:41:56","guid":{"rendered":"https:\/\/www.emmentaler.ch\/rezept\/zucchetti-pitta"},"modified":"2024-07-24T13:14:27","modified_gmt":"2024-07-24T11:14:27","slug":"zucchetti-pitta","status":"publish","type":"recipes","link":"https:\/\/www.emmentaler.ch\/de\/rezept\/zucchetti-pitta","title":{"rendered":"Zucchetti-Pitta"},"author":2,"featured_media":24722,"menu_order":0,"template":"","meta":{"inline_featured_image":false},"tags":[788],"recipe_categories":[152],"et_countries":[],"recipe_main_ingredient":[123],"recipe_difficulty":[125],"recipe_preparation_time":[436],"recipe_diet_type":[133,132],"recipe_saison":[138,137,135],"acf":{"recipe_preparation_time":436,"recipe_categories":152,"recipe_time_txt":"","recipe_type":5195,"recipe_difficulty":125,"recipe_diet_type":[133,132],"recipe_main_ingredient":[123],"recipe_saison":[138,137,135],"recipe_count_portions":3,"recipe_ingedients":[{"recipe_ingedients_amount":"","recipe_ingedients_unit":"g","recipe_ingedients_product":""}],"temporare_zutaten":"2 EL Pinienkerne\r\n125 g Zucchetti\r\n125 g R\u00fcebli\r\n250 g Emmentaler AOP\r\n1 Bund Oregano\r\n1 Knoblauchzehe\r\nSalz, Pfeffer\r\n6 Pittabrote\r\n3 EL Pesto rosso (Tomatenpesto)","recipe_preparation":"Pinienkernen in einer Bratpfanne ohne Fett leicht r\u00f6sten. Zucchetti, R\u00fcebli und Emmentaler AOP auf der R\u00f6stiraffel reiben. Oregano und Knoblauch fein hacken. Alles zusammen vermischen, mit Salz und Pfeffer abschmecken.\r\n\r\nPittabrote mit etwas Wasser benetzen. Dem Rand entlang ca. 1 cm tief sorgf\u00e4ltig einschneiden und die H\u00e4lften voneinander trennen. 6 Pittabroth\u00e4lften mit Pesto rosso bestreichen. K\u00e4se-Zucchettimischung darauf verteilen und auf ein Backblech legen. Im 220 Grad heissen Ofen 5 Minuten backen. Pittadeckel darauf legen und gut andr\u00fccken. Weitere 2-3 Minuten im Ofen backen. Warm servieren.","recipe_images":[24722]},"_links":{"self":[{"href":"https:\/\/www.emmentaler.ch\/de\/wp-json\/wp\/v2\/recipes\/24706"}],"collection":[{"href":"https:\/\/www.emmentaler.ch\/de\/wp-json\/wp\/v2\/recipes"}],"about":[{"href":"https:\/\/www.emmentaler.ch\/de\/wp-json\/wp\/v2\/types\/recipes"}],"author":[{"embeddable":true,"href":"https:\/\/www.emmentaler.ch\/de\/wp-json\/wp\/v2\/users\/2"}],"version-history":[{"count":1,"href":"https:\/\/www.emmentaler.ch\/de\/wp-json\/wp\/v2\/recipes\/24706\/revisions"}],"predecessor-version":[{"id":137814,"href":"https:\/\/www.emmentaler.ch\/de\/wp-json\/wp\/v2\/recipes\/24706\/revisions\/137814"}],"acf:attachment":[{"embeddable":true,"href":"https:\/\/www.emmentaler.ch\/de\/wp-json\/wp\/v2\/media\/24722"}],"acf:term":[{"embeddable":true,"taxonomy":"recipe_saison","href":"https:\/\/www.emmentaler.ch\/de\/wp-json\/wp\/v2\/recipe_saison\/135"},{"embeddable":true,"taxonomy":"recipe_saison","href":"https:\/\/www.emmentaler.ch\/de\/wp-json\/wp\/v2\/recipe_saison\/137"},{"embeddable":true,"taxonomy":"recipe_saison","href":"https:\/\/www.emmentaler.ch\/de\/wp-json\/wp\/v2\/recipe_saison\/138"},{"embeddable":true,"taxonomy":"recipe_main_ingredient","href":"https:\/\/www.emmentaler.ch\/de\/wp-json\/wp\/v2\/recipe_main_ingredient\/123"},{"embeddable":true,"taxonomy":"recipe_diet_type","href":"https:\/\/www.emmentaler.ch\/de\/wp-json\/wp\/v2\/recipe_diet_type\/132"},{"embeddable":true,"taxonomy":"recipe_diet_type","href":"https:\/\/www.emmentaler.ch\/de\/wp-json\/wp\/v2\/recipe_diet_type\/133"},{"embeddable":true,"taxonomy":"recipe_difficulty","href":"https:\/\/www.emmentaler.ch\/de\/wp-json\/wp\/v2\/recipe_difficulty\/125"},{"embeddable":true,"taxonomy":"recipe_categories","href":"https:\/\/www.emmentaler.ch\/de\/wp-json\/wp\/v2\/recipe_categories\/152"},{"embeddable":true,"taxonomy":"recipe_preparation_time","href":"https:\/\/www.emmentaler.ch\/de\/wp-json\/wp\/v2\/recipe_preparation_time\/436"}],"acf:post":[{"embeddable":true,"href":"https:\/\/www.emmentaler.ch\/de\/wp-json\/wp\/v2\/pages\/5195"}],"wp:featuredmedia":[{"embeddable":true,"href":"https:\/\/www.emmentaler.ch\/de\/wp-json\/wp\/v2\/media\/24722"}],"wp:attachment":[{"href":"https:\/\/www.emmentaler.ch\/de\/wp-json\/wp\/v2\/media?parent=24706"}],"wp:term":[{"taxonomy":"post_tag","embeddable":true,"href":"https:\/\/www.emmentaler.ch\/de\/wp-json\/wp\/v2\/tags?post=24706"},{"taxonomy":"recipe_categories","embeddable":true,"href":"https:\/\/www.emmentaler.ch\/de\/wp-json\/wp\/v2\/recipe_categories?post=24706"},{"taxonomy":"et_countries","embeddable":true,"href":"https:\/\/www.emmentaler.ch\/de\/wp-json\/wp\/v2\/et_countries?post=24706"},{"taxonomy":"recipe_main_ingredient","embeddable":true,"href":"https:\/\/www.emmentaler.ch\/de\/wp-json\/wp\/v2\/recipe_main_ingredient?post=24706"},{"taxonomy":"recipe_difficulty","embeddable":true,"href":"https:\/\/www.emmentaler.ch\/de\/wp-json\/wp\/v2\/recipe_difficulty?post=24706"},{"taxonomy":"recipe_preparation_time","embeddable":true,"href":"https:\/\/www.emmentaler.ch\/de\/wp-json\/wp\/v2\/recipe_preparation_time?post=24706"},{"taxonomy":"recipe_diet_type","embeddable":true,"href":"https:\/\/www.emmentaler.ch\/de\/wp-json\/wp\/v2\/recipe_diet_type?post=24706"},{"taxonomy":"recipe_saison","embeddable":true,"href":"https:\/\/www.emmentaler.ch\/de\/wp-json\/wp\/v2\/recipe_saison?post=24706"}],"curies":[{"name":"wp","href":"https:\/\/api.w.org\/{rel}","templated":true}]}}

2 EL Pinienkerne
125 g Zucchetti
125 g Rüebli
250 g Emmentaler AOP
1 Bund Oregano
1 Knoblauchzehe
Salz, Pfeffer
6 Pittabrote
3 EL Pesto rosso (Tomatenpesto)

Pinienkernen in einer Bratpfanne ohne Fett leicht rösten. Zucchetti, Rüebli und Emmentaler AOP auf der Röstiraffel reiben. Oregano und Knoblauch fein hacken. Alles zusammen vermischen, mit Salz und Pfeffer abschmecken.

Pittabrote mit etwas Wasser benetzen. Dem Rand entlang ca. 1 cm tief sorgfältig einschneiden und die Hälften voneinander trennen. 6 Pittabrothälften mit Pesto rosso bestreichen. Käse-Zucchettimischung darauf verteilen und auf ein Backblech legen. Im 220 Grad heissen Ofen 5 Minuten backen. Pittadeckel darauf legen und gut andrücken. Weitere 2-3 Minuten im Ofen backen. Warm servieren.
