{"id":24798,"date":"2022-04-27T13:41:56","date_gmt":"2022-04-27T11:41:56","guid":{"rendered":"https:\/\/www.emmentaler.ch\/rezept\/zwiebeln-gefuellt-mit-kartoffeln-und-speck"},"modified":"2022-09-20T13:38:24","modified_gmt":"2022-09-20T11:38:24","slug":"zwiebeln-gefuellt-mit-kartoffeln-und-speck","status":"publish","type":"recipes","link":"https:\/\/www.emmentaler.ch\/de\/rezept\/zwiebeln-gefuellt-mit-kartoffeln-und-speck","title":{"rendered":"Zwiebeln gef\u00fcllt mit Kartoffeln und Speck"},"author":2,"featured_media":24814,"menu_order":0,"template":"","meta":{"inline_featured_image":false},"tags":[],"recipe_categories":[86],"et_countries":[],"recipe_main_ingredient":[120],"recipe_difficulty":[126],"recipe_preparation_time":[174],"recipe_diet_type":[134],"recipe_saison":[143],"acf":{"recipe_preparation_time":174,"recipe_categories":86,"recipe_time_txt":"40 Minuten, plus 40 Minuten zum Backen","recipe_type":5193,"recipe_difficulty":126,"recipe_diet_type":[134],"recipe_main_ingredient":[120],"recipe_saison":[143],"recipe_count_portions":4,"recipe_ingedients":[{"recipe_ingedients_amount":"","recipe_ingedients_unit":"g","recipe_ingedients_product":""}],"temporare_zutaten":"500 g mehligkochende Kartoffeln\r\nSalz\r\n6 grosse, milde Zwiebeln \u00e0 ca. 200 g\r\n120 g Speckw\u00fcrfeli\r\n2 Zweige Thymian\r\n1 Zweig Majoran\r\n1 dl Rahm oder Halbrahm\r\n3-4 dl Bouillon\r\n200 g Emmentaler AOP\r\nPfeffer, Muskatnuss","recipe_preparation":"Kartoffeln sch\u00e4len, in W\u00fcrfel schneiden und in Salzwasser sehr weich kochen. In der Zwischenzeit Zwiebeln sch\u00e4len und halbieren. Zwiebelinneres bis auf die beiden \u00e4usseren Schichten herausl\u00f6sen und fein hacken. Speckw\u00fcrfeli leicht anbraten, gehackte Zwiebeln und abgestreifte Thymian- und Majoranbl\u00e4ttchen zuf\u00fcgen. Gut and\u00fcnsten, mit Rahm und 1 dl Bouillon abl\u00f6schen, etwa 5 Minuten k\u00f6cheln.\r\n\r\nEmmentaler AOP fein reiben. Kartoffeln gut abtropfen und mit einer Gabel zerdr\u00fccken. Kartoffeln und \u00be des K\u00e4ses unter die Zwiebelmischung r\u00fchren. Mit Salz, Pfeffer und Muskatnuss abschmecken.\r\n\r\nF\u00fcllung in die Zwiebelh\u00fcllen f\u00fcllen, in eine Gratinform stellen und Bouillon dazu giessen. Mit Alufolie bedecken und in der Mitte des 200 Grad heissen Ofen 20 Minuten backen. Alufolie entfernen, restlichen K\u00e4se \u00fcber die Zwiebeln streuen und weitere 20 Minuten \u00fcberbacken.","recipe_images":[24814]},"_links":{"self":[{"href":"https:\/\/www.emmentaler.ch\/de\/wp-json\/wp\/v2\/recipes\/24798"}],"collection":[{"href":"https:\/\/www.emmentaler.ch\/de\/wp-json\/wp\/v2\/recipes"}],"about":[{"href":"https:\/\/www.emmentaler.ch\/de\/wp-json\/wp\/v2\/types\/recipes"}],"author":[{"embeddable":true,"href":"https:\/\/www.emmentaler.ch\/de\/wp-json\/wp\/v2\/users\/2"}],"version-history":[{"count":0,"href":"https:\/\/www.emmentaler.ch\/de\/wp-json\/wp\/v2\/recipes\/24798\/revisions"}],"acf:attachment":[{"embeddable":true,"href":"https:\/\/www.emmentaler.ch\/de\/wp-json\/wp\/v2\/media\/24814"}],"acf:term":[{"embeddable":true,"taxonomy":"recipe_saison","href":"https:\/\/www.emmentaler.ch\/de\/wp-json\/wp\/v2\/recipe_saison\/143"},{"embeddable":true,"taxonomy":"recipe_main_ingredient","href":"https:\/\/www.emmentaler.ch\/de\/wp-json\/wp\/v2\/recipe_main_ingredient\/120"},{"embeddable":true,"taxonomy":"recipe_diet_type","href":"https:\/\/www.emmentaler.ch\/de\/wp-json\/wp\/v2\/recipe_diet_type\/134"},{"embeddable":true,"taxonomy":"recipe_difficulty","href":"https:\/\/www.emmentaler.ch\/de\/wp-json\/wp\/v2\/recipe_difficulty\/126"},{"embeddable":true,"taxonomy":"recipe_categories","href":"https:\/\/www.emmentaler.ch\/de\/wp-json\/wp\/v2\/recipe_categories\/86"},{"embeddable":true,"taxonomy":"recipe_preparation_time","href":"https:\/\/www.emmentaler.ch\/de\/wp-json\/wp\/v2\/recipe_preparation_time\/174"}],"acf:post":[{"embeddable":true,"href":"https:\/\/www.emmentaler.ch\/de\/wp-json\/wp\/v2\/pages\/5193"}],"wp:featuredmedia":[{"embeddable":true,"href":"https:\/\/www.emmentaler.ch\/de\/wp-json\/wp\/v2\/media\/24814"}],"wp:attachment":[{"href":"https:\/\/www.emmentaler.ch\/de\/wp-json\/wp\/v2\/media?parent=24798"}],"wp:term":[{"taxonomy":"post_tag","embeddable":true,"href":"https:\/\/www.emmentaler.ch\/de\/wp-json\/wp\/v2\/tags?post=24798"},{"taxonomy":"recipe_categories","embeddable":true,"href":"https:\/\/www.emmentaler.ch\/de\/wp-json\/wp\/v2\/recipe_categories?post=24798"},{"taxonomy":"et_countries","embeddable":true,"href":"https:\/\/www.emmentaler.ch\/de\/wp-json\/wp\/v2\/et_countries?post=24798"},{"taxonomy":"recipe_main_ingredient","embeddable":true,"href":"https:\/\/www.emmentaler.ch\/de\/wp-json\/wp\/v2\/recipe_main_ingredient?post=24798"},{"taxonomy":"recipe_difficulty","embeddable":true,"href":"https:\/\/www.emmentaler.ch\/de\/wp-json\/wp\/v2\/recipe_difficulty?post=24798"},{"taxonomy":"recipe_preparation_time","embeddable":true,"href":"https:\/\/www.emmentaler.ch\/de\/wp-json\/wp\/v2\/recipe_preparation_time?post=24798"},{"taxonomy":"recipe_diet_type","embeddable":true,"href":"https:\/\/www.emmentaler.ch\/de\/wp-json\/wp\/v2\/recipe_diet_type?post=24798"},{"taxonomy":"recipe_saison","embeddable":true,"href":"https:\/\/www.emmentaler.ch\/de\/wp-json\/wp\/v2\/recipe_saison?post=24798"}],"curies":[{"name":"wp","href":"https:\/\/api.w.org\/{rel}","templated":true}]}}

Zwiebeln gefüllt mit Kartoffeln und Speck

500 g mehligkochende Kartoffeln
Salz
6 grosse, milde Zwiebeln à ca. 200 g
120 g Speckwürfeli
2 Zweige Thymian
1 Zweig Majoran
1 dl Rahm oder Halbrahm
3-4 dl Bouillon
200 g Emmentaler AOP
Pfeffer, Muskatnuss

Kartoffeln schälen, in Würfel schneiden und in Salzwasser sehr weich kochen. In der Zwischenzeit Zwiebeln schälen und halbieren. Zwiebelinneres bis auf die beiden äusseren Schichten herauslösen und fein hacken. Speckwürfeli leicht anbraten, gehackte Zwiebeln und abgestreifte Thymian- und Majoranblättchen zufügen. Gut andünsten, mit Rahm und 1 dl Bouillon ablöschen, etwa 5 Minuten köcheln.

Emmentaler AOP fein reiben. Kartoffeln gut abtropfen und mit einer Gabel zerdrücken. Kartoffeln und ¾ des Käses unter die Zwiebelmischung rühren. Mit Salz, Pfeffer und Muskatnuss abschmecken.

Füllung in die Zwiebelhüllen füllen, in eine Gratinform stellen und Bouillon dazu giessen. Mit Alufolie bedecken und in der Mitte des 200 Grad heissen Ofen 20 Minuten backen. Alufolie entfernen, restlichen Käse über die Zwiebeln streuen und weitere 20 Minuten überbacken.
