{"id":24890,"date":"2022-04-27T13:41:56","date_gmt":"2022-04-27T11:41:56","guid":{"rendered":"https:\/\/www.emmentaler.ch\/rezept\/ei-im-broetchen"},"modified":"2024-07-24T13:14:36","modified_gmt":"2024-07-24T11:14:36","slug":"ei-im-broetchen","status":"publish","type":"recipes","link":"https:\/\/www.emmentaler.ch\/de\/rezept\/ei-im-broetchen","title":{"rendered":"Ei im Br\u00f6tchen"},"author":2,"featured_media":24916,"menu_order":0,"template":"","meta":{"inline_featured_image":false},"tags":[734,788],"recipe_categories":[149],"et_countries":[],"recipe_main_ingredient":[],"recipe_difficulty":[125],"recipe_preparation_time":[436],"recipe_diet_type":[132],"recipe_saison":[143],"acf":{"recipe_preparation_time":436,"recipe_categories":149,"recipe_time_txt":"15 Minuten plus 15 Minuten im Ofen","recipe_type":5195,"recipe_difficulty":125,"recipe_diet_type":[132],"recipe_main_ingredient":false,"recipe_saison":[143],"recipe_count_portions":4,"recipe_ingedients":[{"recipe_ingedients_amount":"","recipe_ingedients_unit":"g","recipe_ingedients_product":""}],"temporare_zutaten":"4 grosse Br\u00f6tchen oder Sandwichbr\u00f6tchen\r\n1 Bund Schnittlauch\r\n1 Bund Petersilie\r\n100 g milder Emmentaler AOP\r\n75 g saurer Halbrahm\r\nSalz, Pfeffer\r\n4 Eier","recipe_preparation":"Br\u00f6tchendeckel wegschneiden. Das Innere der Br\u00f6tchen ausl\u00f6sen (kann als Paniermehl weiterverwendet werden). Schnittlauch in R\u00f6llchen schneiden, ein wenig davon f\u00fcr die Garnitur reservieren. Petersilie hacken. Emmentaler AOP fein reiben. Kr\u00e4uter mit 75 g Emmentaler AOP und saurem Halbrahm verr\u00fchren, w\u00fcrzen.\r\n\r\nMischung in die Br\u00f6tchen streichen. Eier einzeln in einer Tasse aufschlagen und vorsichtig in die Br\u00f6tchen gleiten lassen. Mit dem restlichen Emmentaler AOP bestreuen.\r\n\r\nF\u00fcr 15-18 Minuten in den 180 Grad heissen Ofen stellen, bis die Eier gestockt sind und die Oberfl\u00e4che goldgelb \u00fcberbacken ist. Br\u00f6tchendeckel am Schluss ca. 3 Minuten mitbacken.\r\n\r\nEier mit Schnittlauchr\u00f6llchen bestreuen, Deckel aufsetzen und sofort servieren.","recipe_images":[24921,24926,24911]},"_links":{"self":[{"href":"https:\/\/www.emmentaler.ch\/de\/wp-json\/wp\/v2\/recipes\/24890"}],"collection":[{"href":"https:\/\/www.emmentaler.ch\/de\/wp-json\/wp\/v2\/recipes"}],"about":[{"href":"https:\/\/www.emmentaler.ch\/de\/wp-json\/wp\/v2\/types\/recipes"}],"author":[{"embeddable":true,"href":"https:\/\/www.emmentaler.ch\/de\/wp-json\/wp\/v2\/users\/2"}],"version-history":[{"count":1,"href":"https:\/\/www.emmentaler.ch\/de\/wp-json\/wp\/v2\/recipes\/24890\/revisions"}],"predecessor-version":[{"id":137817,"href":"https:\/\/www.emmentaler.ch\/de\/wp-json\/wp\/v2\/recipes\/24890\/revisions\/137817"}],"acf:attachment":[{"embeddable":true,"href":"https:\/\/www.emmentaler.ch\/de\/wp-json\/wp\/v2\/media\/24911"},{"embeddable":true,"href":"https:\/\/www.emmentaler.ch\/de\/wp-json\/wp\/v2\/media\/24926"},{"embeddable":true,"href":"https:\/\/www.emmentaler.ch\/de\/wp-json\/wp\/v2\/media\/24921"}],"acf:term":[{"embeddable":true,"taxonomy":"recipe_saison","href":"https:\/\/www.emmentaler.ch\/de\/wp-json\/wp\/v2\/recipe_saison\/143"},{"embeddable":true,"taxonomy":"recipe_diet_type","href":"https:\/\/www.emmentaler.ch\/de\/wp-json\/wp\/v2\/recipe_diet_type\/132"},{"embeddable":true,"taxonomy":"recipe_difficulty","href":"https:\/\/www.emmentaler.ch\/de\/wp-json\/wp\/v2\/recipe_difficulty\/125"},{"embeddable":true,"taxonomy":"recipe_categories","href":"https:\/\/www.emmentaler.ch\/de\/wp-json\/wp\/v2\/recipe_categories\/149"},{"embeddable":true,"taxonomy":"recipe_preparation_time","href":"https:\/\/www.emmentaler.ch\/de\/wp-json\/wp\/v2\/recipe_preparation_time\/436"}],"acf:post":[{"embeddable":true,"href":"https:\/\/www.emmentaler.ch\/de\/wp-json\/wp\/v2\/pages\/5195"}],"wp:featuredmedia":[{"embeddable":true,"href":"https:\/\/www.emmentaler.ch\/de\/wp-json\/wp\/v2\/media\/24916"}],"wp:attachment":[{"href":"https:\/\/www.emmentaler.ch\/de\/wp-json\/wp\/v2\/media?parent=24890"}],"wp:term":[{"taxonomy":"post_tag","embeddable":true,"href":"https:\/\/www.emmentaler.ch\/de\/wp-json\/wp\/v2\/tags?post=24890"},{"taxonomy":"recipe_categories","embeddable":true,"href":"https:\/\/www.emmentaler.ch\/de\/wp-json\/wp\/v2\/recipe_categories?post=24890"},{"taxonomy":"et_countries","embeddable":true,"href":"https:\/\/www.emmentaler.ch\/de\/wp-json\/wp\/v2\/et_countries?post=24890"},{"taxonomy":"recipe_main_ingredient","embeddable":true,"href":"https:\/\/www.emmentaler.ch\/de\/wp-json\/wp\/v2\/recipe_main_ingredient?post=24890"},{"taxonomy":"recipe_difficulty","embeddable":true,"href":"https:\/\/www.emmentaler.ch\/de\/wp-json\/wp\/v2\/recipe_difficulty?post=24890"},{"taxonomy":"recipe_preparation_time","embeddable":true,"href":"https:\/\/www.emmentaler.ch\/de\/wp-json\/wp\/v2\/recipe_preparation_time?post=24890"},{"taxonomy":"recipe_diet_type","embeddable":true,"href":"https:\/\/www.emmentaler.ch\/de\/wp-json\/wp\/v2\/recipe_diet_type?post=24890"},{"taxonomy":"recipe_saison","embeddable":true,"href":"https:\/\/www.emmentaler.ch\/de\/wp-json\/wp\/v2\/recipe_saison?post=24890"}],"curies":[{"name":"wp","href":"https:\/\/api.w.org\/{rel}","templated":true}]}}

Ei im Brötchen

4 grosse Brötchen oder Sandwichbrötchen
1 Bund Schnittlauch
1 Bund Petersilie
100 g milder Emmentaler AOP
75 g saurer Halbrahm
Salz, Pfeffer
4 Eier

Brötchendeckel wegschneiden. Das Innere der Brötchen auslösen (kann als Paniermehl weiterverwendet werden). Schnittlauch in Röllchen schneiden, ein wenig davon für die Garnitur reservieren. Petersilie hacken. Emmentaler AOP fein reiben. Kräuter mit 75 g Emmentaler AOP und saurem Halbrahm verrühren, würzen.

Mischung in die Brötchen streichen. Eier einzeln in einer Tasse aufschlagen und vorsichtig in die Brötchen gleiten lassen. Mit dem restlichen Emmentaler AOP bestreuen.

Für 15-18 Minuten in den 180 Grad heissen Ofen stellen, bis die Eier gestockt sind und die Oberfläche goldgelb überbacken ist. Brötchendeckel am Schluss ca. 3 Minuten mitbacken.

Eier mit Schnittlauchröllchen bestreuen, Deckel aufsetzen und sofort servieren.
