{"id":24951,"date":"2022-04-27T13:42:37","date_gmt":"2022-04-27T11:42:37","guid":{"rendered":"https:\/\/www.emmentaler.ch\/rezept\/emmentaler-aop-nachos-mit-avocado-dip"},"modified":"2024-07-24T13:14:02","modified_gmt":"2024-07-24T11:14:02","slug":"emmentaler-aop-nachos-mit-avocado-dip","status":"publish","type":"recipes","link":"https:\/\/www.emmentaler.ch\/de\/rezept\/emmentaler-aop-nachos-mit-avocado-dip","title":{"rendered":"Nachos mit Avocado-Dip"},"author":2,"featured_media":24977,"menu_order":0,"template":"","meta":{"inline_featured_image":false},"tags":[788],"recipe_categories":[152],"et_countries":[],"recipe_main_ingredient":[123],"recipe_difficulty":[125],"recipe_preparation_time":[154],"recipe_diet_type":[133,132],"recipe_saison":[142,143],"acf":{"recipe_preparation_time":154,"recipe_categories":152,"recipe_time_txt":"20 Minuten plus 10 Minuten im Ofen","recipe_type":5357,"recipe_difficulty":125,"recipe_diet_type":[133,132],"recipe_main_ingredient":[123],"recipe_saison":[142,143],"recipe_count_portions":4,"recipe_ingedients":[{"recipe_ingedients_amount":"","recipe_ingedients_unit":"g","recipe_ingedients_product":""}],"temporare_zutaten":"2 Avocados\r\n3 EL Zitronensaft\r\n\u00bd Becher Saurer Halbrahm, ca. 90 g\r\nSalz, Pfeffer\r\n300 g rezenter Emmentaler AOP\r\nca. 200 g Tortilla Chips, mild oder scharf\r\n1 rote Peperoni\r\n2 Tomaten\r\n75 g schwarze entsteinte Oliven\r\n2 Fr\u00fchlingszwiebeln","recipe_preparation":"F\u00fcr die Sauce beide Avocados halbieren und die Steine entfernen. Fruchtfleisch mit einem L\u00f6ffel aus der Schale l\u00f6sen und in eine Sch\u00fcssel geben. Zitronensaft, Saurer Halbrahm, Salz und Pfeffer zuf\u00fcgen, alles mit einer Gabel zerdr\u00fccken und gut vermischen.\r\n\r\nEmmentaler AOP an einer R\u00f6stiraffel reiben. Tortilla Chips auf einer ofenfesten Platte oder auf einem mit Backpapier belegten Backblech verteilen. Peperoni halbieren, Kerne entfernen. Peperoni in Streifen schneiden. Tomaten w\u00fcrfeln.\r\n\r\nPeperoni, Tomaten und Oliven auf den Tortilla Chips verteilen. Emmentaler AOP dar\u00fcber streuen.\r\n\r\nIn der Mitte des 220 Grad heissen Ofens ca. 10 Minuten \u00fcberbacken. Fr\u00fchlingszwiebeln mit dem Gr\u00fcn in Ringe schneiden, \u00fcber die Nachos verteilen und mit der Sauce servieren.\r\n\r\nInfo: Wenn Tortilla Chips mit K\u00e4se \u00fcberbackene werden, nennt man sie Nachos.","recipe_images":[24982,24977,24987]},"_links":{"self":[{"href":"https:\/\/www.emmentaler.ch\/de\/wp-json\/wp\/v2\/recipes\/24951"}],"collection":[{"href":"https:\/\/www.emmentaler.ch\/de\/wp-json\/wp\/v2\/recipes"}],"about":[{"href":"https:\/\/www.emmentaler.ch\/de\/wp-json\/wp\/v2\/types\/recipes"}],"author":[{"embeddable":true,"href":"https:\/\/www.emmentaler.ch\/de\/wp-json\/wp\/v2\/users\/2"}],"version-history":[{"count":1,"href":"https:\/\/www.emmentaler.ch\/de\/wp-json\/wp\/v2\/recipes\/24951\/revisions"}],"predecessor-version":[{"id":137805,"href":"https:\/\/www.emmentaler.ch\/de\/wp-json\/wp\/v2\/recipes\/24951\/revisions\/137805"}],"acf:attachment":[{"embeddable":true,"href":"https:\/\/www.emmentaler.ch\/de\/wp-json\/wp\/v2\/media\/24987"},{"embeddable":true,"href":"https:\/\/www.emmentaler.ch\/de\/wp-json\/wp\/v2\/media\/24977"},{"embeddable":true,"href":"https:\/\/www.emmentaler.ch\/de\/wp-json\/wp\/v2\/media\/24982"}],"acf:term":[{"embeddable":true,"taxonomy":"recipe_saison","href":"https:\/\/www.emmentaler.ch\/de\/wp-json\/wp\/v2\/recipe_saison\/143"},{"embeddable":true,"taxonomy":"recipe_saison","href":"https:\/\/www.emmentaler.ch\/de\/wp-json\/wp\/v2\/recipe_saison\/142"},{"embeddable":true,"taxonomy":"recipe_main_ingredient","href":"https:\/\/www.emmentaler.ch\/de\/wp-json\/wp\/v2\/recipe_main_ingredient\/123"},{"embeddable":true,"taxonomy":"recipe_diet_type","href":"https:\/\/www.emmentaler.ch\/de\/wp-json\/wp\/v2\/recipe_diet_type\/132"},{"embeddable":true,"taxonomy":"recipe_diet_type","href":"https:\/\/www.emmentaler.ch\/de\/wp-json\/wp\/v2\/recipe_diet_type\/133"},{"embeddable":true,"taxonomy":"recipe_difficulty","href":"https:\/\/www.emmentaler.ch\/de\/wp-json\/wp\/v2\/recipe_difficulty\/125"},{"embeddable":true,"taxonomy":"recipe_categories","href":"https:\/\/www.emmentaler.ch\/de\/wp-json\/wp\/v2\/recipe_categories\/152"},{"embeddable":true,"taxonomy":"recipe_preparation_time","href":"https:\/\/www.emmentaler.ch\/de\/wp-json\/wp\/v2\/recipe_preparation_time\/154"}],"acf:post":[{"embeddable":true,"href":"https:\/\/www.emmentaler.ch\/de\/wp-json\/wp\/v2\/pages\/5357"}],"wp:featuredmedia":[{"embeddable":true,"href":"https:\/\/www.emmentaler.ch\/de\/wp-json\/wp\/v2\/media\/24977"}],"wp:attachment":[{"href":"https:\/\/www.emmentaler.ch\/de\/wp-json\/wp\/v2\/media?parent=24951"}],"wp:term":[{"taxonomy":"post_tag","embeddable":true,"href":"https:\/\/www.emmentaler.ch\/de\/wp-json\/wp\/v2\/tags?post=24951"},{"taxonomy":"recipe_categories","embeddable":true,"href":"https:\/\/www.emmentaler.ch\/de\/wp-json\/wp\/v2\/recipe_categories?post=24951"},{"taxonomy":"et_countries","embeddable":true,"href":"https:\/\/www.emmentaler.ch\/de\/wp-json\/wp\/v2\/et_countries?post=24951"},{"taxonomy":"recipe_main_ingredient","embeddable":true,"href":"https:\/\/www.emmentaler.ch\/de\/wp-json\/wp\/v2\/recipe_main_ingredient?post=24951"},{"taxonomy":"recipe_difficulty","embeddable":true,"href":"https:\/\/www.emmentaler.ch\/de\/wp-json\/wp\/v2\/recipe_difficulty?post=24951"},{"taxonomy":"recipe_preparation_time","embeddable":true,"href":"https:\/\/www.emmentaler.ch\/de\/wp-json\/wp\/v2\/recipe_preparation_time?post=24951"},{"taxonomy":"recipe_diet_type","embeddable":true,"href":"https:\/\/www.emmentaler.ch\/de\/wp-json\/wp\/v2\/recipe_diet_type?post=24951"},{"taxonomy":"recipe_saison","embeddable":true,"href":"https:\/\/www.emmentaler.ch\/de\/wp-json\/wp\/v2\/recipe_saison?post=24951"}],"curies":[{"name":"wp","href":"https:\/\/api.w.org\/{rel}","templated":true}]}}

2 Avocados
3 EL Zitronensaft
½ Becher Saurer Halbrahm, ca. 90 g
Salz, Pfeffer
300 g rezenter Emmentaler AOP
ca. 200 g Tortilla Chips, mild oder scharf
1 rote Peperoni
2 Tomaten
75 g schwarze entsteinte Oliven
2 Frühlingszwiebeln

Für die Sauce beide Avocados halbieren und die Steine entfernen. Fruchtfleisch mit einem Löffel aus der Schale lösen und in eine Schüssel geben. Zitronensaft, Saurer Halbrahm, Salz und Pfeffer zufügen, alles mit einer Gabel zerdrücken und gut vermischen.

Emmentaler AOP an einer Röstiraffel reiben. Tortilla Chips auf einer ofenfesten Platte oder auf einem mit Backpapier belegten Backblech verteilen. Peperoni halbieren, Kerne entfernen. Peperoni in Streifen schneiden. Tomaten würfeln.

Peperoni, Tomaten und Oliven auf den Tortilla Chips verteilen. Emmentaler AOP darüber streuen.

In der Mitte des 220 Grad heissen Ofens ca. 10 Minuten überbacken. Frühlingszwiebeln mit dem Grün in Ringe schneiden, über die Nachos verteilen und mit der Sauce servieren.

Info: Wenn Tortilla Chips mit Käse überbackene werden, nennt man sie Nachos.
