{"id":25134,"date":"2022-04-27T13:42:37","date_gmt":"2022-04-27T11:42:37","guid":{"rendered":"https:\/\/www.emmentaler.ch\/rezept\/quinoa-salat-mit-himbeeren"},"modified":"2024-07-24T13:14:07","modified_gmt":"2024-07-24T11:14:07","slug":"quinoa-salat-mit-himbeeren","status":"publish","type":"recipes","link":"https:\/\/www.emmentaler.ch\/de\/rezept\/quinoa-salat-mit-himbeeren","title":{"rendered":"Quinoa Salat mit Himbeeren"},"author":2,"featured_media":25160,"menu_order":0,"template":"","meta":{"inline_featured_image":false},"tags":[788],"recipe_categories":[86],"et_countries":[],"recipe_main_ingredient":[124],"recipe_difficulty":[125],"recipe_preparation_time":[151],"recipe_diet_type":[134,132],"recipe_saison":[142,140,137,135],"acf":{"recipe_preparation_time":151,"recipe_categories":86,"recipe_time_txt":"","recipe_type":5231,"recipe_difficulty":125,"recipe_diet_type":[134,132],"recipe_main_ingredient":[124],"recipe_saison":[142,140,137,135],"recipe_count_portions":4,"recipe_ingedients":[{"recipe_ingedients_amount":"","recipe_ingedients_unit":"g","recipe_ingedients_product":""}],"temporare_zutaten":"250 g Quinoa\r\n5 dl Gem\u00fcsebouillon\r\n4 EL Raps\u00f6l\r\n3 EL Apfelessig\r\n2 EL Zitronensaft\r\n1 TL Senf\r\n100 g Joghurt\r\nSalz, Pfeffer\r\n250 g rezenter Emmentaler AOP\r\n4-5 St\u00e4ngel Stangensellerie mit Gr\u00fcn\r\n1 TL rosa Pfefferk\u00f6rner\r\n125 g Himbeeren","recipe_preparation":"Quinoa in ein Sieb geben, mit kaltem Wasser abbrausen. Mit der Gem\u00fcsebouillon aufkochen und 15 Minuten k\u00f6cheln. Quinoa ausquellen und abk\u00fchlen lassen.\r\n\r\nF\u00fcr die Sauce Raps\u00f6l, Apfelessig, Zitronensaft, Senf und Joghurt verr\u00fchren, mit Salz und Pfeffer w\u00fcrzen. Emmentaler AOP in kleine W\u00fcrfel schneiden. Stangensellerie mit dem Gr\u00fcn in d\u00fcnne Scheibchen schneiden. Rosa Pfefferk\u00f6rner leicht zerdr\u00fccken. Alles in die Sauce geben und gut mischen. Himbeeren dar\u00fcber streuen.\r\n\r\nDieser Salat eignet sich gut zum Mitnehmen.","recipe_images":[25170,25165,25160]},"_links":{"self":[{"href":"https:\/\/www.emmentaler.ch\/de\/wp-json\/wp\/v2\/recipes\/25134"}],"collection":[{"href":"https:\/\/www.emmentaler.ch\/de\/wp-json\/wp\/v2\/recipes"}],"about":[{"href":"https:\/\/www.emmentaler.ch\/de\/wp-json\/wp\/v2\/types\/recipes"}],"author":[{"embeddable":true,"href":"https:\/\/www.emmentaler.ch\/de\/wp-json\/wp\/v2\/users\/2"}],"version-history":[{"count":1,"href":"https:\/\/www.emmentaler.ch\/de\/wp-json\/wp\/v2\/recipes\/25134\/revisions"}],"predecessor-version":[{"id":137807,"href":"https:\/\/www.emmentaler.ch\/de\/wp-json\/wp\/v2\/recipes\/25134\/revisions\/137807"}],"acf:attachment":[{"embeddable":true,"href":"https:\/\/www.emmentaler.ch\/de\/wp-json\/wp\/v2\/media\/25160"},{"embeddable":true,"href":"https:\/\/www.emmentaler.ch\/de\/wp-json\/wp\/v2\/media\/25165"},{"embeddable":true,"href":"https:\/\/www.emmentaler.ch\/de\/wp-json\/wp\/v2\/media\/25170"}],"acf:term":[{"embeddable":true,"taxonomy":"recipe_saison","href":"https:\/\/www.emmentaler.ch\/de\/wp-json\/wp\/v2\/recipe_saison\/135"},{"embeddable":true,"taxonomy":"recipe_saison","href":"https:\/\/www.emmentaler.ch\/de\/wp-json\/wp\/v2\/recipe_saison\/137"},{"embeddable":true,"taxonomy":"recipe_saison","href":"https:\/\/www.emmentaler.ch\/de\/wp-json\/wp\/v2\/recipe_saison\/140"},{"embeddable":true,"taxonomy":"recipe_saison","href":"https:\/\/www.emmentaler.ch\/de\/wp-json\/wp\/v2\/recipe_saison\/142"},{"embeddable":true,"taxonomy":"recipe_main_ingredient","href":"https:\/\/www.emmentaler.ch\/de\/wp-json\/wp\/v2\/recipe_main_ingredient\/124"},{"embeddable":true,"taxonomy":"recipe_diet_type","href":"https:\/\/www.emmentaler.ch\/de\/wp-json\/wp\/v2\/recipe_diet_type\/132"},{"embeddable":true,"taxonomy":"recipe_diet_type","href":"https:\/\/www.emmentaler.ch\/de\/wp-json\/wp\/v2\/recipe_diet_type\/134"},{"embeddable":true,"taxonomy":"recipe_difficulty","href":"https:\/\/www.emmentaler.ch\/de\/wp-json\/wp\/v2\/recipe_difficulty\/125"},{"embeddable":true,"taxonomy":"recipe_categories","href":"https:\/\/www.emmentaler.ch\/de\/wp-json\/wp\/v2\/recipe_categories\/86"},{"embeddable":true,"taxonomy":"recipe_preparation_time","href":"https:\/\/www.emmentaler.ch\/de\/wp-json\/wp\/v2\/recipe_preparation_time\/151"}],"acf:post":[{"embeddable":true,"href":"https:\/\/www.emmentaler.ch\/de\/wp-json\/wp\/v2\/pages\/5231"}],"wp:featuredmedia":[{"embeddable":true,"href":"https:\/\/www.emmentaler.ch\/de\/wp-json\/wp\/v2\/media\/25160"}],"wp:attachment":[{"href":"https:\/\/www.emmentaler.ch\/de\/wp-json\/wp\/v2\/media?parent=25134"}],"wp:term":[{"taxonomy":"post_tag","embeddable":true,"href":"https:\/\/www.emmentaler.ch\/de\/wp-json\/wp\/v2\/tags?post=25134"},{"taxonomy":"recipe_categories","embeddable":true,"href":"https:\/\/www.emmentaler.ch\/de\/wp-json\/wp\/v2\/recipe_categories?post=25134"},{"taxonomy":"et_countries","embeddable":true,"href":"https:\/\/www.emmentaler.ch\/de\/wp-json\/wp\/v2\/et_countries?post=25134"},{"taxonomy":"recipe_main_ingredient","embeddable":true,"href":"https:\/\/www.emmentaler.ch\/de\/wp-json\/wp\/v2\/recipe_main_ingredient?post=25134"},{"taxonomy":"recipe_difficulty","embeddable":true,"href":"https:\/\/www.emmentaler.ch\/de\/wp-json\/wp\/v2\/recipe_difficulty?post=25134"},{"taxonomy":"recipe_preparation_time","embeddable":true,"href":"https:\/\/www.emmentaler.ch\/de\/wp-json\/wp\/v2\/recipe_preparation_time?post=25134"},{"taxonomy":"recipe_diet_type","embeddable":true,"href":"https:\/\/www.emmentaler.ch\/de\/wp-json\/wp\/v2\/recipe_diet_type?post=25134"},{"taxonomy":"recipe_saison","embeddable":true,"href":"https:\/\/www.emmentaler.ch\/de\/wp-json\/wp\/v2\/recipe_saison?post=25134"}],"curies":[{"name":"wp","href":"https:\/\/api.w.org\/{rel}","templated":true}]}}

250 g Quinoa
5 dl Gemüsebouillon
4 EL Rapsöl
3 EL Apfelessig
2 EL Zitronensaft
1 TL Senf
100 g Joghurt
Salz, Pfeffer
250 g rezenter Emmentaler AOP
4-5 Stängel Stangensellerie mit Grün
1 TL rosa Pfefferkörner
125 g Himbeeren

Quinoa in ein Sieb geben, mit kaltem Wasser abbrausen. Mit der Gemüsebouillon aufkochen und 15 Minuten köcheln. Quinoa ausquellen und abkühlen lassen.

Für die Sauce Rapsöl, Apfelessig, Zitronensaft, Senf und Joghurt verrühren, mit Salz und Pfeffer würzen. Emmentaler AOP in kleine Würfel schneiden. Stangensellerie mit dem Grün in dünne Scheibchen schneiden. Rosa Pfefferkörner leicht zerdrücken. Alles in die Sauce geben und gut mischen. Himbeeren darüber streuen.

Dieser Salat eignet sich gut zum Mitnehmen.
