{"id":25256,"date":"2022-04-27T13:42:37","date_gmt":"2022-04-27T11:42:37","guid":{"rendered":"https:\/\/www.emmentaler.ch\/rezept\/schwingerhoernli-salat"},"modified":"2024-07-24T13:14:10","modified_gmt":"2024-07-24T11:14:10","slug":"schwingerhoernli-salat","status":"publish","type":"recipes","link":"https:\/\/www.emmentaler.ch\/de\/rezept\/schwingerhoernli-salat","title":{"rendered":"Schwingerh\u00f6rnli-Salat"},"author":2,"featured_media":25282,"menu_order":0,"template":"","meta":{"inline_featured_image":false},"tags":[788],"recipe_categories":[86],"et_countries":[],"recipe_main_ingredient":[124,123],"recipe_difficulty":[125],"recipe_preparation_time":[151],"recipe_diet_type":[132],"recipe_saison":[142,143,140,135],"acf":{"recipe_preparation_time":151,"recipe_categories":86,"recipe_time_txt":"","recipe_type":5195,"recipe_difficulty":125,"recipe_diet_type":[132],"recipe_main_ingredient":[124,123],"recipe_saison":[142,143,140,135],"recipe_count_portions":4,"recipe_ingedients":[{"recipe_ingedients_amount":"","recipe_ingedients_unit":"g","recipe_ingedients_product":""}],"temporare_zutaten":"300 g tiefgek\u00fchlte oder frische, enth\u00fclste Erbsli\r\nSalz\r\n400 g Schwingerh\u00f6rnli oder andere Teigwaren\r\n3 Essiggurken\r\n3 EL Mayonnaise\r\n3 EL Joghurt\r\n1 EL Senf\r\n3 EL Essiggurkensud\r\nSalz, Pfeffer\r\n3 EL Sonnenblumenkerne\r\n2 rotschalige \u00c4pfel\r\n250 g milder Emmentaler AOP\r\n1 Bund Schnittlauch\r\n100 g Mostbr\u00f6ckli","recipe_preparation":"Erbsen in reichlich Salzwasser garen. Erbsen mit einer Lochkelle herausheben, in ein Sieb geben und kalt abschrecken. H\u00f6rnli im gleichen Wasser al dente kochen, abgiessen und kalt abschrecken.\r\n\r\nMayonnaise, Joghurt, Senf und Essiggurkensud mit Salz und Pfeffer zu einer Sauce verr\u00fchren. Sonnenblumenkerne in einer Pfanne ohne Fett hellbraun r\u00f6sten. \u00c4pfel vierteln, entkernen und in St\u00fccke schneiden. Emmentaler AOP in St\u00e4bchen schneiden. Schnittlauch fein schneiden. Mostbr\u00f6ckli in St\u00fccke zupfen.\r\n\r\nAlle Zutaten mit der Sauce vermischen.","recipe_images":[25287,25292,25277]},"_links":{"self":[{"href":"https:\/\/www.emmentaler.ch\/de\/wp-json\/wp\/v2\/recipes\/25256"}],"collection":[{"href":"https:\/\/www.emmentaler.ch\/de\/wp-json\/wp\/v2\/recipes"}],"about":[{"href":"https:\/\/www.emmentaler.ch\/de\/wp-json\/wp\/v2\/types\/recipes"}],"author":[{"embeddable":true,"href":"https:\/\/www.emmentaler.ch\/de\/wp-json\/wp\/v2\/users\/2"}],"version-history":[{"count":1,"href":"https:\/\/www.emmentaler.ch\/de\/wp-json\/wp\/v2\/recipes\/25256\/revisions"}],"predecessor-version":[{"id":137808,"href":"https:\/\/www.emmentaler.ch\/de\/wp-json\/wp\/v2\/recipes\/25256\/revisions\/137808"}],"acf:attachment":[{"embeddable":true,"href":"https:\/\/www.emmentaler.ch\/de\/wp-json\/wp\/v2\/media\/25277"},{"embeddable":true,"href":"https:\/\/www.emmentaler.ch\/de\/wp-json\/wp\/v2\/media\/25292"},{"embeddable":true,"href":"https:\/\/www.emmentaler.ch\/de\/wp-json\/wp\/v2\/media\/25287"}],"acf:term":[{"embeddable":true,"taxonomy":"recipe_saison","href":"https:\/\/www.emmentaler.ch\/de\/wp-json\/wp\/v2\/recipe_saison\/135"},{"embeddable":true,"taxonomy":"recipe_saison","href":"https:\/\/www.emmentaler.ch\/de\/wp-json\/wp\/v2\/recipe_saison\/140"},{"embeddable":true,"taxonomy":"recipe_saison","href":"https:\/\/www.emmentaler.ch\/de\/wp-json\/wp\/v2\/recipe_saison\/143"},{"embeddable":true,"taxonomy":"recipe_saison","href":"https:\/\/www.emmentaler.ch\/de\/wp-json\/wp\/v2\/recipe_saison\/142"},{"embeddable":true,"taxonomy":"recipe_main_ingredient","href":"https:\/\/www.emmentaler.ch\/de\/wp-json\/wp\/v2\/recipe_main_ingredient\/123"},{"embeddable":true,"taxonomy":"recipe_main_ingredient","href":"https:\/\/www.emmentaler.ch\/de\/wp-json\/wp\/v2\/recipe_main_ingredient\/124"},{"embeddable":true,"taxonomy":"recipe_diet_type","href":"https:\/\/www.emmentaler.ch\/de\/wp-json\/wp\/v2\/recipe_diet_type\/132"},{"embeddable":true,"taxonomy":"recipe_difficulty","href":"https:\/\/www.emmentaler.ch\/de\/wp-json\/wp\/v2\/recipe_difficulty\/125"},{"embeddable":true,"taxonomy":"recipe_categories","href":"https:\/\/www.emmentaler.ch\/de\/wp-json\/wp\/v2\/recipe_categories\/86"},{"embeddable":true,"taxonomy":"recipe_preparation_time","href":"https:\/\/www.emmentaler.ch\/de\/wp-json\/wp\/v2\/recipe_preparation_time\/151"}],"acf:post":[{"embeddable":true,"href":"https:\/\/www.emmentaler.ch\/de\/wp-json\/wp\/v2\/pages\/5195"}],"wp:featuredmedia":[{"embeddable":true,"href":"https:\/\/www.emmentaler.ch\/de\/wp-json\/wp\/v2\/media\/25282"}],"wp:attachment":[{"href":"https:\/\/www.emmentaler.ch\/de\/wp-json\/wp\/v2\/media?parent=25256"}],"wp:term":[{"taxonomy":"post_tag","embeddable":true,"href":"https:\/\/www.emmentaler.ch\/de\/wp-json\/wp\/v2\/tags?post=25256"},{"taxonomy":"recipe_categories","embeddable":true,"href":"https:\/\/www.emmentaler.ch\/de\/wp-json\/wp\/v2\/recipe_categories?post=25256"},{"taxonomy":"et_countries","embeddable":true,"href":"https:\/\/www.emmentaler.ch\/de\/wp-json\/wp\/v2\/et_countries?post=25256"},{"taxonomy":"recipe_main_ingredient","embeddable":true,"href":"https:\/\/www.emmentaler.ch\/de\/wp-json\/wp\/v2\/recipe_main_ingredient?post=25256"},{"taxonomy":"recipe_difficulty","embeddable":true,"href":"https:\/\/www.emmentaler.ch\/de\/wp-json\/wp\/v2\/recipe_difficulty?post=25256"},{"taxonomy":"recipe_preparation_time","embeddable":true,"href":"https:\/\/www.emmentaler.ch\/de\/wp-json\/wp\/v2\/recipe_preparation_time?post=25256"},{"taxonomy":"recipe_diet_type","embeddable":true,"href":"https:\/\/www.emmentaler.ch\/de\/wp-json\/wp\/v2\/recipe_diet_type?post=25256"},{"taxonomy":"recipe_saison","embeddable":true,"href":"https:\/\/www.emmentaler.ch\/de\/wp-json\/wp\/v2\/recipe_saison?post=25256"}],"curies":[{"name":"wp","href":"https:\/\/api.w.org\/{rel}","templated":true}]}}

Schwingerhörnli-Salat

300 g tiefgekühlte oder frische, enthülste Erbsli
Salz
400 g Schwingerhörnli oder andere Teigwaren
3 Essiggurken
3 EL Mayonnaise
3 EL Joghurt
1 EL Senf
3 EL Essiggurkensud
Salz, Pfeffer
3 EL Sonnenblumenkerne
2 rotschalige Äpfel
250 g milder Emmentaler AOP
1 Bund Schnittlauch
100 g Mostbröckli

Erbsen in reichlich Salzwasser garen. Erbsen mit einer Lochkelle herausheben, in ein Sieb geben und kalt abschrecken. Hörnli im gleichen Wasser al dente kochen, abgiessen und kalt abschrecken.

Mayonnaise, Joghurt, Senf und Essiggurkensud mit Salz und Pfeffer zu einer Sauce verrühren. Sonnenblumenkerne in einer Pfanne ohne Fett hellbraun rösten. Äpfel vierteln, entkernen und in Stücke schneiden. Emmentaler AOP in Stäbchen schneiden. Schnittlauch fein schneiden. Mostbröckli in Stücke zupfen.

Alle Zutaten mit der Sauce vermischen.
