{"id":25317,"date":"2022-04-27T13:42:37","date_gmt":"2022-04-27T11:42:37","guid":{"rendered":"https:\/\/www.emmentaler.ch\/rezept\/maettus-sandwich"},"modified":"2024-07-24T13:14:13","modified_gmt":"2024-07-24T11:14:13","slug":"maettus-sandwich","status":"publish","type":"recipes","link":"https:\/\/www.emmentaler.ch\/de\/rezept\/maettus-sandwich","title":{"rendered":"M\u00e4ttus Sandwich"},"author":2,"featured_media":25338,"menu_order":0,"template":"","meta":{"inline_featured_image":false},"tags":[788],"recipe_categories":[152],"et_countries":[],"recipe_main_ingredient":[120],"recipe_difficulty":[125],"recipe_preparation_time":[151],"recipe_diet_type":[],"recipe_saison":[143],"acf":{"recipe_preparation_time":151,"recipe_categories":152,"recipe_time_txt":"","recipe_type":5231,"recipe_difficulty":125,"recipe_diet_type":false,"recipe_main_ingredient":[120],"recipe_saison":[143],"recipe_count_portions":4,"recipe_ingedients":[{"recipe_ingedients_amount":"","recipe_ingedients_unit":"g","recipe_ingedients_product":""}],"temporare_zutaten":"125 g Schinken\r\n175 g rezenter Emmentaler AOP\r\n1-2 R\u00fcebli\r\n\u00bd Salatgurke\r\n\u00bd Bund Petersilie\r\n100 g Magerquark\r\n1-2 EL Senf\r\nSalz, Pfeffer\r\n8 grosse Brotscheiben\r\n8 grosse Salatbl\u00e4tter","recipe_preparation":"Schinken in Streifchen schneiden. Emmentaler AOP, R\u00fcebli und Gurke auf der R\u00f6stiraffel reiben. Petersilie fein hacken. Alles zusammen mit Quark und Senf in eine Sch\u00fcssel geben, mit Salz und Pfeffer leicht w\u00fcrzen und miteinander vermischen.\r\n\r\n4 Brotscheiben zuerst mit je einem Salatblatt belegen, Masse darauf verteilen. Mit den \u00fcbrigen Salatbl\u00e4ttern belegen und mit den restlichen Brotscheiben bedecken.","recipe_images":[25338,25343]},"_links":{"self":[{"href":"https:\/\/www.emmentaler.ch\/de\/wp-json\/wp\/v2\/recipes\/25317"}],"collection":[{"href":"https:\/\/www.emmentaler.ch\/de\/wp-json\/wp\/v2\/recipes"}],"about":[{"href":"https:\/\/www.emmentaler.ch\/de\/wp-json\/wp\/v2\/types\/recipes"}],"author":[{"embeddable":true,"href":"https:\/\/www.emmentaler.ch\/de\/wp-json\/wp\/v2\/users\/2"}],"version-history":[{"count":1,"href":"https:\/\/www.emmentaler.ch\/de\/wp-json\/wp\/v2\/recipes\/25317\/revisions"}],"predecessor-version":[{"id":137809,"href":"https:\/\/www.emmentaler.ch\/de\/wp-json\/wp\/v2\/recipes\/25317\/revisions\/137809"}],"acf:attachment":[{"embeddable":true,"href":"https:\/\/www.emmentaler.ch\/de\/wp-json\/wp\/v2\/media\/25343"},{"embeddable":true,"href":"https:\/\/www.emmentaler.ch\/de\/wp-json\/wp\/v2\/media\/25338"}],"acf:term":[{"embeddable":true,"taxonomy":"recipe_saison","href":"https:\/\/www.emmentaler.ch\/de\/wp-json\/wp\/v2\/recipe_saison\/143"},{"embeddable":true,"taxonomy":"recipe_main_ingredient","href":"https:\/\/www.emmentaler.ch\/de\/wp-json\/wp\/v2\/recipe_main_ingredient\/120"},{"embeddable":true,"taxonomy":"recipe_difficulty","href":"https:\/\/www.emmentaler.ch\/de\/wp-json\/wp\/v2\/recipe_difficulty\/125"},{"embeddable":true,"taxonomy":"recipe_categories","href":"https:\/\/www.emmentaler.ch\/de\/wp-json\/wp\/v2\/recipe_categories\/152"},{"embeddable":true,"taxonomy":"recipe_preparation_time","href":"https:\/\/www.emmentaler.ch\/de\/wp-json\/wp\/v2\/recipe_preparation_time\/151"}],"acf:post":[{"embeddable":true,"href":"https:\/\/www.emmentaler.ch\/de\/wp-json\/wp\/v2\/pages\/5231"}],"wp:featuredmedia":[{"embeddable":true,"href":"https:\/\/www.emmentaler.ch\/de\/wp-json\/wp\/v2\/media\/25338"}],"wp:attachment":[{"href":"https:\/\/www.emmentaler.ch\/de\/wp-json\/wp\/v2\/media?parent=25317"}],"wp:term":[{"taxonomy":"post_tag","embeddable":true,"href":"https:\/\/www.emmentaler.ch\/de\/wp-json\/wp\/v2\/tags?post=25317"},{"taxonomy":"recipe_categories","embeddable":true,"href":"https:\/\/www.emmentaler.ch\/de\/wp-json\/wp\/v2\/recipe_categories?post=25317"},{"taxonomy":"et_countries","embeddable":true,"href":"https:\/\/www.emmentaler.ch\/de\/wp-json\/wp\/v2\/et_countries?post=25317"},{"taxonomy":"recipe_main_ingredient","embeddable":true,"href":"https:\/\/www.emmentaler.ch\/de\/wp-json\/wp\/v2\/recipe_main_ingredient?post=25317"},{"taxonomy":"recipe_difficulty","embeddable":true,"href":"https:\/\/www.emmentaler.ch\/de\/wp-json\/wp\/v2\/recipe_difficulty?post=25317"},{"taxonomy":"recipe_preparation_time","embeddable":true,"href":"https:\/\/www.emmentaler.ch\/de\/wp-json\/wp\/v2\/recipe_preparation_time?post=25317"},{"taxonomy":"recipe_diet_type","embeddable":true,"href":"https:\/\/www.emmentaler.ch\/de\/wp-json\/wp\/v2\/recipe_diet_type?post=25317"},{"taxonomy":"recipe_saison","embeddable":true,"href":"https:\/\/www.emmentaler.ch\/de\/wp-json\/wp\/v2\/recipe_saison?post=25317"}],"curies":[{"name":"wp","href":"https:\/\/api.w.org\/{rel}","templated":true}]}}

Mättus Sandwich

125 g Schinken
175 g rezenter Emmentaler AOP
1-2 Rüebli
½ Salatgurke
½ Bund Petersilie
100 g Magerquark
1-2 EL Senf
Salz, Pfeffer
8 grosse Brotscheiben
8 grosse Salatblätter

Schinken in Streifchen schneiden. Emmentaler AOP, Rüebli und Gurke auf der Röstiraffel reiben. Petersilie fein hacken. Alles zusammen mit Quark und Senf in eine Schüssel geben, mit Salz und Pfeffer leicht würzen und miteinander vermischen.

4 Brotscheiben zuerst mit je einem Salatblatt belegen, Masse darauf verteilen. Mit den übrigen Salatblättern belegen und mit den restlichen Brotscheiben bedecken.
