{"id":25363,"date":"2022-04-27T13:42:37","date_gmt":"2022-04-27T11:42:37","guid":{"rendered":"https:\/\/www.emmentaler.ch\/rezept\/couscous-taetschli-mit-gruener-sauce-und-radieschensalat"},"modified":"2022-06-24T15:53:50","modified_gmt":"2022-06-24T13:53:50","slug":"couscous-taetschli-mit-gruener-sauce-und-radieschensalat","status":"publish","type":"recipes","link":"https:\/\/www.emmentaler.ch\/de\/rezept\/couscous-taetschli-mit-gruener-sauce-und-radieschensalat","title":{"rendered":"Couscous-T\u00e4tschli mit gr\u00fcner Sauce und Radieschensalat"},"author":2,"featured_media":25389,"menu_order":0,"template":"","meta":{"inline_featured_image":false},"tags":[],"recipe_categories":[86],"et_countries":[],"recipe_main_ingredient":[123],"recipe_difficulty":[126],"recipe_preparation_time":[156],"recipe_diet_type":[134,132],"recipe_saison":[142,143,140],"acf":{"recipe_preparation_time":156,"recipe_categories":86,"recipe_time_txt":"","recipe_type":5193,"recipe_difficulty":126,"recipe_diet_type":[134,132],"recipe_main_ingredient":[123],"recipe_saison":[142,143,140],"recipe_count_portions":4,"recipe_ingedients":[{"recipe_ingedients_amount":"","recipe_ingedients_unit":"g","recipe_ingedients_product":""}],"temporare_zutaten":"300 g Couscous\r\n3 dl Gem\u00fcsebouillon\r\n2 Eier\r\n200 g geriebener Emmentaler AOP\r\nSalz, Pfeffer\r\nBratbutter\r\n2 Bund Petersilie\r\n3 EL Pistazien\r\n1 Knoblauchzehe\r\n1 EL Zitronensaft\r\n4 EL Raps\u00f6l\r\nSalz, Pfeffer\r\n2 EL Weissweinessig\r\n3 EL Raps\u00f6l\r\nSalz, Pfeffer\r\n2 Bund Radieschen mit Bl\u00e4tter","recipe_preparation":"Couscous in eine Sch\u00fcssel geben. Bouillon aufkochen und \u00fcber den Couscous giessen. Zugedeckt 10 Minuten quellen lassen. Couscous mit einer Gabel auflockern und etwas ausk\u00fchlen lassen.\r\n\r\nW\u00e4hrend der Couscous quellt, Petersilie grob hacken, mit den restlichen Saucezutaten zusammen p\u00fcrieren und mit Salz und Pfeffer abschmecken.\r\n\r\nF\u00fcr den Salat Essig, \u00d6l, Salz und Pfeffer zusammen verr\u00fchren. Radieschen-Bl\u00e4tter in Streifen schneiden. Radieschen vierteln. Beides mit der Sauce vermischen.\r\n\r\nEier verquirlen, mit dem K\u00e4se zum Couscous geben, gut vermischen. Falls n\u00f6tig mit Salz und Pfeffer w\u00fcrzen. Aus der Masse 12 T\u00e4tschli formen.\r\n\r\nEtwas Bratbutter in einer beschichteten Pfanne erhitzen. T\u00e4tschli portionenweise auf jeder Seite 3 Minuten goldgelb braten. Im Ofen warmstellen bis alle T\u00e4tschli gebraten sind.\r\n\r\n&nbsp;\r\n\r\n&nbsp;","recipe_images":[25394,25399,25384]},"_links":{"self":[{"href":"https:\/\/www.emmentaler.ch\/de\/wp-json\/wp\/v2\/recipes\/25363"}],"collection":[{"href":"https:\/\/www.emmentaler.ch\/de\/wp-json\/wp\/v2\/recipes"}],"about":[{"href":"https:\/\/www.emmentaler.ch\/de\/wp-json\/wp\/v2\/types\/recipes"}],"author":[{"embeddable":true,"href":"https:\/\/www.emmentaler.ch\/de\/wp-json\/wp\/v2\/users\/2"}],"version-history":[{"count":0,"href":"https:\/\/www.emmentaler.ch\/de\/wp-json\/wp\/v2\/recipes\/25363\/revisions"}],"acf:attachment":[{"embeddable":true,"href":"https:\/\/www.emmentaler.ch\/de\/wp-json\/wp\/v2\/media\/25384"},{"embeddable":true,"href":"https:\/\/www.emmentaler.ch\/de\/wp-json\/wp\/v2\/media\/25399"},{"embeddable":true,"href":"https:\/\/www.emmentaler.ch\/de\/wp-json\/wp\/v2\/media\/25394"}],"acf:term":[{"embeddable":true,"taxonomy":"recipe_saison","href":"https:\/\/www.emmentaler.ch\/de\/wp-json\/wp\/v2\/recipe_saison\/140"},{"embeddable":true,"taxonomy":"recipe_saison","href":"https:\/\/www.emmentaler.ch\/de\/wp-json\/wp\/v2\/recipe_saison\/143"},{"embeddable":true,"taxonomy":"recipe_saison","href":"https:\/\/www.emmentaler.ch\/de\/wp-json\/wp\/v2\/recipe_saison\/142"},{"embeddable":true,"taxonomy":"recipe_main_ingredient","href":"https:\/\/www.emmentaler.ch\/de\/wp-json\/wp\/v2\/recipe_main_ingredient\/123"},{"embeddable":true,"taxonomy":"recipe_diet_type","href":"https:\/\/www.emmentaler.ch\/de\/wp-json\/wp\/v2\/recipe_diet_type\/132"},{"embeddable":true,"taxonomy":"recipe_diet_type","href":"https:\/\/www.emmentaler.ch\/de\/wp-json\/wp\/v2\/recipe_diet_type\/134"},{"embeddable":true,"taxonomy":"recipe_difficulty","href":"https:\/\/www.emmentaler.ch\/de\/wp-json\/wp\/v2\/recipe_difficulty\/126"},{"embeddable":true,"taxonomy":"recipe_categories","href":"https:\/\/www.emmentaler.ch\/de\/wp-json\/wp\/v2\/recipe_categories\/86"},{"embeddable":true,"taxonomy":"recipe_preparation_time","href":"https:\/\/www.emmentaler.ch\/de\/wp-json\/wp\/v2\/recipe_preparation_time\/156"}],"acf:post":[{"embeddable":true,"href":"https:\/\/www.emmentaler.ch\/de\/wp-json\/wp\/v2\/pages\/5193"}],"wp:featuredmedia":[{"embeddable":true,"href":"https:\/\/www.emmentaler.ch\/de\/wp-json\/wp\/v2\/media\/25389"}],"wp:attachment":[{"href":"https:\/\/www.emmentaler.ch\/de\/wp-json\/wp\/v2\/media?parent=25363"}],"wp:term":[{"taxonomy":"post_tag","embeddable":true,"href":"https:\/\/www.emmentaler.ch\/de\/wp-json\/wp\/v2\/tags?post=25363"},{"taxonomy":"recipe_categories","embeddable":true,"href":"https:\/\/www.emmentaler.ch\/de\/wp-json\/wp\/v2\/recipe_categories?post=25363"},{"taxonomy":"et_countries","embeddable":true,"href":"https:\/\/www.emmentaler.ch\/de\/wp-json\/wp\/v2\/et_countries?post=25363"},{"taxonomy":"recipe_main_ingredient","embeddable":true,"href":"https:\/\/www.emmentaler.ch\/de\/wp-json\/wp\/v2\/recipe_main_ingredient?post=25363"},{"taxonomy":"recipe_difficulty","embeddable":true,"href":"https:\/\/www.emmentaler.ch\/de\/wp-json\/wp\/v2\/recipe_difficulty?post=25363"},{"taxonomy":"recipe_preparation_time","embeddable":true,"href":"https:\/\/www.emmentaler.ch\/de\/wp-json\/wp\/v2\/recipe_preparation_time?post=25363"},{"taxonomy":"recipe_diet_type","embeddable":true,"href":"https:\/\/www.emmentaler.ch\/de\/wp-json\/wp\/v2\/recipe_diet_type?post=25363"},{"taxonomy":"recipe_saison","embeddable":true,"href":"https:\/\/www.emmentaler.ch\/de\/wp-json\/wp\/v2\/recipe_saison?post=25363"}],"curies":[{"name":"wp","href":"https:\/\/api.w.org\/{rel}","templated":true}]}}

Couscous-Tätschli mit grüner Sauce und Radieschensalat

300 g Couscous
3 dl Gemüsebouillon
2 Eier
200 g geriebener Emmentaler AOP
Salz, Pfeffer
Bratbutter
2 Bund Petersilie
3 EL Pistazien
1 Knoblauchzehe
1 EL Zitronensaft
4 EL Rapsöl
Salz, Pfeffer
2 EL Weissweinessig
3 EL Rapsöl
Salz, Pfeffer
2 Bund Radieschen mit Blätter

Couscous in eine Schüssel geben. Bouillon aufkochen und über den Couscous giessen. Zugedeckt 10 Minuten quellen lassen. Couscous mit einer Gabel auflockern und etwas auskühlen lassen.

Während der Couscous quellt, Petersilie grob hacken, mit den restlichen Saucezutaten zusammen pürieren und mit Salz und Pfeffer abschmecken.

Für den Salat Essig, Öl, Salz und Pfeffer zusammen verrühren. Radieschen-Blätter in Streifen schneiden. Radieschen vierteln. Beides mit der Sauce vermischen.

Eier verquirlen, mit dem Käse zum Couscous geben, gut vermischen. Falls nötig mit Salz und Pfeffer würzen. Aus der Masse 12 Tätschli formen.

Etwas Bratbutter in einer beschichteten Pfanne erhitzen. Tätschli portionenweise auf jeder Seite 3 Minuten goldgelb braten. Im Ofen warmstellen bis alle Tätschli gebraten sind.

&nbsp;

&nbsp;
