{"id":25760,"date":"2022-04-27T13:45:45","date_gmt":"2022-04-27T11:45:45","guid":{"rendered":"https:\/\/www.emmentaler.ch\/rezept\/spargelsalat-mit-baumnuessen-und-emmentaler-aop"},"modified":"2024-07-24T13:13:49","modified_gmt":"2024-07-24T11:13:49","slug":"spargelsalat-mit-baumnuessen-und-emmentaler-aop","status":"publish","type":"recipes","link":"https:\/\/www.emmentaler.ch\/de\/rezept\/spargelsalat-mit-baumnuessen-und-emmentaler-aop","title":{"rendered":"Spargelsalat mit Baumn\u00fcssen und Emmentaler AOP"},"author":2,"featured_media":25786,"menu_order":0,"template":"","meta":{"inline_featured_image":false},"tags":[788],"recipe_categories":[86],"et_countries":[],"recipe_main_ingredient":[123],"recipe_difficulty":[125],"recipe_preparation_time":[151],"recipe_diet_type":[134,133,132],"recipe_saison":[138],"acf":{"recipe_preparation_time":151,"recipe_categories":86,"recipe_time_txt":"","recipe_type":5357,"recipe_difficulty":125,"recipe_diet_type":[134,133,132],"recipe_main_ingredient":[123],"recipe_saison":[138],"recipe_count_portions":4,"recipe_ingedients":[{"recipe_ingedients_amount":"","recipe_ingedients_unit":"g","recipe_ingedients_product":""}],"temporare_zutaten":"1 kg gr\u00fcne Spargeln\r\nSalz\r\n2 EL \u00d6l zum Braten\r\n1 Bio Zitrone\r\n2 EL Baumnuss\u00f6l\r\n3 EL Raps\u00f6l\r\n2 EL Condimento bianco, weisser Balsamico-Essig\r\nPfeffer\r\n75 g Baumn\u00fcsse\r\n100 g rezenter Emmentaler AOP\r\n100 g Jungblattsalat","recipe_preparation":"Spargelenden grossz\u00fcgig wegschneiden. Spargeln leicht schr\u00e4g in ca. 5 cm lange St\u00fccke schneiden. \u00d6l in einer grossen Bratpfanne erhitzen. Spargeln zuf\u00fcgen, leicht salzen. Bei mittlerer Hitze unter gelegentlichem R\u00fchren ca. 10 Minuten braten.\r\n\r\nZitronenschale fein abreiben. 2 Essl\u00f6ffel Zitronensaft auspressen. Zitronenschale und Saft mit Baumnuss\u00f6l, Raps\u00f6l, Condimento bianco, Salz und Pfeffer zu einer Sauce verr\u00fchren.\r\n\r\nDie noch warmen Spargeln mit der Sauce vermischen. Baumn\u00fcsse grob hacken, in der Bratpfanne leicht anr\u00f6sten. Emmentaler AOP mit dem Sparsch\u00e4ler in Sp\u00e4ne schneiden.\r\n\r\nSobald die Spargeln etwas ausgek\u00fchlt sind, Jungblattsalat und Baumn\u00fcsse unterheben und mit K\u00e4sesp\u00e4nen bestreut servieren.","recipe_images":[25781,25791,25796]},"_links":{"self":[{"href":"https:\/\/www.emmentaler.ch\/de\/wp-json\/wp\/v2\/recipes\/25760"}],"collection":[{"href":"https:\/\/www.emmentaler.ch\/de\/wp-json\/wp\/v2\/recipes"}],"about":[{"href":"https:\/\/www.emmentaler.ch\/de\/wp-json\/wp\/v2\/types\/recipes"}],"author":[{"embeddable":true,"href":"https:\/\/www.emmentaler.ch\/de\/wp-json\/wp\/v2\/users\/2"}],"version-history":[{"count":1,"href":"https:\/\/www.emmentaler.ch\/de\/wp-json\/wp\/v2\/recipes\/25760\/revisions"}],"predecessor-version":[{"id":137801,"href":"https:\/\/www.emmentaler.ch\/de\/wp-json\/wp\/v2\/recipes\/25760\/revisions\/137801"}],"acf:attachment":[{"embeddable":true,"href":"https:\/\/www.emmentaler.ch\/de\/wp-json\/wp\/v2\/media\/25796"},{"embeddable":true,"href":"https:\/\/www.emmentaler.ch\/de\/wp-json\/wp\/v2\/media\/25791"},{"embeddable":true,"href":"https:\/\/www.emmentaler.ch\/de\/wp-json\/wp\/v2\/media\/25781"}],"acf:term":[{"embeddable":true,"taxonomy":"recipe_saison","href":"https:\/\/www.emmentaler.ch\/de\/wp-json\/wp\/v2\/recipe_saison\/138"},{"embeddable":true,"taxonomy":"recipe_main_ingredient","href":"https:\/\/www.emmentaler.ch\/de\/wp-json\/wp\/v2\/recipe_main_ingredient\/123"},{"embeddable":true,"taxonomy":"recipe_diet_type","href":"https:\/\/www.emmentaler.ch\/de\/wp-json\/wp\/v2\/recipe_diet_type\/132"},{"embeddable":true,"taxonomy":"recipe_diet_type","href":"https:\/\/www.emmentaler.ch\/de\/wp-json\/wp\/v2\/recipe_diet_type\/133"},{"embeddable":true,"taxonomy":"recipe_diet_type","href":"https:\/\/www.emmentaler.ch\/de\/wp-json\/wp\/v2\/recipe_diet_type\/134"},{"embeddable":true,"taxonomy":"recipe_difficulty","href":"https:\/\/www.emmentaler.ch\/de\/wp-json\/wp\/v2\/recipe_difficulty\/125"},{"embeddable":true,"taxonomy":"recipe_categories","href":"https:\/\/www.emmentaler.ch\/de\/wp-json\/wp\/v2\/recipe_categories\/86"},{"embeddable":true,"taxonomy":"recipe_preparation_time","href":"https:\/\/www.emmentaler.ch\/de\/wp-json\/wp\/v2\/recipe_preparation_time\/151"}],"acf:post":[{"embeddable":true,"href":"https:\/\/www.emmentaler.ch\/de\/wp-json\/wp\/v2\/pages\/5357"}],"wp:featuredmedia":[{"embeddable":true,"href":"https:\/\/www.emmentaler.ch\/de\/wp-json\/wp\/v2\/media\/25786"}],"wp:attachment":[{"href":"https:\/\/www.emmentaler.ch\/de\/wp-json\/wp\/v2\/media?parent=25760"}],"wp:term":[{"taxonomy":"post_tag","embeddable":true,"href":"https:\/\/www.emmentaler.ch\/de\/wp-json\/wp\/v2\/tags?post=25760"},{"taxonomy":"recipe_categories","embeddable":true,"href":"https:\/\/www.emmentaler.ch\/de\/wp-json\/wp\/v2\/recipe_categories?post=25760"},{"taxonomy":"et_countries","embeddable":true,"href":"https:\/\/www.emmentaler.ch\/de\/wp-json\/wp\/v2\/et_countries?post=25760"},{"taxonomy":"recipe_main_ingredient","embeddable":true,"href":"https:\/\/www.emmentaler.ch\/de\/wp-json\/wp\/v2\/recipe_main_ingredient?post=25760"},{"taxonomy":"recipe_difficulty","embeddable":true,"href":"https:\/\/www.emmentaler.ch\/de\/wp-json\/wp\/v2\/recipe_difficulty?post=25760"},{"taxonomy":"recipe_preparation_time","embeddable":true,"href":"https:\/\/www.emmentaler.ch\/de\/wp-json\/wp\/v2\/recipe_preparation_time?post=25760"},{"taxonomy":"recipe_diet_type","embeddable":true,"href":"https:\/\/www.emmentaler.ch\/de\/wp-json\/wp\/v2\/recipe_diet_type?post=25760"},{"taxonomy":"recipe_saison","embeddable":true,"href":"https:\/\/www.emmentaler.ch\/de\/wp-json\/wp\/v2\/recipe_saison?post=25760"}],"curies":[{"name":"wp","href":"https:\/\/api.w.org\/{rel}","templated":true}]}}

Spargelsalat mit Baumnüssen und Emmentaler AOP

1 kg grüne Spargeln
Salz
2 EL Öl zum Braten
1 Bio Zitrone
2 EL Baumnussöl
3 EL Rapsöl
2 EL Condimento bianco, weisser Balsamico-Essig
Pfeffer
75 g Baumnüsse
100 g rezenter Emmentaler AOP
100 g Jungblattsalat

Spargelenden grosszügig wegschneiden. Spargeln leicht schräg in ca. 5 cm lange Stücke schneiden. Öl in einer grossen Bratpfanne erhitzen. Spargeln zufügen, leicht salzen. Bei mittlerer Hitze unter gelegentlichem Rühren ca. 10 Minuten braten.

Zitronenschale fein abreiben. 2 Esslöffel Zitronensaft auspressen. Zitronenschale und Saft mit Baumnussöl, Rapsöl, Condimento bianco, Salz und Pfeffer zu einer Sauce verrühren.

Die noch warmen Spargeln mit der Sauce vermischen. Baumnüsse grob hacken, in der Bratpfanne leicht anrösten. Emmentaler AOP mit dem Sparschäler in Späne schneiden.

Sobald die Spargeln etwas ausgekühlt sind, Jungblattsalat und Baumnüsse unterheben und mit Käsespänen bestreut servieren.
