{"id":26065,"date":"2022-04-27T13:45:45","date_gmt":"2022-04-27T11:45:45","guid":{"rendered":"https:\/\/www.emmentaler.ch\/rezept\/spargel-fusilli-gratin"},"modified":"2024-07-24T13:33:03","modified_gmt":"2024-07-24T11:33:03","slug":"spargel-fusilli-gratin","status":"publish","type":"recipes","link":"https:\/\/www.emmentaler.ch\/de\/rezept\/spargel-fusilli-gratin","title":{"rendered":"Spargel-Fusilli-Gratin"},"author":2,"featured_media":7902,"menu_order":0,"template":"","meta":{"inline_featured_image":false},"tags":[],"recipe_categories":[86],"et_countries":[],"recipe_main_ingredient":[123],"recipe_difficulty":[125],"recipe_preparation_time":[161],"recipe_diet_type":[132],"recipe_saison":[138,135],"acf":{"recipe_preparation_time":161,"recipe_categories":86,"recipe_time_txt":"20 Minuten, plus 25 Minuten zum Backen","recipe_type":5241,"recipe_difficulty":125,"recipe_diet_type":[132],"recipe_main_ingredient":[123],"recipe_saison":[138,135],"recipe_count_portions":4,"recipe_ingedients":[{"recipe_ingedients_amount":"","recipe_ingedients_unit":"g","recipe_ingedients_product":""}],"temporare_zutaten":"250 g Fusilli oder andere Teigwaren\r\nSalz\r\n750 g gr\u00fcne Spargeln\r\n1 Bund Fr\u00fchlingszwiebeln\r\n1 EL Oliven\u00f6l\r\n1 dl Gem\u00fcsebouillon\r\n150 g geriebener Emmentaler AOP\r\n3-5 EL Basilikum- oder B\u00e4rlauchpesto\r\n150 g Rahmquark\r\nPfeffer\r\n2 EL Pinienkerne","recipe_preparation":"<span style=\"font-weight: 400;\">Fusilli in kochendem Salzwasser al dente kochen. Holzige Spargelenden wegschneiden, Spargeln in 3-4 cm lange St\u00fccke schneiden. Fr\u00fchlingszwiebeln in Ringe schneiden. Beides im heissen \u00d6l anbraten. Bouillon dazugiessen, zugedeckt 5-7 Minuten knackig garen. Fl\u00fcssigkeit abgiessen und diese mit Emmentaler AOC, Basilikumpesto und Quark gut vermischen, mit Salz und Pfeffer abschmecken.<\/span>\r\n\r\n<span style=\"font-weight: 400;\">Abgetropfte Fusilli, Spargeln und Guss zusammen vermischen und in eine Gratinform geben. Pinienkerne dar\u00fcber streuen. In der Mitte des 200 Grad heissen Ofens ca. 25 Minuten \u00fcberbacken.<\/span>","recipe_images":[7902]},"_links":{"self":[{"href":"https:\/\/www.emmentaler.ch\/de\/wp-json\/wp\/v2\/recipes\/26065"}],"collection":[{"href":"https:\/\/www.emmentaler.ch\/de\/wp-json\/wp\/v2\/recipes"}],"about":[{"href":"https:\/\/www.emmentaler.ch\/de\/wp-json\/wp\/v2\/types\/recipes"}],"author":[{"embeddable":true,"href":"https:\/\/www.emmentaler.ch\/de\/wp-json\/wp\/v2\/users\/2"}],"version-history":[{"count":1,"href":"https:\/\/www.emmentaler.ch\/de\/wp-json\/wp\/v2\/recipes\/26065\/revisions"}],"predecessor-version":[{"id":137804,"href":"https:\/\/www.emmentaler.ch\/de\/wp-json\/wp\/v2\/recipes\/26065\/revisions\/137804"}],"acf:attachment":[{"embeddable":true,"href":"https:\/\/www.emmentaler.ch\/de\/wp-json\/wp\/v2\/media\/7902"}],"acf:term":[{"embeddable":true,"taxonomy":"recipe_saison","href":"https:\/\/www.emmentaler.ch\/de\/wp-json\/wp\/v2\/recipe_saison\/135"},{"embeddable":true,"taxonomy":"recipe_saison","href":"https:\/\/www.emmentaler.ch\/de\/wp-json\/wp\/v2\/recipe_saison\/138"},{"embeddable":true,"taxonomy":"recipe_main_ingredient","href":"https:\/\/www.emmentaler.ch\/de\/wp-json\/wp\/v2\/recipe_main_ingredient\/123"},{"embeddable":true,"taxonomy":"recipe_diet_type","href":"https:\/\/www.emmentaler.ch\/de\/wp-json\/wp\/v2\/recipe_diet_type\/132"},{"embeddable":true,"taxonomy":"recipe_difficulty","href":"https:\/\/www.emmentaler.ch\/de\/wp-json\/wp\/v2\/recipe_difficulty\/125"},{"embeddable":true,"taxonomy":"recipe_categories","href":"https:\/\/www.emmentaler.ch\/de\/wp-json\/wp\/v2\/recipe_categories\/86"},{"embeddable":true,"taxonomy":"recipe_preparation_time","href":"https:\/\/www.emmentaler.ch\/de\/wp-json\/wp\/v2\/recipe_preparation_time\/161"}],"acf:post":[{"embeddable":true,"href":"https:\/\/www.emmentaler.ch\/de\/wp-json\/wp\/v2\/pages\/5241"}],"wp:featuredmedia":[{"embeddable":true,"href":"https:\/\/www.emmentaler.ch\/de\/wp-json\/wp\/v2\/media\/7902"}],"wp:attachment":[{"href":"https:\/\/www.emmentaler.ch\/de\/wp-json\/wp\/v2\/media?parent=26065"}],"wp:term":[{"taxonomy":"post_tag","embeddable":true,"href":"https:\/\/www.emmentaler.ch\/de\/wp-json\/wp\/v2\/tags?post=26065"},{"taxonomy":"recipe_categories","embeddable":true,"href":"https:\/\/www.emmentaler.ch\/de\/wp-json\/wp\/v2\/recipe_categories?post=26065"},{"taxonomy":"et_countries","embeddable":true,"href":"https:\/\/www.emmentaler.ch\/de\/wp-json\/wp\/v2\/et_countries?post=26065"},{"taxonomy":"recipe_main_ingredient","embeddable":true,"href":"https:\/\/www.emmentaler.ch\/de\/wp-json\/wp\/v2\/recipe_main_ingredient?post=26065"},{"taxonomy":"recipe_difficulty","embeddable":true,"href":"https:\/\/www.emmentaler.ch\/de\/wp-json\/wp\/v2\/recipe_difficulty?post=26065"},{"taxonomy":"recipe_preparation_time","embeddable":true,"href":"https:\/\/www.emmentaler.ch\/de\/wp-json\/wp\/v2\/recipe_preparation_time?post=26065"},{"taxonomy":"recipe_diet_type","embeddable":true,"href":"https:\/\/www.emmentaler.ch\/de\/wp-json\/wp\/v2\/recipe_diet_type?post=26065"},{"taxonomy":"recipe_saison","embeddable":true,"href":"https:\/\/www.emmentaler.ch\/de\/wp-json\/wp\/v2\/recipe_saison?post=26065"}],"curies":[{"name":"wp","href":"https:\/\/api.w.org\/{rel}","templated":true}]}}

250 g Fusilli oder andere Teigwaren
Salz
750 g grüne Spargeln
1 Bund Frühlingszwiebeln
1 EL Olivenöl
1 dl Gemüsebouillon
150 g geriebener Emmentaler AOP
3-5 EL Basilikum- oder Bärlauchpesto
150 g Rahmquark
Pfeffer
2 EL Pinienkerne

<span style="font-weight: 400;">Fusilli in kochendem Salzwasser al dente kochen. Holzige Spargelenden wegschneiden, Spargeln in 3-4 cm lange Stücke schneiden. Frühlingszwiebeln in Ringe schneiden. Beides im heissen Öl anbraten. Bouillon dazugiessen, zugedeckt 5-7 Minuten knackig garen. Flüssigkeit abgiessen und diese mit Emmentaler AOC, Basilikumpesto und Quark gut vermischen, mit Salz und Pfeffer abschmecken.</span>

<span style="font-weight: 400;">Abgetropfte Fusilli, Spargeln und Guss zusammen vermischen und in eine Gratinform geben. Pinienkerne darüber streuen. In der Mitte des 200 Grad heissen Ofens ca. 25 Minuten überbacken.</span>
