{"id":26096,"date":"2022-04-27T13:47:25","date_gmt":"2022-04-27T11:47:25","guid":{"rendered":"https:\/\/www.emmentaler.ch\/rezept\/emmentaler-kartoffel-zwiebelwaehe"},"modified":"2025-02-19T12:14:04","modified_gmt":"2025-02-19T11:14:04","slug":"emmentaler-kartoffel-zwiebelwaehe","status":"publish","type":"recipes","link":"https:\/\/www.emmentaler.ch\/de\/rezept\/emmentaler-kartoffel-zwiebelwaehe","title":{"rendered":"Emmentaler AOP Kartoffel-Zwiebelw\u00e4he"},"author":2,"featured_media":26112,"menu_order":0,"template":"","meta":{"inline_featured_image":false},"tags":[708],"recipe_categories":[86],"et_countries":[],"recipe_main_ingredient":[123],"recipe_difficulty":[126],"recipe_preparation_time":[163],"recipe_diet_type":[132],"recipe_saison":[143],"acf":{"recipe_preparation_time":163,"recipe_categories":86,"recipe_time_txt":"25 Minuten, plus 30 Minuten zum Backen","recipe_type":5236,"recipe_difficulty":126,"recipe_diet_type":[132],"recipe_main_ingredient":[123],"recipe_saison":[143],"recipe_count_portions":4,"recipe_ingedients":[{"recipe_ingedients_amount":"75","recipe_ingedients_unit":"g","recipe_ingedients_product":"rote Zwiebeln"},{"recipe_ingedients_amount":"6","recipe_ingedients_unit":"g","recipe_ingedients_product":"Butter"},{"recipe_ingedients_amount":"75","recipe_ingedients_unit":"g","recipe_ingedients_product":"geschwellte Kartoffeln, vom Vortag"},{"recipe_ingedients_amount":".25","recipe_ingedients_unit":"Bd","recipe_ingedients_product":"Petersilie"},{"recipe_ingedients_amount":".125","recipe_ingedients_unit":"Bd","recipe_ingedients_product":"frischer Majoran"},{"recipe_ingedients_amount":".5","recipe_ingedients_unit":"St\u00fcck","recipe_ingedients_product":"Eier"},{"recipe_ingedients_amount":"25","recipe_ingedients_unit":"ml","recipe_ingedients_product":"Milch"},{"recipe_ingedients_amount":"50","recipe_ingedients_unit":"ml","recipe_ingedients_product":"Saurer Halbrahm, kochfest"},{"recipe_ingedients_amount":"37.5","recipe_ingedients_unit":"g","recipe_ingedients_product":"rezenter Emmentaler AOP, gerieben"},{"recipe_ingedients_amount":".25","recipe_ingedients_unit":"St\u00fcck","recipe_ingedients_product":"Kuchenteig, rund ausgewallt"},{"recipe_ingedients_amount":"","recipe_ingedients_unit":"Bedarf","recipe_ingedients_product":"Salz, Pfeffer, Muskatnuss"}],"temporare_zutaten":"300 g rote Zwiebeln\r\n25 g Butter\r\n300 g geschwellte Kartoffeln, vom Vortag\r\n1 Bund Petersilie\r\n\u00bd Bund frischer Majoran\r\n2 Eier\r\n1 dl Milch\r\n2 dl Saurer Halbrahm, kochfest\r\n150 g rezenter Emmentaler AOP, gerieben\r\nSalz, Pfeffer, Muskatnuss\r\n1 Kuchenteig, rund ausgewallt","recipe_preparation":"<span style=\"font-weight: 400;\">Zwiebeln sch\u00e4len, in Ringe schneiden. Butter in einer Bratpfanne erhitzen, Zwiebeln darin ca. 5 Minuten braten. Kartoffeln sch\u00e4len, an einer feinen Raffel reiben. Kr\u00e4uter fein hacken. Eier verquirlen, mit Milch, Rahm, Emmentaler AOP und den Kr\u00e4utern mischen. W\u00fcrzen mit Salz, Pfeffer und Muskatnuss.<\/span>\r\n\r\n<span style=\"font-weight: 400;\">Kuchenblech mit Teig auslegen. F\u00fcllung darauf verteilen. Im unteren Drittel des 200 Grad heissen Ofen etwa 30 Minuten backen.<\/span>","recipe_images":[26112]},"_links":{"self":[{"href":"https:\/\/www.emmentaler.ch\/de\/wp-json\/wp\/v2\/recipes\/26096"}],"collection":[{"href":"https:\/\/www.emmentaler.ch\/de\/wp-json\/wp\/v2\/recipes"}],"about":[{"href":"https:\/\/www.emmentaler.ch\/de\/wp-json\/wp\/v2\/types\/recipes"}],"author":[{"embeddable":true,"href":"https:\/\/www.emmentaler.ch\/de\/wp-json\/wp\/v2\/users\/2"}],"version-history":[{"count":1,"href":"https:\/\/www.emmentaler.ch\/de\/wp-json\/wp\/v2\/recipes\/26096\/revisions"}],"predecessor-version":[{"id":139787,"href":"https:\/\/www.emmentaler.ch\/de\/wp-json\/wp\/v2\/recipes\/26096\/revisions\/139787"}],"acf:attachment":[{"embeddable":true,"href":"https:\/\/www.emmentaler.ch\/de\/wp-json\/wp\/v2\/media\/26112"}],"acf:term":[{"embeddable":true,"taxonomy":"recipe_saison","href":"https:\/\/www.emmentaler.ch\/de\/wp-json\/wp\/v2\/recipe_saison\/143"},{"embeddable":true,"taxonomy":"recipe_main_ingredient","href":"https:\/\/www.emmentaler.ch\/de\/wp-json\/wp\/v2\/recipe_main_ingredient\/123"},{"embeddable":true,"taxonomy":"recipe_diet_type","href":"https:\/\/www.emmentaler.ch\/de\/wp-json\/wp\/v2\/recipe_diet_type\/132"},{"embeddable":true,"taxonomy":"recipe_difficulty","href":"https:\/\/www.emmentaler.ch\/de\/wp-json\/wp\/v2\/recipe_difficulty\/126"},{"embeddable":true,"taxonomy":"recipe_categories","href":"https:\/\/www.emmentaler.ch\/de\/wp-json\/wp\/v2\/recipe_categories\/86"},{"embeddable":true,"taxonomy":"recipe_preparation_time","href":"https:\/\/www.emmentaler.ch\/de\/wp-json\/wp\/v2\/recipe_preparation_time\/163"}],"acf:post":[{"embeddable":true,"href":"https:\/\/www.emmentaler.ch\/de\/wp-json\/wp\/v2\/pages\/5236"}],"wp:featuredmedia":[{"embeddable":true,"href":"https:\/\/www.emmentaler.ch\/de\/wp-json\/wp\/v2\/media\/26112"}],"wp:attachment":[{"href":"https:\/\/www.emmentaler.ch\/de\/wp-json\/wp\/v2\/media?parent=26096"}],"wp:term":[{"taxonomy":"post_tag","embeddable":true,"href":"https:\/\/www.emmentaler.ch\/de\/wp-json\/wp\/v2\/tags?post=26096"},{"taxonomy":"recipe_categories","embeddable":true,"href":"https:\/\/www.emmentaler.ch\/de\/wp-json\/wp\/v2\/recipe_categories?post=26096"},{"taxonomy":"et_countries","embeddable":true,"href":"https:\/\/www.emmentaler.ch\/de\/wp-json\/wp\/v2\/et_countries?post=26096"},{"taxonomy":"recipe_main_ingredient","embeddable":true,"href":"https:\/\/www.emmentaler.ch\/de\/wp-json\/wp\/v2\/recipe_main_ingredient?post=26096"},{"taxonomy":"recipe_difficulty","embeddable":true,"href":"https:\/\/www.emmentaler.ch\/de\/wp-json\/wp\/v2\/recipe_difficulty?post=26096"},{"taxonomy":"recipe_preparation_time","embeddable":true,"href":"https:\/\/www.emmentaler.ch\/de\/wp-json\/wp\/v2\/recipe_preparation_time?post=26096"},{"taxonomy":"recipe_diet_type","embeddable":true,"href":"https:\/\/www.emmentaler.ch\/de\/wp-json\/wp\/v2\/recipe_diet_type?post=26096"},{"taxonomy":"recipe_saison","embeddable":true,"href":"https:\/\/www.emmentaler.ch\/de\/wp-json\/wp\/v2\/recipe_saison?post=26096"}],"curies":[{"name":"wp","href":"https:\/\/api.w.org\/{rel}","templated":true}]}}

Emmentaler AOP Kartoffel-Zwiebelwähe

Stück

<span style="font-weight: 400;">Zwiebeln schälen, in Ringe schneiden. Butter in einer Bratpfanne erhitzen, Zwiebeln darin ca. 5 Minuten braten. Kartoffeln schälen, an einer feinen Raffel reiben. Kräuter fein hacken. Eier verquirlen, mit Milch, Rahm, Emmentaler AOP und den Kräutern mischen. Würzen mit Salz, Pfeffer und Muskatnuss.</span>

<span style="font-weight: 400;">Kuchenblech mit Teig auslegen. Füllung darauf verteilen. Im unteren Drittel des 200 Grad heissen Ofen etwa 30 Minuten backen.</span>
