{"id":26127,"date":"2022-04-27T13:47:25","date_gmt":"2022-04-27T11:47:25","guid":{"rendered":"https:\/\/www.emmentaler.ch\/rezept\/emmentaler-ruehrei-im-broetchen"},"modified":"2024-07-24T13:13:28","modified_gmt":"2024-07-24T11:13:28","slug":"emmentaler-ruehrei-im-broetchen","status":"publish","type":"recipes","link":"https:\/\/www.emmentaler.ch\/de\/rezept\/emmentaler-ruehrei-im-broetchen","title":{"rendered":"Emmentaler-R\u00fchrei im Br\u00f6tchen"},"author":2,"featured_media":26143,"menu_order":0,"template":"","meta":{"inline_featured_image":false},"tags":[734,788],"recipe_categories":[149],"et_countries":[],"recipe_main_ingredient":[],"recipe_difficulty":[125],"recipe_preparation_time":[231],"recipe_diet_type":[132],"recipe_saison":[143],"acf":{"recipe_preparation_time":231,"recipe_categories":149,"recipe_time_txt":"","recipe_type":5208,"recipe_difficulty":125,"recipe_diet_type":[132],"recipe_main_ingredient":false,"recipe_saison":[143],"recipe_count_portions":2,"recipe_ingedients":[{"recipe_ingedients_amount":"","recipe_ingedients_unit":"g","recipe_ingedients_product":""}],"temporare_zutaten":"2 grosse Br\u00f6tchen\/B\u00fcrli\r\n1 Bund verschiedene Kr\u00e4uter, z.B. Schnittlauch, Petersilie, Dill\r\n3 Eier\r\n3 EL Milch\r\nSalz, Pfeffer\r\n75 g milder Emmentaler AOP, gerieben\r\n1-2 Fr\u00fchlingszwiebeln\r\n1 EL Butter","recipe_preparation":"<span style=\"font-weight: 400;\">Br\u00f6tchen quer aufschneiden, das weiche Innere herausnehmen (anderweitig verwenden). Kr\u00e4uter fein hacken. Eier mit Milch, Salz und Pfeffer verquirlen. Emmentaler AOP und Kr\u00e4uter zuf\u00fcgen.<\/span>\r\n\r\n<span style=\"font-weight: 400;\">Fr\u00fchlingszwiebeln mit dem Gr\u00fcn in d\u00fcnne Ringe schneiden. Butter in einer kleinen beschichteten Bratpfanne schmelzen, Fr\u00fchlingszwiebeln darin 1-2 Minuten d\u00fcnsten. Eiermasse hineingiessen und bei kleiner Hitze mit einer Bratschaufel hin und her schieben bis die Masse leicht fest ist.<\/span>\r\n\r\n<span style=\"font-weight: 400;\">R\u00fchrei auf die zwei Br\u00f6tchenb\u00f6den verteilen. Br\u00f6tchendeckel darauf legen und etwas andr\u00fccken. Schmeckt warm oder kalt.<\/span>","recipe_images":[26143]},"_links":{"self":[{"href":"https:\/\/www.emmentaler.ch\/de\/wp-json\/wp\/v2\/recipes\/26127"}],"collection":[{"href":"https:\/\/www.emmentaler.ch\/de\/wp-json\/wp\/v2\/recipes"}],"about":[{"href":"https:\/\/www.emmentaler.ch\/de\/wp-json\/wp\/v2\/types\/recipes"}],"author":[{"embeddable":true,"href":"https:\/\/www.emmentaler.ch\/de\/wp-json\/wp\/v2\/users\/2"}],"version-history":[{"count":1,"href":"https:\/\/www.emmentaler.ch\/de\/wp-json\/wp\/v2\/recipes\/26127\/revisions"}],"predecessor-version":[{"id":137793,"href":"https:\/\/www.emmentaler.ch\/de\/wp-json\/wp\/v2\/recipes\/26127\/revisions\/137793"}],"acf:attachment":[{"embeddable":true,"href":"https:\/\/www.emmentaler.ch\/de\/wp-json\/wp\/v2\/media\/26143"}],"acf:term":[{"embeddable":true,"taxonomy":"recipe_saison","href":"https:\/\/www.emmentaler.ch\/de\/wp-json\/wp\/v2\/recipe_saison\/143"},{"embeddable":true,"taxonomy":"recipe_diet_type","href":"https:\/\/www.emmentaler.ch\/de\/wp-json\/wp\/v2\/recipe_diet_type\/132"},{"embeddable":true,"taxonomy":"recipe_difficulty","href":"https:\/\/www.emmentaler.ch\/de\/wp-json\/wp\/v2\/recipe_difficulty\/125"},{"embeddable":true,"taxonomy":"recipe_categories","href":"https:\/\/www.emmentaler.ch\/de\/wp-json\/wp\/v2\/recipe_categories\/149"},{"embeddable":true,"taxonomy":"recipe_preparation_time","href":"https:\/\/www.emmentaler.ch\/de\/wp-json\/wp\/v2\/recipe_preparation_time\/231"}],"acf:post":[{"embeddable":true,"href":"https:\/\/www.emmentaler.ch\/de\/wp-json\/wp\/v2\/pages\/5208"}],"wp:featuredmedia":[{"embeddable":true,"href":"https:\/\/www.emmentaler.ch\/de\/wp-json\/wp\/v2\/media\/26143"}],"wp:attachment":[{"href":"https:\/\/www.emmentaler.ch\/de\/wp-json\/wp\/v2\/media?parent=26127"}],"wp:term":[{"taxonomy":"post_tag","embeddable":true,"href":"https:\/\/www.emmentaler.ch\/de\/wp-json\/wp\/v2\/tags?post=26127"},{"taxonomy":"recipe_categories","embeddable":true,"href":"https:\/\/www.emmentaler.ch\/de\/wp-json\/wp\/v2\/recipe_categories?post=26127"},{"taxonomy":"et_countries","embeddable":true,"href":"https:\/\/www.emmentaler.ch\/de\/wp-json\/wp\/v2\/et_countries?post=26127"},{"taxonomy":"recipe_main_ingredient","embeddable":true,"href":"https:\/\/www.emmentaler.ch\/de\/wp-json\/wp\/v2\/recipe_main_ingredient?post=26127"},{"taxonomy":"recipe_difficulty","embeddable":true,"href":"https:\/\/www.emmentaler.ch\/de\/wp-json\/wp\/v2\/recipe_difficulty?post=26127"},{"taxonomy":"recipe_preparation_time","embeddable":true,"href":"https:\/\/www.emmentaler.ch\/de\/wp-json\/wp\/v2\/recipe_preparation_time?post=26127"},{"taxonomy":"recipe_diet_type","embeddable":true,"href":"https:\/\/www.emmentaler.ch\/de\/wp-json\/wp\/v2\/recipe_diet_type?post=26127"},{"taxonomy":"recipe_saison","embeddable":true,"href":"https:\/\/www.emmentaler.ch\/de\/wp-json\/wp\/v2\/recipe_saison?post=26127"}],"curies":[{"name":"wp","href":"https:\/\/api.w.org\/{rel}","templated":true}]}}

Emmentaler-Rührei im Brötchen

2 grosse Brötchen/Bürli
1 Bund verschiedene Kräuter, z.B. Schnittlauch, Petersilie, Dill
3 Eier
3 EL Milch
Salz, Pfeffer
75 g milder Emmentaler AOP, gerieben
1-2 Frühlingszwiebeln
1 EL Butter

<span style="font-weight: 400;">Brötchen quer aufschneiden, das weiche Innere herausnehmen (anderweitig verwenden). Kräuter fein hacken. Eier mit Milch, Salz und Pfeffer verquirlen. Emmentaler AOP und Kräuter zufügen.</span>

<span style="font-weight: 400;">Frühlingszwiebeln mit dem Grün in dünne Ringe schneiden. Butter in einer kleinen beschichteten Bratpfanne schmelzen, Frühlingszwiebeln darin 1-2 Minuten dünsten. Eiermasse hineingiessen und bei kleiner Hitze mit einer Bratschaufel hin und her schieben bis die Masse leicht fest ist.</span>

<span style="font-weight: 400;">Rührei auf die zwei Brötchenböden verteilen. Brötchendeckel darauf legen und etwas andrücken. Schmeckt warm oder kalt.</span>
