{"id":26158,"date":"2022-04-27T13:47:25","date_gmt":"2022-04-27T11:47:25","guid":{"rendered":"https:\/\/www.emmentaler.ch\/rezept\/zucchetti-mit-kaesefuellung"},"modified":"2024-07-24T13:36:39","modified_gmt":"2024-07-24T11:36:39","slug":"zucchetti-mit-kaesefuellung","status":"publish","type":"recipes","link":"https:\/\/www.emmentaler.ch\/de\/rezept\/zucchetti-mit-kaesefuellung","title":{"rendered":"Zucchetti mit K\u00e4sef\u00fcllung"},"author":2,"featured_media":26174,"menu_order":0,"template":"","meta":{"inline_featured_image":false},"tags":[],"recipe_categories":[149],"et_countries":[],"recipe_main_ingredient":[123],"recipe_difficulty":[125],"recipe_preparation_time":[130],"recipe_diet_type":[132],"recipe_saison":[142,143],"acf":{"recipe_preparation_time":130,"recipe_categories":149,"recipe_time_txt":"30 Minuten, plus 30 Minuten zum Backen","recipe_type":5357,"recipe_difficulty":125,"recipe_diet_type":[132],"recipe_main_ingredient":[123],"recipe_saison":[142,143],"recipe_count_portions":4,"recipe_ingedients":[{"recipe_ingedients_amount":"","recipe_ingedients_unit":"g","recipe_ingedients_product":""}],"temporare_zutaten":"1 Bund Petersilie\r\n\u00bd Bund Basilikum\r\n50 g in \u00d6l eingelegte D\u00f6rrtomaten\r\n50 g schwarze Oliven, entsteint\r\n2 EL Paniermehl\r\n2 EL Sonnenblumenkernen\r\n2 Eigelb\r\n175 g rezenter Emmentaler AOP, gerieben\r\nSalz, Pfeffer\r\n2 Dosen gehackte Tomaten (je 400 g)\r\n1 dl Bouillon\r\n800 g grosse Zucchetti","recipe_preparation":"<span style=\"font-weight: 400;\">Kr\u00e4uter, D\u00f6rrtomaten und Oliven fein hacken, in eine Sch\u00fcssel geben. Paniermehl, Sonnenblumenkernen, Eigelb, Emmentaler AOP, Salz und Pfeffer zuf\u00fcgen und alles gut vermischen.\u00a0<\/span>\r\n\r\n<span style=\"font-weight: 400;\">Tomaten mit Bouillon verr\u00fchren, w\u00fcrzen und in eine Gratinform giessen. Zucchetti in 4-5 cm lange St\u00fccke schneiden. Das weiche Innere mit einem Apfelausstecher aush\u00f6hlen. Zucchetti mit K\u00e4semasse f\u00fcllen, in die Form stellen.\u00a0<\/span>\r\n\r\n<span style=\"font-weight: 400;\">Im 180 Grad heissen Ofen ca. 30 Minuten backen.<\/span>","recipe_images":[26169]},"_links":{"self":[{"href":"https:\/\/www.emmentaler.ch\/de\/wp-json\/wp\/v2\/recipes\/26158"}],"collection":[{"href":"https:\/\/www.emmentaler.ch\/de\/wp-json\/wp\/v2\/recipes"}],"about":[{"href":"https:\/\/www.emmentaler.ch\/de\/wp-json\/wp\/v2\/types\/recipes"}],"author":[{"embeddable":true,"href":"https:\/\/www.emmentaler.ch\/de\/wp-json\/wp\/v2\/users\/2"}],"version-history":[{"count":1,"href":"https:\/\/www.emmentaler.ch\/de\/wp-json\/wp\/v2\/recipes\/26158\/revisions"}],"predecessor-version":[{"id":137794,"href":"https:\/\/www.emmentaler.ch\/de\/wp-json\/wp\/v2\/recipes\/26158\/revisions\/137794"}],"acf:attachment":[{"embeddable":true,"href":"https:\/\/www.emmentaler.ch\/de\/wp-json\/wp\/v2\/media\/26169"}],"acf:term":[{"embeddable":true,"taxonomy":"recipe_saison","href":"https:\/\/www.emmentaler.ch\/de\/wp-json\/wp\/v2\/recipe_saison\/143"},{"embeddable":true,"taxonomy":"recipe_saison","href":"https:\/\/www.emmentaler.ch\/de\/wp-json\/wp\/v2\/recipe_saison\/142"},{"embeddable":true,"taxonomy":"recipe_main_ingredient","href":"https:\/\/www.emmentaler.ch\/de\/wp-json\/wp\/v2\/recipe_main_ingredient\/123"},{"embeddable":true,"taxonomy":"recipe_diet_type","href":"https:\/\/www.emmentaler.ch\/de\/wp-json\/wp\/v2\/recipe_diet_type\/132"},{"embeddable":true,"taxonomy":"recipe_difficulty","href":"https:\/\/www.emmentaler.ch\/de\/wp-json\/wp\/v2\/recipe_difficulty\/125"},{"embeddable":true,"taxonomy":"recipe_categories","href":"https:\/\/www.emmentaler.ch\/de\/wp-json\/wp\/v2\/recipe_categories\/149"},{"embeddable":true,"taxonomy":"recipe_preparation_time","href":"https:\/\/www.emmentaler.ch\/de\/wp-json\/wp\/v2\/recipe_preparation_time\/130"}],"acf:post":[{"embeddable":true,"href":"https:\/\/www.emmentaler.ch\/de\/wp-json\/wp\/v2\/pages\/5357"}],"wp:featuredmedia":[{"embeddable":true,"href":"https:\/\/www.emmentaler.ch\/de\/wp-json\/wp\/v2\/media\/26174"}],"wp:attachment":[{"href":"https:\/\/www.emmentaler.ch\/de\/wp-json\/wp\/v2\/media?parent=26158"}],"wp:term":[{"taxonomy":"post_tag","embeddable":true,"href":"https:\/\/www.emmentaler.ch\/de\/wp-json\/wp\/v2\/tags?post=26158"},{"taxonomy":"recipe_categories","embeddable":true,"href":"https:\/\/www.emmentaler.ch\/de\/wp-json\/wp\/v2\/recipe_categories?post=26158"},{"taxonomy":"et_countries","embeddable":true,"href":"https:\/\/www.emmentaler.ch\/de\/wp-json\/wp\/v2\/et_countries?post=26158"},{"taxonomy":"recipe_main_ingredient","embeddable":true,"href":"https:\/\/www.emmentaler.ch\/de\/wp-json\/wp\/v2\/recipe_main_ingredient?post=26158"},{"taxonomy":"recipe_difficulty","embeddable":true,"href":"https:\/\/www.emmentaler.ch\/de\/wp-json\/wp\/v2\/recipe_difficulty?post=26158"},{"taxonomy":"recipe_preparation_time","embeddable":true,"href":"https:\/\/www.emmentaler.ch\/de\/wp-json\/wp\/v2\/recipe_preparation_time?post=26158"},{"taxonomy":"recipe_diet_type","embeddable":true,"href":"https:\/\/www.emmentaler.ch\/de\/wp-json\/wp\/v2\/recipe_diet_type?post=26158"},{"taxonomy":"recipe_saison","embeddable":true,"href":"https:\/\/www.emmentaler.ch\/de\/wp-json\/wp\/v2\/recipe_saison?post=26158"}],"curies":[{"name":"wp","href":"https:\/\/api.w.org\/{rel}","templated":true}]}}

Zucchetti mit Käsefüllung

1 Bund Petersilie
½ Bund Basilikum
50 g in Öl eingelegte Dörrtomaten
50 g schwarze Oliven, entsteint
2 EL Paniermehl
2 EL Sonnenblumenkernen
2 Eigelb
175 g rezenter Emmentaler AOP, gerieben
Salz, Pfeffer
2 Dosen gehackte Tomaten (je 400 g)
1 dl Bouillon
800 g grosse Zucchetti

<span style="font-weight: 400;">Kräuter, Dörrtomaten und Oliven fein hacken, in eine Schüssel geben. Paniermehl, Sonnenblumenkernen, Eigelb, Emmentaler AOP, Salz und Pfeffer zufügen und alles gut vermischen. </span>

<span style="font-weight: 400;">Tomaten mit Bouillon verrühren, würzen und in eine Gratinform giessen. Zucchetti in 4-5 cm lange Stücke schneiden. Das weiche Innere mit einem Apfelausstecher aushöhlen. Zucchetti mit Käsemasse füllen, in die Form stellen. </span>

<span style="font-weight: 400;">Im 180 Grad heissen Ofen ca. 30 Minuten backen.</span>
