{"id":26189,"date":"2022-04-27T13:47:25","date_gmt":"2022-04-27T11:47:25","guid":{"rendered":"https:\/\/www.emmentaler.ch\/rezept\/vegi-cordon-bleu-mit-wirz"},"modified":"2022-06-28T11:28:48","modified_gmt":"2022-06-28T09:28:48","slug":"vegi-cordon-bleu-mit-wirz","status":"publish","type":"recipes","link":"https:\/\/www.emmentaler.ch\/de\/rezept\/vegi-cordon-bleu-mit-wirz","title":{"rendered":"Vegi Cordon bleu mit Wirz"},"author":2,"featured_media":26205,"menu_order":0,"template":"","meta":{"inline_featured_image":false},"tags":[],"recipe_categories":[86],"et_countries":[],"recipe_main_ingredient":[123],"recipe_difficulty":[126],"recipe_preparation_time":[161],"recipe_diet_type":[133,132],"recipe_saison":[143],"acf":{"recipe_preparation_time":161,"recipe_categories":86,"recipe_time_txt":"","recipe_type":5236,"recipe_difficulty":126,"recipe_diet_type":[133,132],"recipe_main_ingredient":[123],"recipe_saison":[143],"recipe_count_portions":4,"recipe_ingedients":[{"recipe_ingedients_amount":"","recipe_ingedients_unit":"g","recipe_ingedients_product":""}],"temporare_zutaten":"8 grosse Wirzbl\u00e4tter\r\n200 g rezenter Emmentaler AOP\r\n8 getrocknete, in \u00d6l eingelegte Tomaten\r\nca. 5 EL Mehl\r\n2 Eier\r\n125 g Paniermehl\r\n\u00d6l zum Braten\r\n8 Zitronenschnitze","recipe_preparation":"<span style=\"font-weight: 400;\">Wirzbl\u00e4tter in kochendem Salzwasser ca. 3 Minuten blanchieren. Mit einer Schaumkelle herausheben und in eiskaltem Wasser abk\u00fchlen lassen. Auf einem Geschirrtuch auslegen und trocken tupfen. Blattrippen flach schneiden.<\/span>\r\n\r\n<span style=\"font-weight: 400;\">Emmentaler AOP in 8 etwa 1 cm dicke Scheiben in der Gr\u00f6sse von ca. 7x4 cm schneiden. Wirzbl\u00e4tter mit je einer Tomate belegen. Darauf die K\u00e4sescheiben verteilen. Wirzbl\u00e4tter seitlich einschlagen und satt aufrollen. P\u00e4ckli etwas flach pressen.<\/span>\r\n\r\n<span style=\"font-weight: 400;\">Eier verquirlen. Wirzp\u00e4ckli zuerst im Mehl, danach im Ei und am Schluss im Paniermehl wenden. Panade gut andr\u00fccken.<\/span>\r\n\r\n<span style=\"font-weight: 400;\">\u00d6l in einer grossen Bratpfanne erhitzen. Wirzp\u00e4ckli bei mittlerer Hitze beidseitig je 5 Minuten braten. Mit Zitronenschnitzen servieren.\u00a0<\/span>","recipe_images":[26200]},"_links":{"self":[{"href":"https:\/\/www.emmentaler.ch\/de\/wp-json\/wp\/v2\/recipes\/26189"}],"collection":[{"href":"https:\/\/www.emmentaler.ch\/de\/wp-json\/wp\/v2\/recipes"}],"about":[{"href":"https:\/\/www.emmentaler.ch\/de\/wp-json\/wp\/v2\/types\/recipes"}],"author":[{"embeddable":true,"href":"https:\/\/www.emmentaler.ch\/de\/wp-json\/wp\/v2\/users\/2"}],"version-history":[{"count":0,"href":"https:\/\/www.emmentaler.ch\/de\/wp-json\/wp\/v2\/recipes\/26189\/revisions"}],"acf:attachment":[{"embeddable":true,"href":"https:\/\/www.emmentaler.ch\/de\/wp-json\/wp\/v2\/media\/26200"}],"acf:term":[{"embeddable":true,"taxonomy":"recipe_saison","href":"https:\/\/www.emmentaler.ch\/de\/wp-json\/wp\/v2\/recipe_saison\/143"},{"embeddable":true,"taxonomy":"recipe_main_ingredient","href":"https:\/\/www.emmentaler.ch\/de\/wp-json\/wp\/v2\/recipe_main_ingredient\/123"},{"embeddable":true,"taxonomy":"recipe_diet_type","href":"https:\/\/www.emmentaler.ch\/de\/wp-json\/wp\/v2\/recipe_diet_type\/132"},{"embeddable":true,"taxonomy":"recipe_diet_type","href":"https:\/\/www.emmentaler.ch\/de\/wp-json\/wp\/v2\/recipe_diet_type\/133"},{"embeddable":true,"taxonomy":"recipe_difficulty","href":"https:\/\/www.emmentaler.ch\/de\/wp-json\/wp\/v2\/recipe_difficulty\/126"},{"embeddable":true,"taxonomy":"recipe_categories","href":"https:\/\/www.emmentaler.ch\/de\/wp-json\/wp\/v2\/recipe_categories\/86"},{"embeddable":true,"taxonomy":"recipe_preparation_time","href":"https:\/\/www.emmentaler.ch\/de\/wp-json\/wp\/v2\/recipe_preparation_time\/161"}],"acf:post":[{"embeddable":true,"href":"https:\/\/www.emmentaler.ch\/de\/wp-json\/wp\/v2\/pages\/5236"}],"wp:featuredmedia":[{"embeddable":true,"href":"https:\/\/www.emmentaler.ch\/de\/wp-json\/wp\/v2\/media\/26205"}],"wp:attachment":[{"href":"https:\/\/www.emmentaler.ch\/de\/wp-json\/wp\/v2\/media?parent=26189"}],"wp:term":[{"taxonomy":"post_tag","embeddable":true,"href":"https:\/\/www.emmentaler.ch\/de\/wp-json\/wp\/v2\/tags?post=26189"},{"taxonomy":"recipe_categories","embeddable":true,"href":"https:\/\/www.emmentaler.ch\/de\/wp-json\/wp\/v2\/recipe_categories?post=26189"},{"taxonomy":"et_countries","embeddable":true,"href":"https:\/\/www.emmentaler.ch\/de\/wp-json\/wp\/v2\/et_countries?post=26189"},{"taxonomy":"recipe_main_ingredient","embeddable":true,"href":"https:\/\/www.emmentaler.ch\/de\/wp-json\/wp\/v2\/recipe_main_ingredient?post=26189"},{"taxonomy":"recipe_difficulty","embeddable":true,"href":"https:\/\/www.emmentaler.ch\/de\/wp-json\/wp\/v2\/recipe_difficulty?post=26189"},{"taxonomy":"recipe_preparation_time","embeddable":true,"href":"https:\/\/www.emmentaler.ch\/de\/wp-json\/wp\/v2\/recipe_preparation_time?post=26189"},{"taxonomy":"recipe_diet_type","embeddable":true,"href":"https:\/\/www.emmentaler.ch\/de\/wp-json\/wp\/v2\/recipe_diet_type?post=26189"},{"taxonomy":"recipe_saison","embeddable":true,"href":"https:\/\/www.emmentaler.ch\/de\/wp-json\/wp\/v2\/recipe_saison?post=26189"}],"curies":[{"name":"wp","href":"https:\/\/api.w.org\/{rel}","templated":true}]}}

8 grosse Wirzblätter
200 g rezenter Emmentaler AOP
8 getrocknete, in Öl eingelegte Tomaten
ca. 5 EL Mehl
2 Eier
125 g Paniermehl
Öl zum Braten
8 Zitronenschnitze

<span style="font-weight: 400;">Wirzblätter in kochendem Salzwasser ca. 3 Minuten blanchieren. Mit einer Schaumkelle herausheben und in eiskaltem Wasser abkühlen lassen. Auf einem Geschirrtuch auslegen und trocken tupfen. Blattrippen flach schneiden.</span>

<span style="font-weight: 400;">Emmentaler AOP in 8 etwa 1 cm dicke Scheiben in der Grösse von ca. 7x4 cm schneiden. Wirzblätter mit je einer Tomate belegen. Darauf die Käsescheiben verteilen. Wirzblätter seitlich einschlagen und satt aufrollen. Päckli etwas flach pressen.</span>

<span style="font-weight: 400;">Eier verquirlen. Wirzpäckli zuerst im Mehl, danach im Ei und am Schluss im Paniermehl wenden. Panade gut andrücken.</span>

<span style="font-weight: 400;">Öl in einer grossen Bratpfanne erhitzen. Wirzpäckli bei mittlerer Hitze beidseitig je 5 Minuten braten. Mit Zitronenschnitzen servieren. </span>
