{"id":26258,"date":"2022-04-27T13:47:25","date_gmt":"2022-04-27T11:47:25","guid":{"rendered":"https:\/\/www.emmentaler.ch\/rezept\/kaeseterrine-mit-bresaola"},"modified":"2023-01-13T15:32:51","modified_gmt":"2023-01-13T14:32:51","slug":"kaeseterrine-mit-bresaola","status":"publish","type":"recipes","link":"https:\/\/www.emmentaler.ch\/de\/rezept\/kaeseterrine-mit-bresaola","title":{"rendered":"K\u00e4seterrine mit Bresaola"},"author":2,"featured_media":26269,"menu_order":0,"template":"","meta":{"inline_featured_image":false},"tags":[710],"recipe_categories":[726],"et_countries":[],"recipe_main_ingredient":[120],"recipe_difficulty":[126],"recipe_preparation_time":[130],"recipe_diet_type":[],"recipe_saison":[142,143,139],"acf":{"recipe_preparation_time":130,"recipe_categories":726,"recipe_time_txt":"30 Minuten + 2 Stunden zum Einweichen + 6 Stunden zum K\u00fchlstellen","recipe_type":5193,"recipe_difficulty":126,"recipe_diet_type":false,"recipe_main_ingredient":[120],"recipe_saison":[142,143,139],"recipe_count_portions":8,"recipe_ingedients":[{"recipe_ingedients_amount":"","recipe_ingedients_unit":"g","recipe_ingedients_product":""}],"temporare_zutaten":"50 g Sultaninen\r\n2-3 EL Portwein\r\n50 g Baumnusskerne\r\nca. 100 g Bresaola*\r\n250 g QimiQ, zimmerwarm\r\n150 g geriebener Emmentaler AOP\r\n1 dl Rahm\r\nSalz, Pfeffer\r\n8 Scheiben Toastbrot","recipe_preparation":"Sultaninen etwa 2 Stunden in Portwein einlegen. Baumn\u00fcsse grob hacken. Terrineform mit Klarsichtfolie auslegen. Form mit den Bresaolascheiben leicht \u00fcberlappend belegen.\r\n\r\nQimiQ mit einem Schwingbesen cremig r\u00fchren. Sultaninen, Portwein, Baumn\u00fcsse und Emmentaler AOP mit dem QimiQ vermischen. Rahm steif schlagen, sorgf\u00e4ltig unter die Masse heben, mit Salz und Pfeffer abschmecken.\r\n\r\nK\u00e4semasse in einen Spritzsackes geben. Masse in die Terrineform spritzen, gut festdr\u00fccken. \u00dcber Nacht im K\u00fchlschrank fest werden lassen.\r\n\r\nTerrine auf ein Brett st\u00fcrzen, Folie entfernen. Terrine in Tranchen schneiden. Toastbrot toasten und mit einem Ausstecher Sterne ausstechen.\r\n\r\nTipp: mit einem kleinen Blattsalat servieren, oder Bresaola weglassen und Terrine als K\u00e4sedessert servieren.\r\n\r\n*anstelle von Bresaola ein anderes Trockenfleisch verwenden.","recipe_images":[26269]},"_links":{"self":[{"href":"https:\/\/www.emmentaler.ch\/de\/wp-json\/wp\/v2\/recipes\/26258"}],"collection":[{"href":"https:\/\/www.emmentaler.ch\/de\/wp-json\/wp\/v2\/recipes"}],"about":[{"href":"https:\/\/www.emmentaler.ch\/de\/wp-json\/wp\/v2\/types\/recipes"}],"author":[{"embeddable":true,"href":"https:\/\/www.emmentaler.ch\/de\/wp-json\/wp\/v2\/users\/2"}],"version-history":[{"count":0,"href":"https:\/\/www.emmentaler.ch\/de\/wp-json\/wp\/v2\/recipes\/26258\/revisions"}],"acf:attachment":[{"embeddable":true,"href":"https:\/\/www.emmentaler.ch\/de\/wp-json\/wp\/v2\/media\/26269"}],"acf:term":[{"embeddable":true,"taxonomy":"recipe_saison","href":"https:\/\/www.emmentaler.ch\/de\/wp-json\/wp\/v2\/recipe_saison\/139"},{"embeddable":true,"taxonomy":"recipe_saison","href":"https:\/\/www.emmentaler.ch\/de\/wp-json\/wp\/v2\/recipe_saison\/143"},{"embeddable":true,"taxonomy":"recipe_saison","href":"https:\/\/www.emmentaler.ch\/de\/wp-json\/wp\/v2\/recipe_saison\/142"},{"embeddable":true,"taxonomy":"recipe_main_ingredient","href":"https:\/\/www.emmentaler.ch\/de\/wp-json\/wp\/v2\/recipe_main_ingredient\/120"},{"embeddable":true,"taxonomy":"recipe_difficulty","href":"https:\/\/www.emmentaler.ch\/de\/wp-json\/wp\/v2\/recipe_difficulty\/126"},{"embeddable":true,"taxonomy":"recipe_categories","href":"https:\/\/www.emmentaler.ch\/de\/wp-json\/wp\/v2\/recipe_categories\/726"},{"embeddable":true,"taxonomy":"recipe_preparation_time","href":"https:\/\/www.emmentaler.ch\/de\/wp-json\/wp\/v2\/recipe_preparation_time\/130"}],"acf:post":[{"embeddable":true,"href":"https:\/\/www.emmentaler.ch\/de\/wp-json\/wp\/v2\/pages\/5193"}],"wp:featuredmedia":[{"embeddable":true,"href":"https:\/\/www.emmentaler.ch\/de\/wp-json\/wp\/v2\/media\/26269"}],"wp:attachment":[{"href":"https:\/\/www.emmentaler.ch\/de\/wp-json\/wp\/v2\/media?parent=26258"}],"wp:term":[{"taxonomy":"post_tag","embeddable":true,"href":"https:\/\/www.emmentaler.ch\/de\/wp-json\/wp\/v2\/tags?post=26258"},{"taxonomy":"recipe_categories","embeddable":true,"href":"https:\/\/www.emmentaler.ch\/de\/wp-json\/wp\/v2\/recipe_categories?post=26258"},{"taxonomy":"et_countries","embeddable":true,"href":"https:\/\/www.emmentaler.ch\/de\/wp-json\/wp\/v2\/et_countries?post=26258"},{"taxonomy":"recipe_main_ingredient","embeddable":true,"href":"https:\/\/www.emmentaler.ch\/de\/wp-json\/wp\/v2\/recipe_main_ingredient?post=26258"},{"taxonomy":"recipe_difficulty","embeddable":true,"href":"https:\/\/www.emmentaler.ch\/de\/wp-json\/wp\/v2\/recipe_difficulty?post=26258"},{"taxonomy":"recipe_preparation_time","embeddable":true,"href":"https:\/\/www.emmentaler.ch\/de\/wp-json\/wp\/v2\/recipe_preparation_time?post=26258"},{"taxonomy":"recipe_diet_type","embeddable":true,"href":"https:\/\/www.emmentaler.ch\/de\/wp-json\/wp\/v2\/recipe_diet_type?post=26258"},{"taxonomy":"recipe_saison","embeddable":true,"href":"https:\/\/www.emmentaler.ch\/de\/wp-json\/wp\/v2\/recipe_saison?post=26258"}],"curies":[{"name":"wp","href":"https:\/\/api.w.org\/{rel}","templated":true}]}}

Käseterrine mit Bresaola

30 Minuten + 2 Stunden zum Einweichen + 6 Stunden zum Kühlstellen

Sultaninen etwa 2 Stunden in Portwein einlegen. Baumnüsse grob hacken. Terrineform mit Klarsichtfolie auslegen. Form mit den Bresaolascheiben leicht überlappend belegen.

QimiQ mit einem Schwingbesen cremig rühren. Sultaninen, Portwein, Baumnüsse und Emmentaler AOP mit dem QimiQ vermischen. Rahm steif schlagen, sorgfältig unter die Masse heben, mit Salz und Pfeffer abschmecken.

Käsemasse in einen Spritzsackes geben. Masse in die Terrineform spritzen, gut festdrücken. Über Nacht im Kühlschrank fest werden lassen.

Terrine auf ein Brett stürzen, Folie entfernen. Terrine in Tranchen schneiden. Toastbrot toasten und mit einem Ausstecher Sterne ausstechen.

Tipp: mit einem kleinen Blattsalat servieren, oder Bresaola weglassen und Terrine als Käsedessert servieren.

*anstelle von Bresaola ein anderes Trockenfleisch verwenden.
