{"id":26289,"date":"2022-04-27T13:47:25","date_gmt":"2022-04-27T11:47:25","guid":{"rendered":"https:\/\/www.emmentaler.ch\/rezept\/schweinsfilet-mit-steinpilzpolenta"},"modified":"2024-07-24T13:38:54","modified_gmt":"2024-07-24T11:38:54","slug":"schweinsfilet-mit-steinpilzpolenta","status":"publish","type":"recipes","link":"https:\/\/www.emmentaler.ch\/de\/rezept\/schweinsfilet-mit-steinpilzpolenta","title":{"rendered":"Schweinsfilet mit Steinpilzpolenta"},"author":2,"featured_media":26300,"menu_order":0,"template":"","meta":{"inline_featured_image":false},"tags":[],"recipe_categories":[86],"et_countries":[],"recipe_main_ingredient":[120],"recipe_difficulty":[125],"recipe_preparation_time":[174],"recipe_diet_type":[],"recipe_saison":[143],"acf":{"recipe_preparation_time":174,"recipe_categories":86,"recipe_time_txt":"50 Minuten, plus 30 Minuten zum Einweichen","recipe_type":5226,"recipe_difficulty":125,"recipe_diet_type":false,"recipe_main_ingredient":[120],"recipe_saison":[143],"recipe_count_portions":4,"recipe_ingedients":[{"recipe_ingedients_amount":"","recipe_ingedients_unit":"g","recipe_ingedients_product":""}],"temporare_zutaten":"20 g getrocknete Steinpilze\r\n1 Zwiebel\r\n1 EL Butter\r\n7 dl Bouillon\r\n3 dl Milch\r\n175 g Bramata Maisgriess\r\n100 g rezenter Emmentaler AOP, gerieben\r\nSalz, Pfeffer\r\n1 Schalotte\r\n500 g Schweinsfilet\r\netwas Thymian\r\n2 EL \u00d6l\r\n2 TL Zucker\r\n1 TL Mehl\r\n3 dl Rotwein","recipe_preparation":"<span style=\"font-weight: 400;\">Pilze 30 Minuten einweichen, ausdr\u00fccken und klein schneiden. Zwiebel fein hacken, mit Pilzen in warmer Butter and\u00fcnsten. Bouillon und Milch dazugiessen, aufkochen, Maisgriess unter R\u00fchren zuf\u00fcgen. 45 Minuten k\u00f6cheln, gelegentlich r\u00fchren. Emmentaler AOP unter die Polenta mischen, mit Salz und Pfeffer abschmecken.<\/span>\r\n\r\n<span style=\"font-weight: 400;\">Schalotte fein hacken. Schweinsfilet mit Salz, Pfeffer und Thymian w\u00fcrzen, im heissen \u00d6l anbraten. Auf ein Kuchengitter legen und im 150 Grad vorgeheizten Ofen ca. 15 Minuten braten. Schalotte mit Zucker und Mehl mischen, in die leicht ausgek\u00fchlte Pfanne geben, bei mittlerer Hitze and\u00fcnsten. Nach und nach Rotwein zuf\u00fcgen und etwas einkochen lassen. 5-7 Minuten k\u00f6cheln, abschmecken.<\/span>\r\n\r\n<span style=\"font-weight: 400;\">Fleisch aufschneiden, mit Sauce und Polenta anrichten<\/span>","recipe_images":[26300]},"_links":{"self":[{"href":"https:\/\/www.emmentaler.ch\/de\/wp-json\/wp\/v2\/recipes\/26289"}],"collection":[{"href":"https:\/\/www.emmentaler.ch\/de\/wp-json\/wp\/v2\/recipes"}],"about":[{"href":"https:\/\/www.emmentaler.ch\/de\/wp-json\/wp\/v2\/types\/recipes"}],"author":[{"embeddable":true,"href":"https:\/\/www.emmentaler.ch\/de\/wp-json\/wp\/v2\/users\/2"}],"version-history":[{"count":1,"href":"https:\/\/www.emmentaler.ch\/de\/wp-json\/wp\/v2\/recipes\/26289\/revisions"}],"predecessor-version":[{"id":137795,"href":"https:\/\/www.emmentaler.ch\/de\/wp-json\/wp\/v2\/recipes\/26289\/revisions\/137795"}],"acf:attachment":[{"embeddable":true,"href":"https:\/\/www.emmentaler.ch\/de\/wp-json\/wp\/v2\/media\/26300"}],"acf:term":[{"embeddable":true,"taxonomy":"recipe_saison","href":"https:\/\/www.emmentaler.ch\/de\/wp-json\/wp\/v2\/recipe_saison\/143"},{"embeddable":true,"taxonomy":"recipe_main_ingredient","href":"https:\/\/www.emmentaler.ch\/de\/wp-json\/wp\/v2\/recipe_main_ingredient\/120"},{"embeddable":true,"taxonomy":"recipe_difficulty","href":"https:\/\/www.emmentaler.ch\/de\/wp-json\/wp\/v2\/recipe_difficulty\/125"},{"embeddable":true,"taxonomy":"recipe_categories","href":"https:\/\/www.emmentaler.ch\/de\/wp-json\/wp\/v2\/recipe_categories\/86"},{"embeddable":true,"taxonomy":"recipe_preparation_time","href":"https:\/\/www.emmentaler.ch\/de\/wp-json\/wp\/v2\/recipe_preparation_time\/174"}],"acf:post":[{"embeddable":true,"href":"https:\/\/www.emmentaler.ch\/de\/wp-json\/wp\/v2\/pages\/5226"}],"wp:featuredmedia":[{"embeddable":true,"href":"https:\/\/www.emmentaler.ch\/de\/wp-json\/wp\/v2\/media\/26300"}],"wp:attachment":[{"href":"https:\/\/www.emmentaler.ch\/de\/wp-json\/wp\/v2\/media?parent=26289"}],"wp:term":[{"taxonomy":"post_tag","embeddable":true,"href":"https:\/\/www.emmentaler.ch\/de\/wp-json\/wp\/v2\/tags?post=26289"},{"taxonomy":"recipe_categories","embeddable":true,"href":"https:\/\/www.emmentaler.ch\/de\/wp-json\/wp\/v2\/recipe_categories?post=26289"},{"taxonomy":"et_countries","embeddable":true,"href":"https:\/\/www.emmentaler.ch\/de\/wp-json\/wp\/v2\/et_countries?post=26289"},{"taxonomy":"recipe_main_ingredient","embeddable":true,"href":"https:\/\/www.emmentaler.ch\/de\/wp-json\/wp\/v2\/recipe_main_ingredient?post=26289"},{"taxonomy":"recipe_difficulty","embeddable":true,"href":"https:\/\/www.emmentaler.ch\/de\/wp-json\/wp\/v2\/recipe_difficulty?post=26289"},{"taxonomy":"recipe_preparation_time","embeddable":true,"href":"https:\/\/www.emmentaler.ch\/de\/wp-json\/wp\/v2\/recipe_preparation_time?post=26289"},{"taxonomy":"recipe_diet_type","embeddable":true,"href":"https:\/\/www.emmentaler.ch\/de\/wp-json\/wp\/v2\/recipe_diet_type?post=26289"},{"taxonomy":"recipe_saison","embeddable":true,"href":"https:\/\/www.emmentaler.ch\/de\/wp-json\/wp\/v2\/recipe_saison?post=26289"}],"curies":[{"name":"wp","href":"https:\/\/api.w.org\/{rel}","templated":true}]}}

20 g getrocknete Steinpilze
1 Zwiebel
1 EL Butter
7 dl Bouillon
3 dl Milch
175 g Bramata Maisgriess
100 g rezenter Emmentaler AOP, gerieben
Salz, Pfeffer
1 Schalotte
500 g Schweinsfilet
etwas Thymian
2 EL Öl
2 TL Zucker
1 TL Mehl
3 dl Rotwein

<span style="font-weight: 400;">Pilze 30 Minuten einweichen, ausdrücken und klein schneiden. Zwiebel fein hacken, mit Pilzen in warmer Butter andünsten. Bouillon und Milch dazugiessen, aufkochen, Maisgriess unter Rühren zufügen. 45 Minuten köcheln, gelegentlich rühren. Emmentaler AOP unter die Polenta mischen, mit Salz und Pfeffer abschmecken.</span>

<span style="font-weight: 400;">Schalotte fein hacken. Schweinsfilet mit Salz, Pfeffer und Thymian würzen, im heissen Öl anbraten. Auf ein Kuchengitter legen und im 150 Grad vorgeheizten Ofen ca. 15 Minuten braten. Schalotte mit Zucker und Mehl mischen, in die leicht ausgekühlte Pfanne geben, bei mittlerer Hitze andünsten. Nach und nach Rotwein zufügen und etwas einkochen lassen. 5-7 Minuten köcheln, abschmecken.</span>

<span style="font-weight: 400;">Fleisch aufschneiden, mit Sauce und Polenta anrichten</span>
