{"id":26320,"date":"2022-04-27T13:47:25","date_gmt":"2022-04-27T11:47:25","guid":{"rendered":"https:\/\/www.emmentaler.ch\/rezept\/gefuelltes-schweinsplaetzchen-mit-kuerbisragout"},"modified":"2022-08-19T11:40:33","modified_gmt":"2022-08-19T09:40:33","slug":"gefuelltes-schweinsplaetzchen-mit-kuerbisragout","status":"publish","type":"recipes","link":"https:\/\/www.emmentaler.ch\/de\/rezept\/gefuelltes-schweinsplaetzchen-mit-kuerbisragout","title":{"rendered":"Gef\u00fclltes Schweinspl\u00e4tzchen mit K\u00fcrbisragout"},"author":2,"featured_media":26341,"menu_order":0,"template":"","meta":{"inline_featured_image":false},"tags":[],"recipe_categories":[86],"et_countries":[],"recipe_main_ingredient":[120],"recipe_difficulty":[126],"recipe_preparation_time":[436],"recipe_diet_type":[],"recipe_saison":[137,135],"acf":{"recipe_preparation_time":436,"recipe_categories":86,"recipe_time_txt":"","recipe_type":5208,"recipe_difficulty":126,"recipe_diet_type":false,"recipe_main_ingredient":[120],"recipe_saison":[137,135],"recipe_count_portions":4,"recipe_ingedients":[{"recipe_ingedients_amount":"","recipe_ingedients_unit":"g","recipe_ingedients_product":""}],"temporare_zutaten":"2 EL gehackte Petersilie\r\n75 g rezenter Emmentaler AOP, gerieben\r\n25 g gemahlene Haseln\u00fcsse\r\n4 Schweinspl\u00e4tzchen \u00e0 150 g (Nierst\u00fcck, vom Metzger zum F\u00fcllen aufgeschnitten)\r\nSalz, Pfeffer\r\n1 EL Senf\r\n3 EL Mehl\r\n1 Ei, verquirlt\r\n50 g Paniermehl\r\n2 EL Bratbutter\r\n600 g K\u00fcrbisfleisch\r\n1 EL Tomatenp\u00fcree\r\n1 dl Orangensaft\r\n1 dl Bouillon\r\n3 EL Weissweinessig\r\n2 EL fein gehacktes Basilikum","recipe_preparation":"<span style=\"font-weight: 400;\">Petersilie, Emmentaler AOP und Haseln\u00fcsse zusammen vermischen. Pl\u00e4tzli w\u00fcrzen, innen mit Senf bestreichen. F\u00fcllung auf die Pl\u00e4tzli verteilen, zuklappen und R\u00e4nder gut zusammendr\u00fccken. Fleisch zuerst im Mehl, dann im Ei und anschliessend im Paniermehl wenden.<\/span>\r\n\r\n<span style=\"font-weight: 400;\">K\u00fcrbis in W\u00fcrfel schneiden. Tomatenp\u00fcree, Orangensaft, Bouillon und Essig aufkochen. K\u00fcrbis zuf\u00fcgen und weich garen. Falls die Sauce zu d\u00fcnnfl\u00fcssig ist, noch etwas einkochen und abschmecken. Basilikum beif\u00fcgen.<\/span>\r\n\r\n<span style=\"font-weight: 400;\">Pl\u00e4tzchen in heisser Bratbutter beidseitig je ca. 3 Minuten braten, mit dem K\u00fcrbisragout servieren. Schwarzer oder weisser Reis passt sehr gut dazu.<\/span>\r\n\r\n&nbsp;","recipe_images":[26341]},"_links":{"self":[{"href":"https:\/\/www.emmentaler.ch\/de\/wp-json\/wp\/v2\/recipes\/26320"}],"collection":[{"href":"https:\/\/www.emmentaler.ch\/de\/wp-json\/wp\/v2\/recipes"}],"about":[{"href":"https:\/\/www.emmentaler.ch\/de\/wp-json\/wp\/v2\/types\/recipes"}],"author":[{"embeddable":true,"href":"https:\/\/www.emmentaler.ch\/de\/wp-json\/wp\/v2\/users\/2"}],"version-history":[{"count":0,"href":"https:\/\/www.emmentaler.ch\/de\/wp-json\/wp\/v2\/recipes\/26320\/revisions"}],"acf:attachment":[{"embeddable":true,"href":"https:\/\/www.emmentaler.ch\/de\/wp-json\/wp\/v2\/media\/26341"}],"acf:term":[{"embeddable":true,"taxonomy":"recipe_saison","href":"https:\/\/www.emmentaler.ch\/de\/wp-json\/wp\/v2\/recipe_saison\/135"},{"embeddable":true,"taxonomy":"recipe_saison","href":"https:\/\/www.emmentaler.ch\/de\/wp-json\/wp\/v2\/recipe_saison\/137"},{"embeddable":true,"taxonomy":"recipe_main_ingredient","href":"https:\/\/www.emmentaler.ch\/de\/wp-json\/wp\/v2\/recipe_main_ingredient\/120"},{"embeddable":true,"taxonomy":"recipe_difficulty","href":"https:\/\/www.emmentaler.ch\/de\/wp-json\/wp\/v2\/recipe_difficulty\/126"},{"embeddable":true,"taxonomy":"recipe_categories","href":"https:\/\/www.emmentaler.ch\/de\/wp-json\/wp\/v2\/recipe_categories\/86"},{"embeddable":true,"taxonomy":"recipe_preparation_time","href":"https:\/\/www.emmentaler.ch\/de\/wp-json\/wp\/v2\/recipe_preparation_time\/436"}],"acf:post":[{"embeddable":true,"href":"https:\/\/www.emmentaler.ch\/de\/wp-json\/wp\/v2\/pages\/5208"}],"wp:featuredmedia":[{"embeddable":true,"href":"https:\/\/www.emmentaler.ch\/de\/wp-json\/wp\/v2\/media\/26341"}],"wp:attachment":[{"href":"https:\/\/www.emmentaler.ch\/de\/wp-json\/wp\/v2\/media?parent=26320"}],"wp:term":[{"taxonomy":"post_tag","embeddable":true,"href":"https:\/\/www.emmentaler.ch\/de\/wp-json\/wp\/v2\/tags?post=26320"},{"taxonomy":"recipe_categories","embeddable":true,"href":"https:\/\/www.emmentaler.ch\/de\/wp-json\/wp\/v2\/recipe_categories?post=26320"},{"taxonomy":"et_countries","embeddable":true,"href":"https:\/\/www.emmentaler.ch\/de\/wp-json\/wp\/v2\/et_countries?post=26320"},{"taxonomy":"recipe_main_ingredient","embeddable":true,"href":"https:\/\/www.emmentaler.ch\/de\/wp-json\/wp\/v2\/recipe_main_ingredient?post=26320"},{"taxonomy":"recipe_difficulty","embeddable":true,"href":"https:\/\/www.emmentaler.ch\/de\/wp-json\/wp\/v2\/recipe_difficulty?post=26320"},{"taxonomy":"recipe_preparation_time","embeddable":true,"href":"https:\/\/www.emmentaler.ch\/de\/wp-json\/wp\/v2\/recipe_preparation_time?post=26320"},{"taxonomy":"recipe_diet_type","embeddable":true,"href":"https:\/\/www.emmentaler.ch\/de\/wp-json\/wp\/v2\/recipe_diet_type?post=26320"},{"taxonomy":"recipe_saison","embeddable":true,"href":"https:\/\/www.emmentaler.ch\/de\/wp-json\/wp\/v2\/recipe_saison?post=26320"}],"curies":[{"name":"wp","href":"https:\/\/api.w.org\/{rel}","templated":true}]}}

Gefülltes Schweinsplätzchen mit Kürbisragout

2 EL gehackte Petersilie
75 g rezenter Emmentaler AOP, gerieben
25 g gemahlene Haselnüsse
4 Schweinsplätzchen à 150 g (Nierstück, vom Metzger zum Füllen aufgeschnitten)
Salz, Pfeffer
1 EL Senf
3 EL Mehl
1 Ei, verquirlt
50 g Paniermehl
2 EL Bratbutter
600 g Kürbisfleisch
1 EL Tomatenpüree
1 dl Orangensaft
1 dl Bouillon
3 EL Weissweinessig
2 EL fein gehacktes Basilikum

<span style="font-weight: 400;">Petersilie, Emmentaler AOP und Haselnüsse zusammen vermischen. Plätzli würzen, innen mit Senf bestreichen. Füllung auf die Plätzli verteilen, zuklappen und Ränder gut zusammendrücken. Fleisch zuerst im Mehl, dann im Ei und anschliessend im Paniermehl wenden.</span>

<span style="font-weight: 400;">Kürbis in Würfel schneiden. Tomatenpüree, Orangensaft, Bouillon und Essig aufkochen. Kürbis zufügen und weich garen. Falls die Sauce zu dünnflüssig ist, noch etwas einkochen und abschmecken. Basilikum beifügen.</span>

<span style="font-weight: 400;">Plätzchen in heisser Bratbutter beidseitig je ca. 3 Minuten braten, mit dem Kürbisragout servieren. Schwarzer oder weisser Reis passt sehr gut dazu.</span>

&nbsp;
