{"id":26424,"date":"2022-04-27T13:57:46","date_gmt":"2022-04-27T11:57:46","guid":{"rendered":"https:\/\/www.emmentaler.ch\/rezept\/kotelett-mit-geroestetem-blumenkohl"},"modified":"2022-08-12T17:56:21","modified_gmt":"2022-08-12T15:56:21","slug":"kotelett-mit-geroestetem-blumenkohl","status":"publish","type":"recipes","link":"https:\/\/www.emmentaler.ch\/de\/rezept\/kotelett-mit-geroestetem-blumenkohl","title":{"rendered":"Kotelett mit ger\u00f6stetem Blumenkohl"},"author":2,"featured_media":26440,"menu_order":0,"template":"","meta":{"inline_featured_image":false},"tags":[],"recipe_categories":[86],"et_countries":[],"recipe_main_ingredient":[120,123],"recipe_difficulty":[126],"recipe_preparation_time":[153],"recipe_diet_type":[],"recipe_saison":[143],"acf":{"recipe_preparation_time":153,"recipe_categories":86,"recipe_time_txt":"","recipe_type":5357,"recipe_difficulty":126,"recipe_diet_type":false,"recipe_main_ingredient":[120,123],"recipe_saison":[143],"recipe_count_portions":4,"recipe_ingedients":[{"recipe_ingedients_amount":"","recipe_ingedients_unit":"g","recipe_ingedients_product":""}],"temporare_zutaten":"750 g Blumenkohl\r\n5 EL Raps\u00f6l\r\nSalz, Pfeffer\r\n1 kleine Zwiebel\r\n1 Knoblauchzehe\r\n75 g Bratspeck\r\n100 g rezenter Emmentaler AOP\r\n4 Stiele Majoran\r\n4 Schweinskoteletts \u00e0 ca. 220 g, vom Metzger eine Tasche hineinschneiden lassen","recipe_preparation":"<span style=\"font-weight: 400;\">Ofen auf 220 Grad (Ober-\/Unterhitze) vorheizen. Blumenkohl in mundgerechte R\u00f6schen teilen, mit 3 Essl\u00f6ffel \u00d6l, Salz und Pfeffer in einer Sch\u00fcssel gut vermischen. Auf ein mit Backpapier belegtes Blech verteilen. In der Mitte des Ofens 30 Minuten backen.\u00a0<\/span>\r\n\r\n<span style=\"font-weight: 400;\">In der Zwischenzeit Zwiebel und Knoblauch fein w\u00fcrfeln. Speck in Streifen schneiden. Speck in einer Pfanne ohne Fett braten. Zwiebeln und Knoblauch zugeben und kurz mitbraten. In eine Sch\u00fcssel geben und ausk\u00fchlen lassen.<\/span>\r\n\r\n<span style=\"font-weight: 400;\">Emmentaler AOP reiben. Majoran Bl\u00e4ttchen grob hacken. Mit der Speckmischung vermengen. Masse in die Koteletts f\u00fcllen und gut festdr\u00fccken.\u00a0<\/span>\r\n\r\n<span style=\"font-weight: 400;\">Nach 30 Minuten Backzeit Ofentemperatur auf 160 Grad reduzieren. 2 Essl\u00f6ffel \u00d6l in einer Bratpfanne erhitzen. Koteletts w\u00fcrzen und auf jeder Seite ca. 2 Minuten scharf anbraten. Zum Blumenkohl auf das Blech geben und in der Mitte des Ofens 8-10 Minuten fertig garen.<\/span>\r\n\r\n<span style=\"font-weight: 400;\">Tipp: mit einem Risotto servieren.<\/span>","recipe_images":[26435]},"_links":{"self":[{"href":"https:\/\/www.emmentaler.ch\/de\/wp-json\/wp\/v2\/recipes\/26424"}],"collection":[{"href":"https:\/\/www.emmentaler.ch\/de\/wp-json\/wp\/v2\/recipes"}],"about":[{"href":"https:\/\/www.emmentaler.ch\/de\/wp-json\/wp\/v2\/types\/recipes"}],"author":[{"embeddable":true,"href":"https:\/\/www.emmentaler.ch\/de\/wp-json\/wp\/v2\/users\/2"}],"version-history":[{"count":0,"href":"https:\/\/www.emmentaler.ch\/de\/wp-json\/wp\/v2\/recipes\/26424\/revisions"}],"acf:attachment":[{"embeddable":true,"href":"https:\/\/www.emmentaler.ch\/de\/wp-json\/wp\/v2\/media\/26435"}],"acf:term":[{"embeddable":true,"taxonomy":"recipe_saison","href":"https:\/\/www.emmentaler.ch\/de\/wp-json\/wp\/v2\/recipe_saison\/143"},{"embeddable":true,"taxonomy":"recipe_main_ingredient","href":"https:\/\/www.emmentaler.ch\/de\/wp-json\/wp\/v2\/recipe_main_ingredient\/123"},{"embeddable":true,"taxonomy":"recipe_main_ingredient","href":"https:\/\/www.emmentaler.ch\/de\/wp-json\/wp\/v2\/recipe_main_ingredient\/120"},{"embeddable":true,"taxonomy":"recipe_difficulty","href":"https:\/\/www.emmentaler.ch\/de\/wp-json\/wp\/v2\/recipe_difficulty\/126"},{"embeddable":true,"taxonomy":"recipe_categories","href":"https:\/\/www.emmentaler.ch\/de\/wp-json\/wp\/v2\/recipe_categories\/86"},{"embeddable":true,"taxonomy":"recipe_preparation_time","href":"https:\/\/www.emmentaler.ch\/de\/wp-json\/wp\/v2\/recipe_preparation_time\/153"}],"acf:post":[{"embeddable":true,"href":"https:\/\/www.emmentaler.ch\/de\/wp-json\/wp\/v2\/pages\/5357"}],"wp:featuredmedia":[{"embeddable":true,"href":"https:\/\/www.emmentaler.ch\/de\/wp-json\/wp\/v2\/media\/26440"}],"wp:attachment":[{"href":"https:\/\/www.emmentaler.ch\/de\/wp-json\/wp\/v2\/media?parent=26424"}],"wp:term":[{"taxonomy":"post_tag","embeddable":true,"href":"https:\/\/www.emmentaler.ch\/de\/wp-json\/wp\/v2\/tags?post=26424"},{"taxonomy":"recipe_categories","embeddable":true,"href":"https:\/\/www.emmentaler.ch\/de\/wp-json\/wp\/v2\/recipe_categories?post=26424"},{"taxonomy":"et_countries","embeddable":true,"href":"https:\/\/www.emmentaler.ch\/de\/wp-json\/wp\/v2\/et_countries?post=26424"},{"taxonomy":"recipe_main_ingredient","embeddable":true,"href":"https:\/\/www.emmentaler.ch\/de\/wp-json\/wp\/v2\/recipe_main_ingredient?post=26424"},{"taxonomy":"recipe_difficulty","embeddable":true,"href":"https:\/\/www.emmentaler.ch\/de\/wp-json\/wp\/v2\/recipe_difficulty?post=26424"},{"taxonomy":"recipe_preparation_time","embeddable":true,"href":"https:\/\/www.emmentaler.ch\/de\/wp-json\/wp\/v2\/recipe_preparation_time?post=26424"},{"taxonomy":"recipe_diet_type","embeddable":true,"href":"https:\/\/www.emmentaler.ch\/de\/wp-json\/wp\/v2\/recipe_diet_type?post=26424"},{"taxonomy":"recipe_saison","embeddable":true,"href":"https:\/\/www.emmentaler.ch\/de\/wp-json\/wp\/v2\/recipe_saison?post=26424"}],"curies":[{"name":"wp","href":"https:\/\/api.w.org\/{rel}","templated":true}]}}

Kotelett mit geröstetem Blumenkohl

750 g Blumenkohl
5 EL Rapsöl
Salz, Pfeffer
1 kleine Zwiebel
1 Knoblauchzehe
75 g Bratspeck
100 g rezenter Emmentaler AOP
4 Stiele Majoran
4 Schweinskoteletts à ca. 220 g, vom Metzger eine Tasche hineinschneiden lassen

<span style="font-weight: 400;">Ofen auf 220 Grad (Ober-/Unterhitze) vorheizen. Blumenkohl in mundgerechte Röschen teilen, mit 3 Esslöffel Öl, Salz und Pfeffer in einer Schüssel gut vermischen. Auf ein mit Backpapier belegtes Blech verteilen. In der Mitte des Ofens 30 Minuten backen. </span>

<span style="font-weight: 400;">In der Zwischenzeit Zwiebel und Knoblauch fein würfeln. Speck in Streifen schneiden. Speck in einer Pfanne ohne Fett braten. Zwiebeln und Knoblauch zugeben und kurz mitbraten. In eine Schüssel geben und auskühlen lassen.</span>

<span style="font-weight: 400;">Emmentaler AOP reiben. Majoran Blättchen grob hacken. Mit der Speckmischung vermengen. Masse in die Koteletts füllen und gut festdrücken. </span>

<span style="font-weight: 400;">Nach 30 Minuten Backzeit Ofentemperatur auf 160 Grad reduzieren. 2 Esslöffel Öl in einer Bratpfanne erhitzen. Koteletts würzen und auf jeder Seite ca. 2 Minuten scharf anbraten. Zum Blumenkohl auf das Blech geben und in der Mitte des Ofens 8-10 Minuten fertig garen.</span>

<span style="font-weight: 400;">Tipp: mit einem Risotto servieren.</span>
