{"id":26517,"date":"2022-04-27T13:57:46","date_gmt":"2022-04-27T11:57:46","guid":{"rendered":"https:\/\/www.emmentaler.ch\/rezept\/kuerbis-risotto-mit-balsamico-reduktion-und-kaesespaenen-aus-emmentaler-aop"},"modified":"2024-07-24T13:32:47","modified_gmt":"2024-07-24T11:32:47","slug":"kuerbis-risotto-mit-balsamico-reduktion-und-kaesespaenen-aus-emmentaler-aop","status":"publish","type":"recipes","link":"https:\/\/www.emmentaler.ch\/de\/rezept\/kuerbis-risotto-mit-balsamico-reduktion-und-kaesespaenen-aus-emmentaler-aop","title":{"rendered":"K\u00fcrbis-Risotto mit Balsamico-Reduktion und K\u00e4sesp\u00e4nen aus Emmentaler AOP"},"author":2,"featured_media":26533,"menu_order":0,"template":"","meta":{"inline_featured_image":false},"tags":[],"recipe_categories":[86],"et_countries":[],"recipe_main_ingredient":[123],"recipe_difficulty":[125],"recipe_preparation_time":[161],"recipe_diet_type":[133,132],"recipe_saison":[142,137],"acf":{"recipe_preparation_time":161,"recipe_categories":86,"recipe_time_txt":"","recipe_type":5203,"recipe_difficulty":125,"recipe_diet_type":[133,132],"recipe_main_ingredient":[123],"recipe_saison":[142,137],"recipe_count_portions":4,"recipe_ingedients":[{"recipe_ingedients_amount":"","recipe_ingedients_unit":"g","recipe_ingedients_product":""}],"temporare_zutaten":"20 g geriebener Emmentaler AOP\r\nK\u00e4sesp\u00e4ne aus Emmentaler AOP\r\n400 g gesch\u00e4lter K\u00fcrbis\r\n400 g Risotto-Reis\r\n80 g Butter\r\n1\/2 Zwiebel\r\n1 l Gem\u00fcsebr\u00fche\r\nPfeffer\r\n250 g Balsamico Creme","recipe_preparation":"F\u00fcr das Risotto die fein gehackte Zwiebel mit 50\u00a0g Butter in einer Pfanne and\u00fcnsten, den in kleine W\u00fcrfel geschnittenen K\u00fcrbis hinzuf\u00fcgen und alles 1\/4\u00a0Stunde d\u00fcnsten lassen, bei Bedarf etwas warme Br\u00fche zugeben.\r\n\r\nDen Reis hinzuf\u00fcgen und unter R\u00fchren kurz mitd\u00fcnsten. Dann, nach und nach, die Br\u00fche zugeben, weiter k\u00f6cheln lassen und dabei immer wieder umr\u00fchren.\r\n\r\nDen Reis, wenn er fast fertig, aber noch bissfest ist, vom Herd nehmen, die verbleibende kalte Butter sowie den geriebenen Emmentaler\u00a0AOP hinzuf\u00fcgen und kr\u00e4ftig umr\u00fchren.\r\n\r\nDen Reis in der Pfanne zugedeckt noch 3\u00a0Minuten ziehen lassen und schon mal die Teller mit der Balsamico Creme verzieren. Den Reiss abschliessend heiss anrichten, mit etwas schwarzem Pfeffer aus der M\u00fchle","recipe_images":[26533]},"_links":{"self":[{"href":"https:\/\/www.emmentaler.ch\/de\/wp-json\/wp\/v2\/recipes\/26517"}],"collection":[{"href":"https:\/\/www.emmentaler.ch\/de\/wp-json\/wp\/v2\/recipes"}],"about":[{"href":"https:\/\/www.emmentaler.ch\/de\/wp-json\/wp\/v2\/types\/recipes"}],"author":[{"embeddable":true,"href":"https:\/\/www.emmentaler.ch\/de\/wp-json\/wp\/v2\/users\/2"}],"version-history":[{"count":1,"href":"https:\/\/www.emmentaler.ch\/de\/wp-json\/wp\/v2\/recipes\/26517\/revisions"}],"predecessor-version":[{"id":137789,"href":"https:\/\/www.emmentaler.ch\/de\/wp-json\/wp\/v2\/recipes\/26517\/revisions\/137789"}],"acf:attachment":[{"embeddable":true,"href":"https:\/\/www.emmentaler.ch\/de\/wp-json\/wp\/v2\/media\/26533"}],"acf:term":[{"embeddable":true,"taxonomy":"recipe_saison","href":"https:\/\/www.emmentaler.ch\/de\/wp-json\/wp\/v2\/recipe_saison\/137"},{"embeddable":true,"taxonomy":"recipe_saison","href":"https:\/\/www.emmentaler.ch\/de\/wp-json\/wp\/v2\/recipe_saison\/142"},{"embeddable":true,"taxonomy":"recipe_main_ingredient","href":"https:\/\/www.emmentaler.ch\/de\/wp-json\/wp\/v2\/recipe_main_ingredient\/123"},{"embeddable":true,"taxonomy":"recipe_diet_type","href":"https:\/\/www.emmentaler.ch\/de\/wp-json\/wp\/v2\/recipe_diet_type\/132"},{"embeddable":true,"taxonomy":"recipe_diet_type","href":"https:\/\/www.emmentaler.ch\/de\/wp-json\/wp\/v2\/recipe_diet_type\/133"},{"embeddable":true,"taxonomy":"recipe_difficulty","href":"https:\/\/www.emmentaler.ch\/de\/wp-json\/wp\/v2\/recipe_difficulty\/125"},{"embeddable":true,"taxonomy":"recipe_categories","href":"https:\/\/www.emmentaler.ch\/de\/wp-json\/wp\/v2\/recipe_categories\/86"},{"embeddable":true,"taxonomy":"recipe_preparation_time","href":"https:\/\/www.emmentaler.ch\/de\/wp-json\/wp\/v2\/recipe_preparation_time\/161"}],"acf:post":[{"embeddable":true,"href":"https:\/\/www.emmentaler.ch\/de\/wp-json\/wp\/v2\/pages\/5203"}],"wp:featuredmedia":[{"embeddable":true,"href":"https:\/\/www.emmentaler.ch\/de\/wp-json\/wp\/v2\/media\/26533"}],"wp:attachment":[{"href":"https:\/\/www.emmentaler.ch\/de\/wp-json\/wp\/v2\/media?parent=26517"}],"wp:term":[{"taxonomy":"post_tag","embeddable":true,"href":"https:\/\/www.emmentaler.ch\/de\/wp-json\/wp\/v2\/tags?post=26517"},{"taxonomy":"recipe_categories","embeddable":true,"href":"https:\/\/www.emmentaler.ch\/de\/wp-json\/wp\/v2\/recipe_categories?post=26517"},{"taxonomy":"et_countries","embeddable":true,"href":"https:\/\/www.emmentaler.ch\/de\/wp-json\/wp\/v2\/et_countries?post=26517"},{"taxonomy":"recipe_main_ingredient","embeddable":true,"href":"https:\/\/www.emmentaler.ch\/de\/wp-json\/wp\/v2\/recipe_main_ingredient?post=26517"},{"taxonomy":"recipe_difficulty","embeddable":true,"href":"https:\/\/www.emmentaler.ch\/de\/wp-json\/wp\/v2\/recipe_difficulty?post=26517"},{"taxonomy":"recipe_preparation_time","embeddable":true,"href":"https:\/\/www.emmentaler.ch\/de\/wp-json\/wp\/v2\/recipe_preparation_time?post=26517"},{"taxonomy":"recipe_diet_type","embeddable":true,"href":"https:\/\/www.emmentaler.ch\/de\/wp-json\/wp\/v2\/recipe_diet_type?post=26517"},{"taxonomy":"recipe_saison","embeddable":true,"href":"https:\/\/www.emmentaler.ch\/de\/wp-json\/wp\/v2\/recipe_saison?post=26517"}],"curies":[{"name":"wp","href":"https:\/\/api.w.org\/{rel}","templated":true}]}}

Kürbis-Risotto mit Balsamico-Reduktion und Käsespänen aus Emmentaler AOP

20 g geriebener Emmentaler AOP
Käsespäne aus Emmentaler AOP
400 g geschälter Kürbis
400 g Risotto-Reis
80 g Butter
1/2 Zwiebel
1 l Gemüsebrühe
Pfeffer
250 g Balsamico Creme

Für das Risotto die fein gehackte Zwiebel mit 50 g Butter in einer Pfanne andünsten, den in kleine Würfel geschnittenen Kürbis hinzufügen und alles 1/4 Stunde dünsten lassen, bei Bedarf etwas warme Brühe zugeben.

Den Reis hinzufügen und unter Rühren kurz mitdünsten. Dann, nach und nach, die Brühe zugeben, weiter köcheln lassen und dabei immer wieder umrühren.

Den Reis, wenn er fast fertig, aber noch bissfest ist, vom Herd nehmen, die verbleibende kalte Butter sowie den geriebenen Emmentaler AOP hinzufügen und kräftig umrühren.

Den Reis in der Pfanne zugedeckt noch 3 Minuten ziehen lassen und schon mal die Teller mit der Balsamico Creme verzieren. Den Reiss abschliessend heiss anrichten, mit etwas schwarzem Pfeffer aus der Mühle
