{"id":26548,"date":"2022-04-27T13:57:46","date_gmt":"2022-04-27T11:57:46","guid":{"rendered":"https:\/\/www.emmentaler.ch\/rezept\/folienkartoffeln-mit-mascarpone-und-emmentaler-aop"},"modified":"2024-07-24T13:38:24","modified_gmt":"2024-07-24T11:38:24","slug":"folienkartoffeln-mit-mascarpone-und-emmentaler-aop","status":"publish","type":"recipes","link":"https:\/\/www.emmentaler.ch\/de\/rezept\/folienkartoffeln-mit-mascarpone-und-emmentaler-aop","title":{"rendered":"Folienkartoffeln mit Mascarpone und Emmentaler AOP"},"author":2,"featured_media":26564,"menu_order":0,"template":"","meta":{"inline_featured_image":false},"tags":[],"recipe_categories":[86],"et_countries":[],"recipe_main_ingredient":[123],"recipe_difficulty":[125],"recipe_preparation_time":[165],"recipe_diet_type":[134,132],"recipe_saison":[138,143,135],"acf":{"recipe_preparation_time":165,"recipe_categories":86,"recipe_time_txt":"","recipe_type":5208,"recipe_difficulty":125,"recipe_diet_type":[134,132],"recipe_main_ingredient":[123],"recipe_saison":[138,143,135],"recipe_count_portions":4,"recipe_ingedients":[{"recipe_ingedients_amount":"","recipe_ingedients_unit":"g","recipe_ingedients_product":""}],"temporare_zutaten":"200 g Emmentaler AOP\r\n4 mittlere bis grosse Kartoffeln\r\n300 g Mascarpone\r\n\u00bd Zitrone\r\n12 Walnusskerne\r\n1 Bund Schnittlauch\r\nSalz\r\nPfeffer","recipe_preparation":"Die Kartoffeln gr\u00fcndlich waschen, mit etwas Salz einreiben und anschliessend jede Kartoffel in Alufolie einpacken, ohne diese zu sehr anzudr\u00fccken. Die Alufolie an mehreren Stellen einstechen und die Kartoffeln im Ofen bei 200\u00b0 ca. 50-60 Minuten lang garen.\r\n\r\nIn der Zwischenzeit die Sauce zubereiten; dazu den Saft einer halben Zitrone mit der Mascarpone mischen und 100 g geriebenen oder fein zerkleinerten Emmentaler AOP, die gemahlenen N\u00fcsse sowie den kleingeschnittenen Schnittlauch hinzuf\u00fcgen und mit Salz abschmecken.\r\n\r\nWenn die Kartoffeln gar sind, die Folie \u00f6ffnen, die Schale einschneiden, und das Innere der Kartoffel mit dem Messer etwas zerdr\u00fccken. Anschliessend eine Vertiefung bilden und einen grossen L\u00f6ffel Sauce hineingeben. Perfekt werden die Folienkartoffeln, wenn Sie sie sehr heiss mit dem \u00fcbrigen fein geriebenen Emmentaler AOP anrichten und die verbleibende Sauce dazu servieren.","recipe_images":[26564]},"_links":{"self":[{"href":"https:\/\/www.emmentaler.ch\/de\/wp-json\/wp\/v2\/recipes\/26548"}],"collection":[{"href":"https:\/\/www.emmentaler.ch\/de\/wp-json\/wp\/v2\/recipes"}],"about":[{"href":"https:\/\/www.emmentaler.ch\/de\/wp-json\/wp\/v2\/types\/recipes"}],"author":[{"embeddable":true,"href":"https:\/\/www.emmentaler.ch\/de\/wp-json\/wp\/v2\/users\/2"}],"version-history":[{"count":1,"href":"https:\/\/www.emmentaler.ch\/de\/wp-json\/wp\/v2\/recipes\/26548\/revisions"}],"predecessor-version":[{"id":137790,"href":"https:\/\/www.emmentaler.ch\/de\/wp-json\/wp\/v2\/recipes\/26548\/revisions\/137790"}],"acf:attachment":[{"embeddable":true,"href":"https:\/\/www.emmentaler.ch\/de\/wp-json\/wp\/v2\/media\/26564"}],"acf:term":[{"embeddable":true,"taxonomy":"recipe_saison","href":"https:\/\/www.emmentaler.ch\/de\/wp-json\/wp\/v2\/recipe_saison\/135"},{"embeddable":true,"taxonomy":"recipe_saison","href":"https:\/\/www.emmentaler.ch\/de\/wp-json\/wp\/v2\/recipe_saison\/143"},{"embeddable":true,"taxonomy":"recipe_saison","href":"https:\/\/www.emmentaler.ch\/de\/wp-json\/wp\/v2\/recipe_saison\/138"},{"embeddable":true,"taxonomy":"recipe_main_ingredient","href":"https:\/\/www.emmentaler.ch\/de\/wp-json\/wp\/v2\/recipe_main_ingredient\/123"},{"embeddable":true,"taxonomy":"recipe_diet_type","href":"https:\/\/www.emmentaler.ch\/de\/wp-json\/wp\/v2\/recipe_diet_type\/132"},{"embeddable":true,"taxonomy":"recipe_diet_type","href":"https:\/\/www.emmentaler.ch\/de\/wp-json\/wp\/v2\/recipe_diet_type\/134"},{"embeddable":true,"taxonomy":"recipe_difficulty","href":"https:\/\/www.emmentaler.ch\/de\/wp-json\/wp\/v2\/recipe_difficulty\/125"},{"embeddable":true,"taxonomy":"recipe_categories","href":"https:\/\/www.emmentaler.ch\/de\/wp-json\/wp\/v2\/recipe_categories\/86"},{"embeddable":true,"taxonomy":"recipe_preparation_time","href":"https:\/\/www.emmentaler.ch\/de\/wp-json\/wp\/v2\/recipe_preparation_time\/165"}],"acf:post":[{"embeddable":true,"href":"https:\/\/www.emmentaler.ch\/de\/wp-json\/wp\/v2\/pages\/5208"}],"wp:featuredmedia":[{"embeddable":true,"href":"https:\/\/www.emmentaler.ch\/de\/wp-json\/wp\/v2\/media\/26564"}],"wp:attachment":[{"href":"https:\/\/www.emmentaler.ch\/de\/wp-json\/wp\/v2\/media?parent=26548"}],"wp:term":[{"taxonomy":"post_tag","embeddable":true,"href":"https:\/\/www.emmentaler.ch\/de\/wp-json\/wp\/v2\/tags?post=26548"},{"taxonomy":"recipe_categories","embeddable":true,"href":"https:\/\/www.emmentaler.ch\/de\/wp-json\/wp\/v2\/recipe_categories?post=26548"},{"taxonomy":"et_countries","embeddable":true,"href":"https:\/\/www.emmentaler.ch\/de\/wp-json\/wp\/v2\/et_countries?post=26548"},{"taxonomy":"recipe_main_ingredient","embeddable":true,"href":"https:\/\/www.emmentaler.ch\/de\/wp-json\/wp\/v2\/recipe_main_ingredient?post=26548"},{"taxonomy":"recipe_difficulty","embeddable":true,"href":"https:\/\/www.emmentaler.ch\/de\/wp-json\/wp\/v2\/recipe_difficulty?post=26548"},{"taxonomy":"recipe_preparation_time","embeddable":true,"href":"https:\/\/www.emmentaler.ch\/de\/wp-json\/wp\/v2\/recipe_preparation_time?post=26548"},{"taxonomy":"recipe_diet_type","embeddable":true,"href":"https:\/\/www.emmentaler.ch\/de\/wp-json\/wp\/v2\/recipe_diet_type?post=26548"},{"taxonomy":"recipe_saison","embeddable":true,"href":"https:\/\/www.emmentaler.ch\/de\/wp-json\/wp\/v2\/recipe_saison?post=26548"}],"curies":[{"name":"wp","href":"https:\/\/api.w.org\/{rel}","templated":true}]}}

Die Kartoffeln gründlich waschen, mit etwas Salz einreiben und anschliessend jede Kartoffel in Alufolie einpacken, ohne diese zu sehr anzudrücken. Die Alufolie an mehreren Stellen einstechen und die Kartoffeln im Ofen bei 200° ca. 50-60 Minuten lang garen.

In der Zwischenzeit die Sauce zubereiten; dazu den Saft einer halben Zitrone mit der Mascarpone mischen und 100 g geriebenen oder fein zerkleinerten Emmentaler AOP, die gemahlenen Nüsse sowie den kleingeschnittenen Schnittlauch hinzufügen und mit Salz abschmecken.

Wenn die Kartoffeln gar sind, die Folie öffnen, die Schale einschneiden, und das Innere der Kartoffel mit dem Messer etwas zerdrücken. Anschliessend eine Vertiefung bilden und einen grossen Löffel Sauce hineingeben. Perfekt werden die Folienkartoffeln, wenn Sie sie sehr heiss mit dem übrigen fein geriebenen Emmentaler AOP anrichten und die verbleibende Sauce dazu servieren.
