{"id":26579,"date":"2022-04-27T13:57:46","date_gmt":"2022-04-27T11:57:46","guid":{"rendered":"https:\/\/www.emmentaler.ch\/rezept\/gefuellte-tomaten-mit-reis-und-emmentaler-aop"},"modified":"2024-07-24T13:13:23","modified_gmt":"2024-07-24T11:13:23","slug":"gefuellte-tomaten-mit-reis-und-emmentaler-aop","status":"publish","type":"recipes","link":"https:\/\/www.emmentaler.ch\/de\/rezept\/gefuellte-tomaten-mit-reis-und-emmentaler-aop","title":{"rendered":"Gef\u00fcllte Tomaten mit Reis und Emmentaler AOP"},"author":2,"featured_media":26595,"menu_order":0,"template":"","meta":{"inline_featured_image":false},"tags":[788],"recipe_categories":[86],"et_countries":[],"recipe_main_ingredient":[123],"recipe_difficulty":[125],"recipe_preparation_time":[436],"recipe_diet_type":[134,132],"recipe_saison":[143],"acf":{"recipe_preparation_time":436,"recipe_categories":86,"recipe_time_txt":"","recipe_type":5208,"recipe_difficulty":125,"recipe_diet_type":[134,132],"recipe_main_ingredient":[123],"recipe_saison":[143],"recipe_count_portions":4,"recipe_ingedients":[{"recipe_ingedients_amount":"","recipe_ingedients_unit":"g","recipe_ingedients_product":""}],"temporare_zutaten":"200 g Langkornreis\r\n4 reife Ochsenherztomaten (oder 4 grosse Ramati-Tomaten)\r\n8 Cherry-Tomaten\r\n150 g Emmentaler AOP, klein gew\u00fcrfelt\r\n50 g Kapern\r\n30 g Kapern\u00e4pfel\r\n80 g Taggiasca-Oliven, entsteint\r\nExtravergine-\u00d6l nach Bedarf\r\n1 Essl\u00f6ffel grobes Salz\r\n1 Prise feines Salz\r\n1 Zweig Pfefferminze\r\nEtwas abgeriebene Schale einer unbehandelten Zitrone","recipe_preparation":"Reis zusammen mit dem groben Salz in viel Wasser aufkochen. Abgiessen, sobald der Reis gar ist, und einige Minuten unter laufendem Wasser abk\u00fchlen. Von den Tomaten einen Deckel abschneiden, sie sorgf\u00e4ltig aush\u00f6hlen, das entfernte Fruchtfleisch in W\u00fcrfel schneiden und beiseitestellen. In einer Sch\u00fcssel den Reis mit den Oliven, den Kapern, den klein gew\u00fcrfelten Cherry-Tomaten und dem Fruchtfleisch der Ochsenherztomaten mischen; mit dem \u00d6l und etwas abgeriebener Zitronenschale w\u00fcrzen und sorgf\u00e4ltig mischen. Die gehackte Pfefferminze und 100 g klein gew\u00fcrfelten Emmentaler AOP beigeben. Mit Salz abschmecken und den fertigen Reis in die Tomaten f\u00fcllen. Zuletzt mit einigen W\u00fcrfeln Emmentaler AOP und den Kapern\u00e4pfeln dekorieren. Bis zum Servieren k\u00fchlstellen.","recipe_images":[26595]},"_links":{"self":[{"href":"https:\/\/www.emmentaler.ch\/de\/wp-json\/wp\/v2\/recipes\/26579"}],"collection":[{"href":"https:\/\/www.emmentaler.ch\/de\/wp-json\/wp\/v2\/recipes"}],"about":[{"href":"https:\/\/www.emmentaler.ch\/de\/wp-json\/wp\/v2\/types\/recipes"}],"author":[{"embeddable":true,"href":"https:\/\/www.emmentaler.ch\/de\/wp-json\/wp\/v2\/users\/2"}],"version-history":[{"count":1,"href":"https:\/\/www.emmentaler.ch\/de\/wp-json\/wp\/v2\/recipes\/26579\/revisions"}],"predecessor-version":[{"id":137791,"href":"https:\/\/www.emmentaler.ch\/de\/wp-json\/wp\/v2\/recipes\/26579\/revisions\/137791"}],"acf:attachment":[{"embeddable":true,"href":"https:\/\/www.emmentaler.ch\/de\/wp-json\/wp\/v2\/media\/26595"}],"acf:term":[{"embeddable":true,"taxonomy":"recipe_saison","href":"https:\/\/www.emmentaler.ch\/de\/wp-json\/wp\/v2\/recipe_saison\/143"},{"embeddable":true,"taxonomy":"recipe_main_ingredient","href":"https:\/\/www.emmentaler.ch\/de\/wp-json\/wp\/v2\/recipe_main_ingredient\/123"},{"embeddable":true,"taxonomy":"recipe_diet_type","href":"https:\/\/www.emmentaler.ch\/de\/wp-json\/wp\/v2\/recipe_diet_type\/132"},{"embeddable":true,"taxonomy":"recipe_diet_type","href":"https:\/\/www.emmentaler.ch\/de\/wp-json\/wp\/v2\/recipe_diet_type\/134"},{"embeddable":true,"taxonomy":"recipe_difficulty","href":"https:\/\/www.emmentaler.ch\/de\/wp-json\/wp\/v2\/recipe_difficulty\/125"},{"embeddable":true,"taxonomy":"recipe_categories","href":"https:\/\/www.emmentaler.ch\/de\/wp-json\/wp\/v2\/recipe_categories\/86"},{"embeddable":true,"taxonomy":"recipe_preparation_time","href":"https:\/\/www.emmentaler.ch\/de\/wp-json\/wp\/v2\/recipe_preparation_time\/436"}],"acf:post":[{"embeddable":true,"href":"https:\/\/www.emmentaler.ch\/de\/wp-json\/wp\/v2\/pages\/5208"}],"wp:featuredmedia":[{"embeddable":true,"href":"https:\/\/www.emmentaler.ch\/de\/wp-json\/wp\/v2\/media\/26595"}],"wp:attachment":[{"href":"https:\/\/www.emmentaler.ch\/de\/wp-json\/wp\/v2\/media?parent=26579"}],"wp:term":[{"taxonomy":"post_tag","embeddable":true,"href":"https:\/\/www.emmentaler.ch\/de\/wp-json\/wp\/v2\/tags?post=26579"},{"taxonomy":"recipe_categories","embeddable":true,"href":"https:\/\/www.emmentaler.ch\/de\/wp-json\/wp\/v2\/recipe_categories?post=26579"},{"taxonomy":"et_countries","embeddable":true,"href":"https:\/\/www.emmentaler.ch\/de\/wp-json\/wp\/v2\/et_countries?post=26579"},{"taxonomy":"recipe_main_ingredient","embeddable":true,"href":"https:\/\/www.emmentaler.ch\/de\/wp-json\/wp\/v2\/recipe_main_ingredient?post=26579"},{"taxonomy":"recipe_difficulty","embeddable":true,"href":"https:\/\/www.emmentaler.ch\/de\/wp-json\/wp\/v2\/recipe_difficulty?post=26579"},{"taxonomy":"recipe_preparation_time","embeddable":true,"href":"https:\/\/www.emmentaler.ch\/de\/wp-json\/wp\/v2\/recipe_preparation_time?post=26579"},{"taxonomy":"recipe_diet_type","embeddable":true,"href":"https:\/\/www.emmentaler.ch\/de\/wp-json\/wp\/v2\/recipe_diet_type?post=26579"},{"taxonomy":"recipe_saison","embeddable":true,"href":"https:\/\/www.emmentaler.ch\/de\/wp-json\/wp\/v2\/recipe_saison?post=26579"}],"curies":[{"name":"wp","href":"https:\/\/api.w.org\/{rel}","templated":true}]}}

Gefüllte Tomaten mit Reis und Emmentaler AOP

200 g Langkornreis
4 reife Ochsenherztomaten (oder 4 grosse Ramati-Tomaten)
8 Cherry-Tomaten
150 g Emmentaler AOP, klein gewürfelt
50 g Kapern
30 g Kapernäpfel
80 g Taggiasca-Oliven, entsteint
Extravergine-Öl nach Bedarf
1 Esslöffel grobes Salz
1 Prise feines Salz
1 Zweig Pfefferminze
Etwas abgeriebene Schale einer unbehandelten Zitrone

Reis zusammen mit dem groben Salz in viel Wasser aufkochen. Abgiessen, sobald der Reis gar ist, und einige Minuten unter laufendem Wasser abkühlen. Von den Tomaten einen Deckel abschneiden, sie sorgfältig aushöhlen, das entfernte Fruchtfleisch in Würfel schneiden und beiseitestellen. In einer Schüssel den Reis mit den Oliven, den Kapern, den klein gewürfelten Cherry-Tomaten und dem Fruchtfleisch der Ochsenherztomaten mischen; mit dem Öl und etwas abgeriebener Zitronenschale würzen und sorgfältig mischen. Die gehackte Pfefferminze und 100 g klein gewürfelten Emmentaler AOP beigeben. Mit Salz abschmecken und den fertigen Reis in die Tomaten füllen. Zuletzt mit einigen Würfeln Emmentaler AOP und den Kapernäpfeln dekorieren. Bis zum Servieren kühlstellen.
