{"id":26641,"date":"2022-04-27T13:57:46","date_gmt":"2022-04-27T11:57:46","guid":{"rendered":"https:\/\/www.emmentaler.ch\/rezept\/rindstatar-mit-emmentaler-aop"},"modified":"2023-01-13T15:42:58","modified_gmt":"2023-01-13T14:42:58","slug":"rindstatar-mit-emmentaler-aop","status":"publish","type":"recipes","link":"https:\/\/www.emmentaler.ch\/de\/rezept\/rindstatar-mit-emmentaler-aop","title":{"rendered":"Rindstatar mit Emmentaler AOP"},"author":2,"featured_media":7948,"menu_order":0,"template":"","meta":{"inline_featured_image":false},"tags":[710],"recipe_categories":[726],"et_countries":[],"recipe_main_ingredient":[120],"recipe_difficulty":[126],"recipe_preparation_time":[151],"recipe_diet_type":[133],"recipe_saison":[142,143,139],"acf":{"recipe_preparation_time":151,"recipe_categories":726,"recipe_time_txt":"","recipe_type":5193,"recipe_difficulty":126,"recipe_diet_type":[133],"recipe_main_ingredient":[120],"recipe_saison":[142,143,139],"recipe_count_portions":4,"recipe_ingedients":[{"recipe_ingedients_amount":"","recipe_ingedients_unit":"g","recipe_ingedients_product":""}],"temporare_zutaten":"400 g Rindfleisch, von Hand zu Tatar geschnitten\r\n120 g Emmentaler AOP\r\n1 Fr\u00fchlingszwiebel\r\n2 Limetten\r\n2 Essl\u00f6ffel Senfk\u00f6rner\r\n1 Teel\u00f6ffel schwarze Pfefferk\u00f6rner\r\n1 Teel\u00f6ffel gr\u00fcne Pfefferk\u00f6rner\r\n2-3 Zweige Thymian\r\n4 Essl\u00f6ffel Extravergine-Oliven\u00f6l\r\nSalz\r\n2-3 Stiele Johannisbeeren","recipe_preparation":"In einer Sch\u00fcssel das Fleisch mit dem Oliven\u00f6l mischen.\r\nDie Fr\u00fchlingszwiebel in feine Ringe schneiden und eine Limette halbieren.\r\nDie schwarzen und gr\u00fcnen Pfefferk\u00f6rner zerstossen.\r\nDen zerstossenen Pfeffer, die Thymianbl\u00e4ttchen und die in Ringe geschnittene Fr\u00fchlingszwiebel zum Fleisch geben, salzen. Alles gut vermengen und den Saft einer halben Limette beigeben.\r\nDie Masse in einen Teigausstecher dr\u00fccken. Mit einem L\u00f6ffel zusammendr\u00fccken, damit das Fleisch zusammenh\u00e4lt.\r\nAuf einen Teller setzen und den Ausstecher entfernen.\r\nMit einem Hobel aus dem Emmentaler AOP Sp\u00e4ne hobeln.\r\nEine Limette in Scheiben und daraus d\u00fcnne Schnitze schneiden.\r\nDen Tatar mit Sp\u00e4nen aus Emmentaler AOP belegen. Den Teller mit Johannisbeeren, Limettenschnitzen und Thymian dekorieren.","recipe_images":[7948]},"_links":{"self":[{"href":"https:\/\/www.emmentaler.ch\/de\/wp-json\/wp\/v2\/recipes\/26641"}],"collection":[{"href":"https:\/\/www.emmentaler.ch\/de\/wp-json\/wp\/v2\/recipes"}],"about":[{"href":"https:\/\/www.emmentaler.ch\/de\/wp-json\/wp\/v2\/types\/recipes"}],"author":[{"embeddable":true,"href":"https:\/\/www.emmentaler.ch\/de\/wp-json\/wp\/v2\/users\/2"}],"version-history":[{"count":0,"href":"https:\/\/www.emmentaler.ch\/de\/wp-json\/wp\/v2\/recipes\/26641\/revisions"}],"acf:attachment":[{"embeddable":true,"href":"https:\/\/www.emmentaler.ch\/de\/wp-json\/wp\/v2\/media\/7948"}],"acf:term":[{"embeddable":true,"taxonomy":"recipe_saison","href":"https:\/\/www.emmentaler.ch\/de\/wp-json\/wp\/v2\/recipe_saison\/139"},{"embeddable":true,"taxonomy":"recipe_saison","href":"https:\/\/www.emmentaler.ch\/de\/wp-json\/wp\/v2\/recipe_saison\/143"},{"embeddable":true,"taxonomy":"recipe_saison","href":"https:\/\/www.emmentaler.ch\/de\/wp-json\/wp\/v2\/recipe_saison\/142"},{"embeddable":true,"taxonomy":"recipe_main_ingredient","href":"https:\/\/www.emmentaler.ch\/de\/wp-json\/wp\/v2\/recipe_main_ingredient\/120"},{"embeddable":true,"taxonomy":"recipe_diet_type","href":"https:\/\/www.emmentaler.ch\/de\/wp-json\/wp\/v2\/recipe_diet_type\/133"},{"embeddable":true,"taxonomy":"recipe_difficulty","href":"https:\/\/www.emmentaler.ch\/de\/wp-json\/wp\/v2\/recipe_difficulty\/126"},{"embeddable":true,"taxonomy":"recipe_categories","href":"https:\/\/www.emmentaler.ch\/de\/wp-json\/wp\/v2\/recipe_categories\/726"},{"embeddable":true,"taxonomy":"recipe_preparation_time","href":"https:\/\/www.emmentaler.ch\/de\/wp-json\/wp\/v2\/recipe_preparation_time\/151"}],"acf:post":[{"embeddable":true,"href":"https:\/\/www.emmentaler.ch\/de\/wp-json\/wp\/v2\/pages\/5193"}],"wp:featuredmedia":[{"embeddable":true,"href":"https:\/\/www.emmentaler.ch\/de\/wp-json\/wp\/v2\/media\/7948"}],"wp:attachment":[{"href":"https:\/\/www.emmentaler.ch\/de\/wp-json\/wp\/v2\/media?parent=26641"}],"wp:term":[{"taxonomy":"post_tag","embeddable":true,"href":"https:\/\/www.emmentaler.ch\/de\/wp-json\/wp\/v2\/tags?post=26641"},{"taxonomy":"recipe_categories","embeddable":true,"href":"https:\/\/www.emmentaler.ch\/de\/wp-json\/wp\/v2\/recipe_categories?post=26641"},{"taxonomy":"et_countries","embeddable":true,"href":"https:\/\/www.emmentaler.ch\/de\/wp-json\/wp\/v2\/et_countries?post=26641"},{"taxonomy":"recipe_main_ingredient","embeddable":true,"href":"https:\/\/www.emmentaler.ch\/de\/wp-json\/wp\/v2\/recipe_main_ingredient?post=26641"},{"taxonomy":"recipe_difficulty","embeddable":true,"href":"https:\/\/www.emmentaler.ch\/de\/wp-json\/wp\/v2\/recipe_difficulty?post=26641"},{"taxonomy":"recipe_preparation_time","embeddable":true,"href":"https:\/\/www.emmentaler.ch\/de\/wp-json\/wp\/v2\/recipe_preparation_time?post=26641"},{"taxonomy":"recipe_diet_type","embeddable":true,"href":"https:\/\/www.emmentaler.ch\/de\/wp-json\/wp\/v2\/recipe_diet_type?post=26641"},{"taxonomy":"recipe_saison","embeddable":true,"href":"https:\/\/www.emmentaler.ch\/de\/wp-json\/wp\/v2\/recipe_saison?post=26641"}],"curies":[{"name":"wp","href":"https:\/\/api.w.org\/{rel}","templated":true}]}}

400 g Rindfleisch, von Hand zu Tatar geschnitten
120 g Emmentaler AOP
1 Frühlingszwiebel
2 Limetten
2 Esslöffel Senfkörner
1 Teelöffel schwarze Pfefferkörner
1 Teelöffel grüne Pfefferkörner
2-3 Zweige Thymian
4 Esslöffel Extravergine-Olivenöl
Salz
2-3 Stiele Johannisbeeren

In einer Schüssel das Fleisch mit dem Olivenöl mischen.
Die Frühlingszwiebel in feine Ringe schneiden und eine Limette halbieren.
Die schwarzen und grünen Pfefferkörner zerstossen.
Den zerstossenen Pfeffer, die Thymianblättchen und die in Ringe geschnittene Frühlingszwiebel zum Fleisch geben, salzen. Alles gut vermengen und den Saft einer halben Limette beigeben.
Die Masse in einen Teigausstecher drücken. Mit einem Löffel zusammendrücken, damit das Fleisch zusammenhält.
Auf einen Teller setzen und den Ausstecher entfernen.
Mit einem Hobel aus dem Emmentaler AOP Späne hobeln.
Eine Limette in Scheiben und daraus dünne Schnitze schneiden.
Den Tatar mit Spänen aus Emmentaler AOP belegen. Den Teller mit Johannisbeeren, Limettenschnitzen und Thymian dekorieren.
