{"id":26703,"date":"2022-04-27T13:57:46","date_gmt":"2022-04-27T11:57:46","guid":{"rendered":"https:\/\/www.emmentaler.ch\/rezept\/apfel-rotkohl-salat-mit-emmentaler-aop"},"modified":"2024-07-24T13:13:25","modified_gmt":"2024-07-24T11:13:25","slug":"apfel-rotkohl-salat-mit-emmentaler-aop","status":"publish","type":"recipes","link":"https:\/\/www.emmentaler.ch\/de\/rezept\/apfel-rotkohl-salat-mit-emmentaler-aop","title":{"rendered":"Apfel-Rotkohl-Salat mit Emmentaler AOP"},"author":2,"featured_media":26719,"menu_order":0,"template":"","meta":{"inline_featured_image":false},"tags":[734,788],"recipe_categories":[429],"et_countries":[],"recipe_main_ingredient":[123],"recipe_difficulty":[125],"recipe_preparation_time":[154],"recipe_diet_type":[134,133,132],"recipe_saison":[138,140,136],"acf":{"recipe_preparation_time":154,"recipe_categories":429,"recipe_time_txt":"","recipe_type":5193,"recipe_difficulty":125,"recipe_diet_type":[134,133,132],"recipe_main_ingredient":[123],"recipe_saison":[138,140,136],"recipe_count_portions":4,"recipe_ingedients":[{"recipe_ingedients_amount":"50","recipe_ingedients_unit":"g","recipe_ingedients_product":"Emmentaler AOP, klein gew\u00fcrfelt"},{"recipe_ingedients_amount":"100","recipe_ingedients_unit":"g","recipe_ingedients_product":"Rotkohl"},{"recipe_ingedients_amount":".5","recipe_ingedients_unit":"St\u00fcck","recipe_ingedients_product":"Stangensellerie"},{"recipe_ingedients_amount":".25","recipe_ingedients_unit":"St\u00fcck","recipe_ingedients_product":"kleine Rande, roh"},{"recipe_ingedients_amount":".25","recipe_ingedients_unit":"St\u00fcck","recipe_ingedients_product":"biologischer gr\u00fcner Apfel"},{"recipe_ingedients_amount":"3","recipe_ingedients_unit":"St\u00fcck","recipe_ingedients_product":"Baumnusskerne, gesch\u00e4lt"},{"recipe_ingedients_amount":".25","recipe_ingedients_unit":"St\u00fcck","recipe_ingedients_product":"Zitrone"},{"recipe_ingedients_amount":"","recipe_ingedients_unit":"Bedarf","recipe_ingedients_product":"Extravergine-Oliven\u00f6l"},{"recipe_ingedients_amount":"","recipe_ingedients_unit":"Bedarf","recipe_ingedients_product":"wenig Senf"}],"temporare_zutaten":"200 g Emmentaler AOP, klein gew\u00fcrfelt\r\n400 g Rotkohl\r\n2 Stangensellerie\r\n1 kleine Rande, roh\r\n1 biologischer gr\u00fcner Apfel\r\n12 Baumnusskerne, gesch\u00e4lt\r\nExtravergine-Oliven\u00f6l\r\n1 Zitrone\r\nWenig Senf","recipe_preparation":"Das Gem\u00fcse zerkleinern: den Rotkohl ganz fein, den Stangensellerie und die Rande zu Juliennes schneiden. Den Apfel in kleine St\u00fccke schneiden und kurz in Zitronenwasser legen.\r\nAlle Zutaten in einer Salatsch\u00fcssel mischen und den klein gew\u00fcrfelten Emmentaler AOP beigeben.\r\nAus dem Saft einer halben Zitrone, drei Essl\u00f6ffeln \u00d6l, Salz und Pfeffer sowie etwas Senf eine Sauce zubereiten.\r\nDie Sauce zum Salat geben, sorgf\u00e4ltig mischen und servieren.","recipe_images":[26714,26719]},"_links":{"self":[{"href":"https:\/\/www.emmentaler.ch\/de\/wp-json\/wp\/v2\/recipes\/26703"}],"collection":[{"href":"https:\/\/www.emmentaler.ch\/de\/wp-json\/wp\/v2\/recipes"}],"about":[{"href":"https:\/\/www.emmentaler.ch\/de\/wp-json\/wp\/v2\/types\/recipes"}],"author":[{"embeddable":true,"href":"https:\/\/www.emmentaler.ch\/de\/wp-json\/wp\/v2\/users\/2"}],"version-history":[{"count":1,"href":"https:\/\/www.emmentaler.ch\/de\/wp-json\/wp\/v2\/recipes\/26703\/revisions"}],"predecessor-version":[{"id":137792,"href":"https:\/\/www.emmentaler.ch\/de\/wp-json\/wp\/v2\/recipes\/26703\/revisions\/137792"}],"acf:attachment":[{"embeddable":true,"href":"https:\/\/www.emmentaler.ch\/de\/wp-json\/wp\/v2\/media\/26719"},{"embeddable":true,"href":"https:\/\/www.emmentaler.ch\/de\/wp-json\/wp\/v2\/media\/26714"}],"acf:term":[{"embeddable":true,"taxonomy":"recipe_saison","href":"https:\/\/www.emmentaler.ch\/de\/wp-json\/wp\/v2\/recipe_saison\/136"},{"embeddable":true,"taxonomy":"recipe_saison","href":"https:\/\/www.emmentaler.ch\/de\/wp-json\/wp\/v2\/recipe_saison\/140"},{"embeddable":true,"taxonomy":"recipe_saison","href":"https:\/\/www.emmentaler.ch\/de\/wp-json\/wp\/v2\/recipe_saison\/138"},{"embeddable":true,"taxonomy":"recipe_main_ingredient","href":"https:\/\/www.emmentaler.ch\/de\/wp-json\/wp\/v2\/recipe_main_ingredient\/123"},{"embeddable":true,"taxonomy":"recipe_diet_type","href":"https:\/\/www.emmentaler.ch\/de\/wp-json\/wp\/v2\/recipe_diet_type\/132"},{"embeddable":true,"taxonomy":"recipe_diet_type","href":"https:\/\/www.emmentaler.ch\/de\/wp-json\/wp\/v2\/recipe_diet_type\/133"},{"embeddable":true,"taxonomy":"recipe_diet_type","href":"https:\/\/www.emmentaler.ch\/de\/wp-json\/wp\/v2\/recipe_diet_type\/134"},{"embeddable":true,"taxonomy":"recipe_difficulty","href":"https:\/\/www.emmentaler.ch\/de\/wp-json\/wp\/v2\/recipe_difficulty\/125"},{"embeddable":true,"taxonomy":"recipe_categories","href":"https:\/\/www.emmentaler.ch\/de\/wp-json\/wp\/v2\/recipe_categories\/429"},{"embeddable":true,"taxonomy":"recipe_preparation_time","href":"https:\/\/www.emmentaler.ch\/de\/wp-json\/wp\/v2\/recipe_preparation_time\/154"}],"acf:post":[{"embeddable":true,"href":"https:\/\/www.emmentaler.ch\/de\/wp-json\/wp\/v2\/pages\/5193"}],"wp:featuredmedia":[{"embeddable":true,"href":"https:\/\/www.emmentaler.ch\/de\/wp-json\/wp\/v2\/media\/26719"}],"wp:attachment":[{"href":"https:\/\/www.emmentaler.ch\/de\/wp-json\/wp\/v2\/media?parent=26703"}],"wp:term":[{"taxonomy":"post_tag","embeddable":true,"href":"https:\/\/www.emmentaler.ch\/de\/wp-json\/wp\/v2\/tags?post=26703"},{"taxonomy":"recipe_categories","embeddable":true,"href":"https:\/\/www.emmentaler.ch\/de\/wp-json\/wp\/v2\/recipe_categories?post=26703"},{"taxonomy":"et_countries","embeddable":true,"href":"https:\/\/www.emmentaler.ch\/de\/wp-json\/wp\/v2\/et_countries?post=26703"},{"taxonomy":"recipe_main_ingredient","embeddable":true,"href":"https:\/\/www.emmentaler.ch\/de\/wp-json\/wp\/v2\/recipe_main_ingredient?post=26703"},{"taxonomy":"recipe_difficulty","embeddable":true,"href":"https:\/\/www.emmentaler.ch\/de\/wp-json\/wp\/v2\/recipe_difficulty?post=26703"},{"taxonomy":"recipe_preparation_time","embeddable":true,"href":"https:\/\/www.emmentaler.ch\/de\/wp-json\/wp\/v2\/recipe_preparation_time?post=26703"},{"taxonomy":"recipe_diet_type","embeddable":true,"href":"https:\/\/www.emmentaler.ch\/de\/wp-json\/wp\/v2\/recipe_diet_type?post=26703"},{"taxonomy":"recipe_saison","embeddable":true,"href":"https:\/\/www.emmentaler.ch\/de\/wp-json\/wp\/v2\/recipe_saison?post=26703"}],"curies":[{"name":"wp","href":"https:\/\/api.w.org\/{rel}","templated":true}]}}

Emmentaler AOP, klein gewürfelt

Stück

biologischer grüner Apfel

Baumnusskerne, geschält

Extravergine-Olivenöl

200 g Emmentaler AOP, klein gewürfelt
400 g Rotkohl
2 Stangensellerie
1 kleine Rande, roh
1 biologischer grüner Apfel
12 Baumnusskerne, geschält
Extravergine-Olivenöl
1 Zitrone
Wenig Senf

Das Gemüse zerkleinern: den Rotkohl ganz fein, den Stangensellerie und die Rande zu Juliennes schneiden. Den Apfel in kleine Stücke schneiden und kurz in Zitronenwasser legen.
Alle Zutaten in einer Salatschüssel mischen und den klein gewürfelten Emmentaler AOP beigeben.
Aus dem Saft einer halben Zitrone, drei Esslöffeln Öl, Salz und Pfeffer sowie etwas Senf eine Sauce zubereiten.
Die Sauce zum Salat geben, sorgfältig mischen und servieren.
