{"id":26796,"date":"2022-04-27T14:00:02","date_gmt":"2022-04-27T12:00:02","guid":{"rendered":"https:\/\/www.emmentaler.ch\/rezept\/lauwarme-fusilli-an-erbsensauce-mit-emmentaler-aop"},"modified":"2022-08-15T12:06:10","modified_gmt":"2022-08-15T10:06:10","slug":"lauwarme-fusilli-an-erbsensauce-mit-emmentaler-aop","status":"publish","type":"recipes","link":"https:\/\/www.emmentaler.ch\/de\/rezept\/lauwarme-fusilli-an-erbsensauce-mit-emmentaler-aop","title":{"rendered":"Lauwarme Fusilli an Erbsensauce mit Emmentaler AOP"},"author":2,"featured_media":7963,"menu_order":0,"template":"","meta":{"inline_featured_image":false},"tags":[],"recipe_categories":[86],"et_countries":[],"recipe_main_ingredient":[123],"recipe_difficulty":[126],"recipe_preparation_time":[156],"recipe_diet_type":[133,132],"recipe_saison":[138],"acf":{"recipe_preparation_time":156,"recipe_categories":86,"recipe_time_txt":"","recipe_type":5236,"recipe_difficulty":126,"recipe_diet_type":[133,132],"recipe_main_ingredient":[123],"recipe_saison":[138],"recipe_count_portions":4,"recipe_ingedients":[{"recipe_ingedients_amount":"","recipe_ingedients_unit":"g","recipe_ingedients_product":""}],"temporare_zutaten":"360 g Fusilli\r\n500 g frische Erbsen\r\n2 Fr\u00fchlingszwiebeln\r\n160 g Emmentaler AOP\r\n60 g Pinienkerne\r\n2 Karotten\r\n80 ml Extravergine-Oliven\u00f6l\r\n1 Handvoll rosa Pfeffer\r\nGrobes Salz\r\n4 Zweige frisches Oregano\r\n1 halbes Glas Wasser","recipe_preparation":"In einer Pfanne ausreichend Salzwasser aufkochen.\r\nDie Erbsen enth\u00fclsen. Die Fr\u00fchlingszwiebel in feine Ringe schneiden und in zwei Essl\u00f6ffeln \u00d6l anbraten. Nach einigen Minuten die Erbsen beigeben.\r\nMit einem halben Glas lauwarmem Wasser abl\u00f6schen und auf kleinem Feuer k\u00f6cheln, bis sie gar sind. Mit Salz abschmecken.\r\nVier Essl\u00f6ffel Erbsen beiseitestellen, den Rest mit dem Stabmixer p\u00fcrieren.\r\nDie Karotten sch\u00e4len und in feine Scheiben schneiden. In einer kleinen Pfanne 50 ml Extravergine-Oliven\u00f6l erhitzen und die Karotten darin frittieren.\r\nDen Emmentaler AOP in kleine W\u00fcrfel schneiden.\r\nDie Teigwaren kochen und abgiessen, kurz unter kaltem Wasser abschrecken. Das Erbsenp\u00fcree, zwei Essl\u00f6ffel \u00d6l, die Pinienkerne, den Pfeffer und zuletzt die ganzen Erbsen und die Karottenchips beigeben.\r\nZum Schluss den klein gew\u00fcrfelten Emmentaler AOP, die Oreganobl\u00e4ttchen und nach Belieben einige K\u00f6rner rosa Pfeffer beigeben und lauwarm servieren.","recipe_images":[7963]},"_links":{"self":[{"href":"https:\/\/www.emmentaler.ch\/de\/wp-json\/wp\/v2\/recipes\/26796"}],"collection":[{"href":"https:\/\/www.emmentaler.ch\/de\/wp-json\/wp\/v2\/recipes"}],"about":[{"href":"https:\/\/www.emmentaler.ch\/de\/wp-json\/wp\/v2\/types\/recipes"}],"author":[{"embeddable":true,"href":"https:\/\/www.emmentaler.ch\/de\/wp-json\/wp\/v2\/users\/2"}],"version-history":[{"count":0,"href":"https:\/\/www.emmentaler.ch\/de\/wp-json\/wp\/v2\/recipes\/26796\/revisions"}],"acf:attachment":[{"embeddable":true,"href":"https:\/\/www.emmentaler.ch\/de\/wp-json\/wp\/v2\/media\/7963"}],"acf:term":[{"embeddable":true,"taxonomy":"recipe_saison","href":"https:\/\/www.emmentaler.ch\/de\/wp-json\/wp\/v2\/recipe_saison\/138"},{"embeddable":true,"taxonomy":"recipe_main_ingredient","href":"https:\/\/www.emmentaler.ch\/de\/wp-json\/wp\/v2\/recipe_main_ingredient\/123"},{"embeddable":true,"taxonomy":"recipe_diet_type","href":"https:\/\/www.emmentaler.ch\/de\/wp-json\/wp\/v2\/recipe_diet_type\/132"},{"embeddable":true,"taxonomy":"recipe_diet_type","href":"https:\/\/www.emmentaler.ch\/de\/wp-json\/wp\/v2\/recipe_diet_type\/133"},{"embeddable":true,"taxonomy":"recipe_difficulty","href":"https:\/\/www.emmentaler.ch\/de\/wp-json\/wp\/v2\/recipe_difficulty\/126"},{"embeddable":true,"taxonomy":"recipe_categories","href":"https:\/\/www.emmentaler.ch\/de\/wp-json\/wp\/v2\/recipe_categories\/86"},{"embeddable":true,"taxonomy":"recipe_preparation_time","href":"https:\/\/www.emmentaler.ch\/de\/wp-json\/wp\/v2\/recipe_preparation_time\/156"}],"acf:post":[{"embeddable":true,"href":"https:\/\/www.emmentaler.ch\/de\/wp-json\/wp\/v2\/pages\/5236"}],"wp:featuredmedia":[{"embeddable":true,"href":"https:\/\/www.emmentaler.ch\/de\/wp-json\/wp\/v2\/media\/7963"}],"wp:attachment":[{"href":"https:\/\/www.emmentaler.ch\/de\/wp-json\/wp\/v2\/media?parent=26796"}],"wp:term":[{"taxonomy":"post_tag","embeddable":true,"href":"https:\/\/www.emmentaler.ch\/de\/wp-json\/wp\/v2\/tags?post=26796"},{"taxonomy":"recipe_categories","embeddable":true,"href":"https:\/\/www.emmentaler.ch\/de\/wp-json\/wp\/v2\/recipe_categories?post=26796"},{"taxonomy":"et_countries","embeddable":true,"href":"https:\/\/www.emmentaler.ch\/de\/wp-json\/wp\/v2\/et_countries?post=26796"},{"taxonomy":"recipe_main_ingredient","embeddable":true,"href":"https:\/\/www.emmentaler.ch\/de\/wp-json\/wp\/v2\/recipe_main_ingredient?post=26796"},{"taxonomy":"recipe_difficulty","embeddable":true,"href":"https:\/\/www.emmentaler.ch\/de\/wp-json\/wp\/v2\/recipe_difficulty?post=26796"},{"taxonomy":"recipe_preparation_time","embeddable":true,"href":"https:\/\/www.emmentaler.ch\/de\/wp-json\/wp\/v2\/recipe_preparation_time?post=26796"},{"taxonomy":"recipe_diet_type","embeddable":true,"href":"https:\/\/www.emmentaler.ch\/de\/wp-json\/wp\/v2\/recipe_diet_type?post=26796"},{"taxonomy":"recipe_saison","embeddable":true,"href":"https:\/\/www.emmentaler.ch\/de\/wp-json\/wp\/v2\/recipe_saison?post=26796"}],"curies":[{"name":"wp","href":"https:\/\/api.w.org\/{rel}","templated":true}]}}

360 g Fusilli
500 g frische Erbsen
2 Frühlingszwiebeln
160 g Emmentaler AOP
60 g Pinienkerne
2 Karotten
80 ml Extravergine-Olivenöl
1 Handvoll rosa Pfeffer
Grobes Salz
4 Zweige frisches Oregano
1 halbes Glas Wasser

In einer Pfanne ausreichend Salzwasser aufkochen.
Die Erbsen enthülsen. Die Frühlingszwiebel in feine Ringe schneiden und in zwei Esslöffeln Öl anbraten. Nach einigen Minuten die Erbsen beigeben.
Mit einem halben Glas lauwarmem Wasser ablöschen und auf kleinem Feuer köcheln, bis sie gar sind. Mit Salz abschmecken.
Vier Esslöffel Erbsen beiseitestellen, den Rest mit dem Stabmixer pürieren.
Die Karotten schälen und in feine Scheiben schneiden. In einer kleinen Pfanne 50 ml Extravergine-Olivenöl erhitzen und die Karotten darin frittieren.
Den Emmentaler AOP in kleine Würfel schneiden.
Die Teigwaren kochen und abgiessen, kurz unter kaltem Wasser abschrecken. Das Erbsenpüree, zwei Esslöffel Öl, die Pinienkerne, den Pfeffer und zuletzt die ganzen Erbsen und die Karottenchips beigeben.
Zum Schluss den klein gewürfelten Emmentaler AOP, die Oreganoblättchen und nach Belieben einige Körner rosa Pfeffer beigeben und lauwarm servieren.
