{"id":26889,"date":"2022-04-27T14:00:02","date_gmt":"2022-04-27T12:00:02","guid":{"rendered":"https:\/\/www.emmentaler.ch\/rezept\/clubsandwich-mit-emmentaler-hoelengereift"},"modified":"2022-05-20T10:39:42","modified_gmt":"2022-05-20T08:39:42","slug":"clubsandwich-mit-emmentaler-hoelengereift","status":"publish","type":"recipes","link":"https:\/\/www.emmentaler.ch\/de\/rezept\/clubsandwich-mit-emmentaler-hoelengereift","title":{"rendered":"Clubsandwich mit Emmentaler AOP"},"author":2,"featured_media":26905,"menu_order":0,"template":"","meta":{"inline_featured_image":false},"tags":[],"recipe_categories":[152],"et_countries":[],"recipe_main_ingredient":[121],"recipe_difficulty":[126],"recipe_preparation_time":[156],"recipe_diet_type":[],"recipe_saison":[143],"acf":{"recipe_preparation_time":156,"recipe_categories":152,"recipe_time_txt":"","recipe_type":5357,"recipe_difficulty":126,"recipe_diet_type":false,"recipe_main_ingredient":[121],"recipe_saison":[143],"recipe_count_portions":4,"recipe_ingedients":[{"recipe_ingedients_amount":"4","recipe_ingedients_unit":"Scheibe","recipe_ingedients_product":"Toast"},{"recipe_ingedients_amount":"0.5","recipe_ingedients_unit":"St\u00fcck","recipe_ingedients_product":"Pouletbr\u00fcstli"},{"recipe_ingedients_amount":"0.5","recipe_ingedients_unit":"St\u00fcck","recipe_ingedients_product":"Avocados, in Streifen geschnitten"},{"recipe_ingedients_amount":"0.25","recipe_ingedients_unit":"St\u00fcck","recipe_ingedients_product":"rote Zwiebel, in feine Ringe geschnitten"},{"recipe_ingedients_amount":"3","recipe_ingedients_unit":"Scheibe","recipe_ingedients_product":"Speck"},{"recipe_ingedients_amount":"3","recipe_ingedients_unit":"St\u00fcck","recipe_ingedients_product":"Kopfsalat-Bl\u00e4tter (ca.)"},{"recipe_ingedients_amount":"1","recipe_ingedients_unit":"Scheibe","recipe_ingedients_product":"Emmentaler AOP H\u00f6hlengereift"},{"recipe_ingedients_amount":"1","recipe_ingedients_unit":"St\u00fcck","recipe_ingedients_product":"Ei"},{"recipe_ingedients_amount":".25","recipe_ingedients_unit":"El","recipe_ingedients_product":"Paprikapulver"},{"recipe_ingedients_amount":"25","recipe_ingedients_unit":"g","recipe_ingedients_product":"Mayonnaise"},{"recipe_ingedients_amount":"15","recipe_ingedients_unit":"g","recipe_ingedients_product":"Creme fra\u00eeche"}],"temporare_zutaten":"12 XL Scheiben Toast\r\n2 Pouletbr\u00fcstli\r\n2 Avocados\r\nin Streifen geschnitten\r\n1 rote Zwiebel\r\nin feine Ringe geschnitten\r\n12 Scheiben Speck\r\nca. 12 Kopfsalat-Bl\u00e4tter\r\n4 Scheiben Emmentaler H\u00f6lengereift\r\n4 Eier\r\n1 EL Paprikapulver\r\n100g Mayonnaise\r\n60g Creme fraiche\r\n2 EL Zitronensaft\r\nSalz &amp; Pfeffer zum abschmecken","recipe_preparation":"Pouletbr\u00fcstli zwischen zwei Backpapieren mit einem Fleischklopfer oder einer Pfanne Fingerdick klopfen. Anschliessend mit Paprikapulver, Salz und Pfeffer w\u00fcrzen.\r\n\r\nDas Toastbrot im 180\u00b0C heissen Ofen toasten.\r\n\r\nMayonnaise, Creme fraiche und Zitronensaft mischen und mit Salz und Pfeffer abschmecken.\r\n\r\nSpeckstreifen in einer Pfanne ohne \u00d6l knusprig anbraten und beiseitestellen.\r\n\r\nAnschliessend die Pouletbr\u00fcstli im Speckfett ca. 5 min anbraten. Wenn das ausgelassene Fett nicht reicht, einfach zus\u00e4tzlich etwas \u00d6l in die Pfanne geben. Die Pouletbr\u00fcstli quer halbieren und mit dem Speck warmhalten.\r\n\r\nSpiegeleier in der Pfanne braten, wenden und fertig braten. Herausnehmen und kurz warm halten.\r\n\r\n<span style=\"font-weight: 400;\">Das erste Toastbrot mit Sauce bestreichen, Salat, Avocado, Zwiebeln, Spiegelei und <\/span><span style=\"font-weight: 400;\">Emmentaler AOP darauflegen. Das mittlere Toastbrot beidseitig mit Sauce bestreichen und auf das Sandwich legen. Nun den vorherigen Ablauf mit den gleichen Zutaten wiederholen und mit dem letzten bestrichenen Toastbrot belegen.<\/span>","recipe_images":[26900,26905]},"_links":{"self":[{"href":"https:\/\/www.emmentaler.ch\/de\/wp-json\/wp\/v2\/recipes\/26889"}],"collection":[{"href":"https:\/\/www.emmentaler.ch\/de\/wp-json\/wp\/v2\/recipes"}],"about":[{"href":"https:\/\/www.emmentaler.ch\/de\/wp-json\/wp\/v2\/types\/recipes"}],"author":[{"embeddable":true,"href":"https:\/\/www.emmentaler.ch\/de\/wp-json\/wp\/v2\/users\/2"}],"version-history":[{"count":0,"href":"https:\/\/www.emmentaler.ch\/de\/wp-json\/wp\/v2\/recipes\/26889\/revisions"}],"acf:attachment":[{"embeddable":true,"href":"https:\/\/www.emmentaler.ch\/de\/wp-json\/wp\/v2\/media\/26905"},{"embeddable":true,"href":"https:\/\/www.emmentaler.ch\/de\/wp-json\/wp\/v2\/media\/26900"}],"acf:term":[{"embeddable":true,"taxonomy":"recipe_saison","href":"https:\/\/www.emmentaler.ch\/de\/wp-json\/wp\/v2\/recipe_saison\/143"},{"embeddable":true,"taxonomy":"recipe_main_ingredient","href":"https:\/\/www.emmentaler.ch\/de\/wp-json\/wp\/v2\/recipe_main_ingredient\/121"},{"embeddable":true,"taxonomy":"recipe_difficulty","href":"https:\/\/www.emmentaler.ch\/de\/wp-json\/wp\/v2\/recipe_difficulty\/126"},{"embeddable":true,"taxonomy":"recipe_categories","href":"https:\/\/www.emmentaler.ch\/de\/wp-json\/wp\/v2\/recipe_categories\/152"},{"embeddable":true,"taxonomy":"recipe_preparation_time","href":"https:\/\/www.emmentaler.ch\/de\/wp-json\/wp\/v2\/recipe_preparation_time\/156"}],"acf:post":[{"embeddable":true,"href":"https:\/\/www.emmentaler.ch\/de\/wp-json\/wp\/v2\/pages\/5357"}],"wp:featuredmedia":[{"embeddable":true,"href":"https:\/\/www.emmentaler.ch\/de\/wp-json\/wp\/v2\/media\/26905"}],"wp:attachment":[{"href":"https:\/\/www.emmentaler.ch\/de\/wp-json\/wp\/v2\/media?parent=26889"}],"wp:term":[{"taxonomy":"post_tag","embeddable":true,"href":"https:\/\/www.emmentaler.ch\/de\/wp-json\/wp\/v2\/tags?post=26889"},{"taxonomy":"recipe_categories","embeddable":true,"href":"https:\/\/www.emmentaler.ch\/de\/wp-json\/wp\/v2\/recipe_categories?post=26889"},{"taxonomy":"et_countries","embeddable":true,"href":"https:\/\/www.emmentaler.ch\/de\/wp-json\/wp\/v2\/et_countries?post=26889"},{"taxonomy":"recipe_main_ingredient","embeddable":true,"href":"https:\/\/www.emmentaler.ch\/de\/wp-json\/wp\/v2\/recipe_main_ingredient?post=26889"},{"taxonomy":"recipe_difficulty","embeddable":true,"href":"https:\/\/www.emmentaler.ch\/de\/wp-json\/wp\/v2\/recipe_difficulty?post=26889"},{"taxonomy":"recipe_preparation_time","embeddable":true,"href":"https:\/\/www.emmentaler.ch\/de\/wp-json\/wp\/v2\/recipe_preparation_time?post=26889"},{"taxonomy":"recipe_diet_type","embeddable":true,"href":"https:\/\/www.emmentaler.ch\/de\/wp-json\/wp\/v2\/recipe_diet_type?post=26889"},{"taxonomy":"recipe_saison","embeddable":true,"href":"https:\/\/www.emmentaler.ch\/de\/wp-json\/wp\/v2\/recipe_saison?post=26889"}],"curies":[{"name":"wp","href":"https:\/\/api.w.org\/{rel}","templated":true}]}}

Stück

Pouletbrüstli

Kopfsalat-Blätter (ca.)

Emmentaler AOP Höhlengereift

Creme fraîche

12 XL Scheiben Toast
2 Pouletbrüstli
2 Avocados
in Streifen geschnitten
1 rote Zwiebel
in feine Ringe geschnitten
12 Scheiben Speck
ca. 12 Kopfsalat-Blätter
4 Scheiben Emmentaler Hölengereift
4 Eier
1 EL Paprikapulver
100g Mayonnaise
60g Creme fraiche
2 EL Zitronensaft
Salz &amp; Pfeffer zum abschmecken

Pouletbrüstli zwischen zwei Backpapieren mit einem Fleischklopfer oder einer Pfanne Fingerdick klopfen. Anschliessend mit Paprikapulver, Salz und Pfeffer würzen.

Das Toastbrot im 180°C heissen Ofen toasten.

Mayonnaise, Creme fraiche und Zitronensaft mischen und mit Salz und Pfeffer abschmecken.

Speckstreifen in einer Pfanne ohne Öl knusprig anbraten und beiseitestellen.

Anschliessend die Pouletbrüstli im Speckfett ca. 5 min anbraten. Wenn das ausgelassene Fett nicht reicht, einfach zusätzlich etwas Öl in die Pfanne geben. Die Pouletbrüstli quer halbieren und mit dem Speck warmhalten.

Spiegeleier in der Pfanne braten, wenden und fertig braten. Herausnehmen und kurz warm halten.

<span style="font-weight: 400;">Das erste Toastbrot mit Sauce bestreichen, Salat, Avocado, Zwiebeln, Spiegelei und </span><span style="font-weight: 400;">Emmentaler AOP darauflegen. Das mittlere Toastbrot beidseitig mit Sauce bestreichen und auf das Sandwich legen. Nun den vorherigen Ablauf mit den gleichen Zutaten wiederholen und mit dem letzten bestrichenen Toastbrot belegen.</span>
