{"id":26951,"date":"2022-04-27T14:00:02","date_gmt":"2022-04-27T12:00:02","guid":{"rendered":"https:\/\/www.emmentaler.ch\/rezept\/serviettenknoedel-mit-emmentaler-bio-auf-jungsalat"},"modified":"2022-05-20T10:39:31","modified_gmt":"2022-05-20T08:39:31","slug":"serviettenknoedel-mit-emmentaler-aop-auf-jungsalat","status":"publish","type":"recipes","link":"https:\/\/www.emmentaler.ch\/de\/rezept\/serviettenknoedel-mit-emmentaler-aop-auf-jungsalat","title":{"rendered":"Serviettenkn\u00f6del mit Emmentaler AOP auf Jungsalat"},"author":2,"featured_media":26967,"menu_order":0,"template":"","meta":{"inline_featured_image":false},"tags":[],"recipe_categories":[86],"et_countries":[],"recipe_main_ingredient":[],"recipe_difficulty":[127],"recipe_preparation_time":[166],"recipe_diet_type":[132],"recipe_saison":[143],"acf":{"recipe_preparation_time":166,"recipe_categories":86,"recipe_time_txt":"","recipe_type":5195,"recipe_difficulty":127,"recipe_diet_type":[132],"recipe_main_ingredient":false,"recipe_saison":[143],"recipe_count_portions":4,"recipe_ingedients":[{"recipe_ingedients_amount":"125","recipe_ingedients_unit":"g","recipe_ingedients_product":"altes Weissbrot, in kleine W\u00fcrfel geschnitten"},{"recipe_ingedients_amount":"0.5","recipe_ingedients_unit":"St\u00fcck","recipe_ingedients_product":"Zwiebeln, fein gehackt"},{"recipe_ingedients_amount":"25","recipe_ingedients_unit":"g","recipe_ingedients_product":"Butter"},{"recipe_ingedients_amount":"0.25","recipe_ingedients_unit":"Bd","recipe_ingedients_product":"Petersilie, fein gehackt"},{"recipe_ingedients_amount":"37.5","recipe_ingedients_unit":"ml","recipe_ingedients_product":"Milch"},{"recipe_ingedients_amount":"12.5","recipe_ingedients_unit":"ml","recipe_ingedients_product":"Rahm"},{"recipe_ingedients_amount":"50","recipe_ingedients_unit":"g","recipe_ingedients_product":"Emmentaler AOP Bio Mild\/Classic, in kleine W\u00fcrfel geschnitten"},{"recipe_ingedients_amount":"0.5","recipe_ingedients_unit":"St\u00fcck","recipe_ingedients_product":"Eier"},{"recipe_ingedients_amount":"0.25","recipe_ingedients_unit":"Msp.","recipe_ingedients_product":"Muskat"},{"recipe_ingedients_amount":"75","recipe_ingedients_unit":"g","recipe_ingedients_product":"Jungsalat"},{"recipe_ingedients_amount":"0.5","recipe_ingedients_unit":"El","recipe_ingedients_product":"K\u00fcrbiskernen, ger\u00f6stet"},{"recipe_ingedients_amount":"1","recipe_ingedients_unit":"El","recipe_ingedients_product":"Oliven\u00f6l"},{"recipe_ingedients_amount":"0.5","recipe_ingedients_unit":"ml","recipe_ingedients_product":"heller Essig"},{"recipe_ingedients_amount":"0.25","recipe_ingedients_unit":"El","recipe_ingedients_product":"Zucker"},{"recipe_ingedients_amount":"0.25","recipe_ingedients_unit":"El","recipe_ingedients_product":"Zitronensaft"},{"recipe_ingedients_amount":"0.25","recipe_ingedients_unit":"Tl","recipe_ingedients_product":"geriebene Zitronenschale"},{"recipe_ingedients_amount":"","recipe_ingedients_unit":"Bedarf","recipe_ingedients_product":"Nach Bedarf: Eine Handvoll essbaren Bl\u00fcten"},{"recipe_ingedients_amount":"","recipe_ingedients_unit":"Bedarf","recipe_ingedients_product":"Nach Bedarf: Salz & Pfeffer zum Abschmecken"}],"temporare_zutaten":"500g altes Weissbrot\r\nin kleine W\u00fcrfel geschnitten\r\n2 Zwiebeln\r\nfein gehackt\r\n100g Butter\r\n1 Bund Petersilie\r\nfein gehackt\r\n150ml Milch\r\n50g Rahm\r\n200g Emmentaler Bio\r\nin kleine W\u00fcrfel geschnitten\r\n2 Eier\r\n1 Prise Muskat\r\n300g Jungsalat\r\nHandvoll essbaren Bl\u00fcten\r\n2 EL K\u00fcrbiskernen\r\nger\u00f6stet\r\n4 EL Oliven\u00f6l\r\n2 EL heller Essig\r\n1 EL Zucker\r\n1 EL Zitronensaft\r\n1 TL geriebene Zitronenschale\r\nSalz &amp; Pfeffer zum abschmecken","recipe_preparation":"Die Zwiebeln mit der H\u00e4lfte der Butter glasig d\u00fcnsten und mit Milch und Rahm abl\u00f6schen. Die Mischung mit Salz und Pfeffer w\u00fcrzen, aufkochen lassen und \u00fcber die Brotw\u00fcrfel giessen. Alles mischen und ausk\u00fchlen lassen.\r\n\r\nPetersilie, Eier und K\u00e4se zur Brotmischung dazugeben. Nun alles gut mit den H\u00e4nden durchkneten, mit Muskat, Salz und Pfeffer abschmecken. Die Mischung 15 Minuten ziehen lassen.\r\n\r\n<span style=\"font-weight: 400;\">In einem grossen <\/span><span style=\"font-weight: 400;\">Kochtopf <\/span><span style=\"font-weight: 400;\">Wasser zum Kochen bringen und salzen. Auf ein sauberes K\u00fcchentuch die Brotmasse geben und zu einer <\/span><span style=\"font-weight: 400;\">Rolle (<\/span><span style=\"font-weight: 400;\">\u00d8 ca. <\/span>7cm) formen, diese im Tuch zusammenrollen und die Enden mit K\u00fcchengarn gut zuschn\u00fcren.\r\n\r\n<span style=\"font-weight: 400;\">Die Kn\u00f6delrolle ins Wasser geben und 20 Minuten garen \u2013 ab und zu wenden. Anschliessend die Rolle aus dem Wasser nehmen und ausk\u00fchlen lassen.\u00a0<\/span><span style=\"font-weight: 400;\">\u00d6l, Essig, Zucker, Zitronensaft und <\/span><span style=\"font-weight: 400;\">die geriebene Zitronenschale <\/span><span style=\"font-weight: 400;\">zu einer Salatsauce verr\u00fchren und mit Salz abschmecken. Beiseitestellen.<\/span>\r\n\r\n<span style=\"font-weight: 400;\">Die Kn\u00f6delrolle auspacken und in <\/span><span style=\"font-weight: 400;\">fingerbreite <\/span><span style=\"font-weight: 400;\">Scheiben schneiden. Die Scheiben in einer Pfanne mit der anderen H\u00e4lfte der Butter von jeder Seite einige Minuten goldbraun anbraten.\u00a0<\/span>\r\n\r\n<span style=\"font-weight: 400;\">Salat und Kn\u00f6del auf einen Teller anrichten, mit Blumen und K\u00fcrbiskernen garnieren und die Salatsauce dar\u00fcber verteilen. <\/span>","recipe_images":[26962,26967]},"_links":{"self":[{"href":"https:\/\/www.emmentaler.ch\/de\/wp-json\/wp\/v2\/recipes\/26951"}],"collection":[{"href":"https:\/\/www.emmentaler.ch\/de\/wp-json\/wp\/v2\/recipes"}],"about":[{"href":"https:\/\/www.emmentaler.ch\/de\/wp-json\/wp\/v2\/types\/recipes"}],"author":[{"embeddable":true,"href":"https:\/\/www.emmentaler.ch\/de\/wp-json\/wp\/v2\/users\/2"}],"version-history":[{"count":0,"href":"https:\/\/www.emmentaler.ch\/de\/wp-json\/wp\/v2\/recipes\/26951\/revisions"}],"acf:attachment":[{"embeddable":true,"href":"https:\/\/www.emmentaler.ch\/de\/wp-json\/wp\/v2\/media\/26967"},{"embeddable":true,"href":"https:\/\/www.emmentaler.ch\/de\/wp-json\/wp\/v2\/media\/26962"}],"acf:term":[{"embeddable":true,"taxonomy":"recipe_saison","href":"https:\/\/www.emmentaler.ch\/de\/wp-json\/wp\/v2\/recipe_saison\/143"},{"embeddable":true,"taxonomy":"recipe_diet_type","href":"https:\/\/www.emmentaler.ch\/de\/wp-json\/wp\/v2\/recipe_diet_type\/132"},{"embeddable":true,"taxonomy":"recipe_difficulty","href":"https:\/\/www.emmentaler.ch\/de\/wp-json\/wp\/v2\/recipe_difficulty\/127"},{"embeddable":true,"taxonomy":"recipe_categories","href":"https:\/\/www.emmentaler.ch\/de\/wp-json\/wp\/v2\/recipe_categories\/86"},{"embeddable":true,"taxonomy":"recipe_preparation_time","href":"https:\/\/www.emmentaler.ch\/de\/wp-json\/wp\/v2\/recipe_preparation_time\/166"}],"acf:post":[{"embeddable":true,"href":"https:\/\/www.emmentaler.ch\/de\/wp-json\/wp\/v2\/pages\/5195"}],"wp:featuredmedia":[{"embeddable":true,"href":"https:\/\/www.emmentaler.ch\/de\/wp-json\/wp\/v2\/media\/26967"}],"wp:attachment":[{"href":"https:\/\/www.emmentaler.ch\/de\/wp-json\/wp\/v2\/media?parent=26951"}],"wp:term":[{"taxonomy":"post_tag","embeddable":true,"href":"https:\/\/www.emmentaler.ch\/de\/wp-json\/wp\/v2\/tags?post=26951"},{"taxonomy":"recipe_categories","embeddable":true,"href":"https:\/\/www.emmentaler.ch\/de\/wp-json\/wp\/v2\/recipe_categories?post=26951"},{"taxonomy":"et_countries","embeddable":true,"href":"https:\/\/www.emmentaler.ch\/de\/wp-json\/wp\/v2\/et_countries?post=26951"},{"taxonomy":"recipe_main_ingredient","embeddable":true,"href":"https:\/\/www.emmentaler.ch\/de\/wp-json\/wp\/v2\/recipe_main_ingredient?post=26951"},{"taxonomy":"recipe_difficulty","embeddable":true,"href":"https:\/\/www.emmentaler.ch\/de\/wp-json\/wp\/v2\/recipe_difficulty?post=26951"},{"taxonomy":"recipe_preparation_time","embeddable":true,"href":"https:\/\/www.emmentaler.ch\/de\/wp-json\/wp\/v2\/recipe_preparation_time?post=26951"},{"taxonomy":"recipe_diet_type","embeddable":true,"href":"https:\/\/www.emmentaler.ch\/de\/wp-json\/wp\/v2\/recipe_diet_type?post=26951"},{"taxonomy":"recipe_saison","embeddable":true,"href":"https:\/\/www.emmentaler.ch\/de\/wp-json\/wp\/v2\/recipe_saison?post=26951"}],"curies":[{"name":"wp","href":"https:\/\/api.w.org\/{rel}","templated":true}]}}

Serviettenknödel mit Emmentaler AOP auf Jungsalat

altes Weissbrot, in kleine Würfel geschnitten

Stück

Emmentaler AOP Bio Mild/Classic, in kleine Würfel geschnitten

Kürbiskernen, geröstet

Olivenöl

Nach Bedarf: Eine Handvoll essbaren Blüten

500g altes Weissbrot
in kleine Würfel geschnitten
2 Zwiebeln
fein gehackt
100g Butter
1 Bund Petersilie
fein gehackt
150ml Milch
50g Rahm
200g Emmentaler Bio
in kleine Würfel geschnitten
2 Eier
1 Prise Muskat
300g Jungsalat
Handvoll essbaren Blüten
2 EL Kürbiskernen
geröstet
4 EL Olivenöl
2 EL heller Essig
1 EL Zucker
1 EL Zitronensaft
1 TL geriebene Zitronenschale
Salz &amp; Pfeffer zum abschmecken

Die Zwiebeln mit der Hälfte der Butter glasig dünsten und mit Milch und Rahm ablöschen. Die Mischung mit Salz und Pfeffer würzen, aufkochen lassen und über die Brotwürfel giessen. Alles mischen und auskühlen lassen.

Petersilie, Eier und Käse zur Brotmischung dazugeben. Nun alles gut mit den Händen durchkneten, mit Muskat, Salz und Pfeffer abschmecken. Die Mischung 15 Minuten ziehen lassen.

<span style="font-weight: 400;">In einem grossen </span><span style="font-weight: 400;">Kochtopf </span><span style="font-weight: 400;">Wasser zum Kochen bringen und salzen. Auf ein sauberes Küchentuch die Brotmasse geben und zu einer </span><span style="font-weight: 400;">Rolle (</span><span style="font-weight: 400;">Ø ca. </span>7cm) formen, diese im Tuch zusammenrollen und die Enden mit Küchengarn gut zuschnüren.

<span style="font-weight: 400;">Die Knödelrolle ins Wasser geben und 20 Minuten garen – ab und zu wenden. Anschliessend die Rolle aus dem Wasser nehmen und auskühlen lassen. </span><span style="font-weight: 400;">Öl, Essig, Zucker, Zitronensaft und </span><span style="font-weight: 400;">die geriebene Zitronenschale </span><span style="font-weight: 400;">zu einer Salatsauce verrühren und mit Salz abschmecken. Beiseitestellen.</span>

<span style="font-weight: 400;">Die Knödelrolle auspacken und in </span><span style="font-weight: 400;">fingerbreite </span><span style="font-weight: 400;">Scheiben schneiden. Die Scheiben in einer Pfanne mit der anderen Hälfte der Butter von jeder Seite einige Minuten goldbraun anbraten. </span>

<span style="font-weight: 400;">Salat und Knödel auf einen Teller anrichten, mit Blumen und Kürbiskernen garnieren und die Salatsauce darüber verteilen. </span>
