{"id":27013,"date":"2022-04-27T14:00:02","date_gmt":"2022-04-27T12:00:02","guid":{"rendered":"https:\/\/www.emmentaler.ch\/rezept\/fruehstuecks-pancakes-mit-schweizer-emmentaler-aop"},"modified":"2024-07-24T13:13:13","modified_gmt":"2024-07-24T11:13:13","slug":"fruehstuecks-pancakes-mit-schweizer-emmentaler-aop","status":"publish","type":"recipes","link":"https:\/\/www.emmentaler.ch\/de\/rezept\/fruehstuecks-pancakes-mit-schweizer-emmentaler-aop","title":{"rendered":"Fr\u00fchst\u00fccks-Pancakes"},"author":2,"featured_media":27029,"menu_order":0,"template":"","meta":{"inline_featured_image":false},"tags":[788],"recipe_categories":[149],"et_countries":[],"recipe_main_ingredient":[124],"recipe_difficulty":[125],"recipe_preparation_time":[154],"recipe_diet_type":[132],"recipe_saison":[135],"acf":{"recipe_preparation_time":154,"recipe_categories":149,"recipe_time_txt":"10 Min. Zubereitung, 15 Min. Koch-\/Backzeit, 25 Min. Gesamtzeit","recipe_type":5203,"recipe_difficulty":125,"recipe_diet_type":[132],"recipe_main_ingredient":[124],"recipe_saison":[135],"recipe_count_portions":4,"recipe_ingedients":[{"recipe_ingedients_amount":"25","recipe_ingedients_unit":"g","recipe_ingedients_product":"Emmentaler AOP, frisch gerieben"},{"recipe_ingedients_amount":"1","recipe_ingedients_unit":"St\u00fcck","recipe_ingedients_product":"Eier"},{"recipe_ingedients_amount":"40","recipe_ingedients_unit":"ml","recipe_ingedients_product":"Milch"},{"recipe_ingedients_amount":"75","recipe_ingedients_unit":"g","recipe_ingedients_product":"Mehl"},{"recipe_ingedients_amount":"0.125","recipe_ingedients_unit":"Pkg","recipe_ingedients_product":"Backpulver"},{"recipe_ingedients_amount":"2","recipe_ingedients_unit":"St\u00fcck","recipe_ingedients_product":"Aprikosen"},{"recipe_ingedients_amount":"5","recipe_ingedients_unit":"g","recipe_ingedients_product":"Butter"},{"recipe_ingedients_amount":"1","recipe_ingedients_unit":"El","recipe_ingedients_product":"Honig"},{"recipe_ingedients_amount":"","recipe_ingedients_unit":"Bedarf","recipe_ingedients_product":"frischer Zitronenthymian"},{"recipe_ingedients_amount":"","recipe_ingedients_unit":"Bedarf","recipe_ingedients_product":"Salz"}],"temporare_zutaten":"100 g Schweizer Emmentaler AOP, frisch gerieben\r\n4 Eier\r\n280 ml Milch\r\n300 g Mehl\r\n\u00bd Pck. Backpulver\r\n1 Prise Salz\r\n8 Aprikosen\r\n20 g Butter\r\n4 EL Honig\r\nFrischer Zitronenthymian","recipe_preparation":"Die Eier trennen und die Eigelbe mit der Milch vermischen, Mehl und Backpulver hinzuf\u00fcgen und zu einem glatten Teig vermischen. Das Eiwei\u00df zu Eischnee schlagen und unter den Teig ru\u0308hren, diesen dann 1\/2 Stunde ruhen lassen.\r\n\r\nDen Schweizer Emmentaler AOP reiben, die Aprikosen halbieren. Butter und Honig in einer Pfanne bei mittlerer Hitze erhitzen, etwas Zitronenthymian und Aprikosenh\u00e4lften dazugeben und f\u00fcr etwa 3 Minuten anbr\u00e4unen.\r\n\r\nEine Sch\u00f6pfkelle vom Pancake-Teig in eine Pfanne mit Butter geben und ein wenig geriebenen Schweizer Emmentaler AOP dazugeben. Sobald kleine Luftblasen auf der Oberfl\u00e4che erscheinen, den Pancake wenden und die andere Seite fu\u0308r ca. 30 Sekunden br\u00e4unen, warmstellen. So fortfahren, bis der Teig verbraucht ist.\r\n\r\nDie Pancakes mit Aprikosen, Ahornsirup und frischem Zitronenthymian servieren.\r\n\r\n&nbsp;","recipe_images":[27029]},"_links":{"self":[{"href":"https:\/\/www.emmentaler.ch\/de\/wp-json\/wp\/v2\/recipes\/27013"}],"collection":[{"href":"https:\/\/www.emmentaler.ch\/de\/wp-json\/wp\/v2\/recipes"}],"about":[{"href":"https:\/\/www.emmentaler.ch\/de\/wp-json\/wp\/v2\/types\/recipes"}],"author":[{"embeddable":true,"href":"https:\/\/www.emmentaler.ch\/de\/wp-json\/wp\/v2\/users\/2"}],"version-history":[{"count":1,"href":"https:\/\/www.emmentaler.ch\/de\/wp-json\/wp\/v2\/recipes\/27013\/revisions"}],"predecessor-version":[{"id":137788,"href":"https:\/\/www.emmentaler.ch\/de\/wp-json\/wp\/v2\/recipes\/27013\/revisions\/137788"}],"acf:attachment":[{"embeddable":true,"href":"https:\/\/www.emmentaler.ch\/de\/wp-json\/wp\/v2\/media\/27029"}],"acf:term":[{"embeddable":true,"taxonomy":"recipe_saison","href":"https:\/\/www.emmentaler.ch\/de\/wp-json\/wp\/v2\/recipe_saison\/135"},{"embeddable":true,"taxonomy":"recipe_main_ingredient","href":"https:\/\/www.emmentaler.ch\/de\/wp-json\/wp\/v2\/recipe_main_ingredient\/124"},{"embeddable":true,"taxonomy":"recipe_diet_type","href":"https:\/\/www.emmentaler.ch\/de\/wp-json\/wp\/v2\/recipe_diet_type\/132"},{"embeddable":true,"taxonomy":"recipe_difficulty","href":"https:\/\/www.emmentaler.ch\/de\/wp-json\/wp\/v2\/recipe_difficulty\/125"},{"embeddable":true,"taxonomy":"recipe_categories","href":"https:\/\/www.emmentaler.ch\/de\/wp-json\/wp\/v2\/recipe_categories\/149"},{"embeddable":true,"taxonomy":"recipe_preparation_time","href":"https:\/\/www.emmentaler.ch\/de\/wp-json\/wp\/v2\/recipe_preparation_time\/154"}],"acf:post":[{"embeddable":true,"href":"https:\/\/www.emmentaler.ch\/de\/wp-json\/wp\/v2\/pages\/5203"}],"wp:featuredmedia":[{"embeddable":true,"href":"https:\/\/www.emmentaler.ch\/de\/wp-json\/wp\/v2\/media\/27029"}],"wp:attachment":[{"href":"https:\/\/www.emmentaler.ch\/de\/wp-json\/wp\/v2\/media?parent=27013"}],"wp:term":[{"taxonomy":"post_tag","embeddable":true,"href":"https:\/\/www.emmentaler.ch\/de\/wp-json\/wp\/v2\/tags?post=27013"},{"taxonomy":"recipe_categories","embeddable":true,"href":"https:\/\/www.emmentaler.ch\/de\/wp-json\/wp\/v2\/recipe_categories?post=27013"},{"taxonomy":"et_countries","embeddable":true,"href":"https:\/\/www.emmentaler.ch\/de\/wp-json\/wp\/v2\/et_countries?post=27013"},{"taxonomy":"recipe_main_ingredient","embeddable":true,"href":"https:\/\/www.emmentaler.ch\/de\/wp-json\/wp\/v2\/recipe_main_ingredient?post=27013"},{"taxonomy":"recipe_difficulty","embeddable":true,"href":"https:\/\/www.emmentaler.ch\/de\/wp-json\/wp\/v2\/recipe_difficulty?post=27013"},{"taxonomy":"recipe_preparation_time","embeddable":true,"href":"https:\/\/www.emmentaler.ch\/de\/wp-json\/wp\/v2\/recipe_preparation_time?post=27013"},{"taxonomy":"recipe_diet_type","embeddable":true,"href":"https:\/\/www.emmentaler.ch\/de\/wp-json\/wp\/v2\/recipe_diet_type?post=27013"},{"taxonomy":"recipe_saison","embeddable":true,"href":"https:\/\/www.emmentaler.ch\/de\/wp-json\/wp\/v2\/recipe_saison?post=27013"}],"curies":[{"name":"wp","href":"https:\/\/api.w.org\/{rel}","templated":true}]}}

Frühstücks-Pancakes

Stück

Die Eier trennen und die Eigelbe mit der Milch vermischen, Mehl und Backpulver hinzufügen und zu einem glatten Teig vermischen. Das Eiweiß zu Eischnee schlagen und unter den Teig rühren, diesen dann 1/2 Stunde ruhen lassen.

Den Schweizer Emmentaler AOP reiben, die Aprikosen halbieren. Butter und Honig in einer Pfanne bei mittlerer Hitze erhitzen, etwas Zitronenthymian und Aprikosenhälften dazugeben und für etwa 3 Minuten anbräunen.

Eine Schöpfkelle vom Pancake-Teig in eine Pfanne mit Butter geben und ein wenig geriebenen Schweizer Emmentaler AOP dazugeben. Sobald kleine Luftblasen auf der Oberfläche erscheinen, den Pancake wenden und die andere Seite für ca. 30 Sekunden bräunen, warmstellen. So fortfahren, bis der Teig verbraucht ist.

Die Pancakes mit Aprikosen, Ahornsirup und frischem Zitronenthymian servieren.

&nbsp;
