{"id":48487,"date":"2022-04-27T13:57:46","date_gmt":"2022-04-27T11:57:46","guid":{"rendered":"https:\/\/www.emmentaler.ch\/rezept\/apple-and-red-cabbage-salad-with-emmentaler-aop"},"modified":"2024-07-24T13:40:00","modified_gmt":"2024-07-24T11:40:00","slug":"apple-and-red-cabbage-salad-with-emmentaler-aop","status":"publish","type":"recipes","link":"https:\/\/www.emmentaler.ch\/en\/recipes\/apple-and-red-cabbage-salad-with-emmentaler-aop","title":{"rendered":"Apple and red cabbage salad with Emmentaler AOP"},"author":2,"featured_media":48508,"menu_order":0,"template":"","meta":{"inline_featured_image":false},"tags":[837,801],"recipe_categories":[623],"et_countries":[],"recipe_main_ingredient":[605],"recipe_difficulty":[574],"recipe_preparation_time":[214],"recipe_diet_type":[565,566,573],"recipe_saison":[534,533,557],"acf":{"recipe_preparation_time":214,"recipe_categories":623,"recipe_time_txt":"","recipe_type":64358,"recipe_difficulty":574,"recipe_diet_type":[565,566,573],"recipe_main_ingredient":[605],"recipe_saison":[533,534,557],"recipe_count_portions":4,"recipe_ingedients":[{"recipe_ingedients_amount":"50","recipe_ingedients_unit":"g","recipe_ingedients_product":"Emmentaler AOP, diced small"},{"recipe_ingedients_amount":"100","recipe_ingedients_unit":"g","recipe_ingedients_product":"red cabbage"},{"recipe_ingedients_amount":".5","recipe_ingedients_unit":"St\u00fcck","recipe_ingedients_product":"celery stalks"},{"recipe_ingedients_amount":".25","recipe_ingedients_unit":"St\u00fcck","recipe_ingedients_product":"small beetroots, raw"},{"recipe_ingedients_amount":".25","recipe_ingedients_unit":"St\u00fcck","recipe_ingedients_product":"organic green apples"},{"recipe_ingedients_amount":"3","recipe_ingedients_unit":"St\u00fcck","recipe_ingedients_product":"nuts, peeled"},{"recipe_ingedients_amount":".25","recipe_ingedients_unit":"St\u00fcck","recipe_ingedients_product":"lemon"},{"recipe_ingedients_amount":"","recipe_ingedients_unit":"Bedarf","recipe_ingedients_product":"extra virgin olive oil"},{"recipe_ingedients_amount":"","recipe_ingedients_unit":"Bedarf","recipe_ingedients_product":"a little mustard"}],"temporare_zutaten":"400 g red cabbage\r\n2 sticks of celery\r\n1 small beetroot, raw\r\n1 organic green apple\r\n12 walnuts, peeled\r\nExtra-virgin olive oil\r\n1 lemon\r\nA small amount of mustard","recipe_preparation":"Chop the vegetables: Julienne the red cabbage, the celery sticks and beetroot into thin strips.\r\nCut the apple into small pieces and briefly place in lemon juice infused water.\r\nMix all the ingredients in a salad bowl and add the cubes of Emmentaler AOP.\r\nPrepare a dressing using the juice of half a lemon, three tablespoons oil, salt and pepper and some mustard.\r\nPour the sauce over the salad, mix carefully and serve","recipe_images":[26715,26720]},"_links":{"self":[{"href":"https:\/\/www.emmentaler.ch\/en\/wp-json\/wp\/v2\/recipes\/48487"}],"collection":[{"href":"https:\/\/www.emmentaler.ch\/en\/wp-json\/wp\/v2\/recipes"}],"about":[{"href":"https:\/\/www.emmentaler.ch\/en\/wp-json\/wp\/v2\/types\/recipes"}],"author":[{"embeddable":true,"href":"https:\/\/www.emmentaler.ch\/en\/wp-json\/wp\/v2\/users\/2"}],"version-history":[{"count":1,"href":"https:\/\/www.emmentaler.ch\/en\/wp-json\/wp\/v2\/recipes\/48487\/revisions"}],"predecessor-version":[{"id":137553,"href":"https:\/\/www.emmentaler.ch\/en\/wp-json\/wp\/v2\/recipes\/48487\/revisions\/137553"}],"acf:attachment":[{"embeddable":true,"href":"https:\/\/www.emmentaler.ch\/en\/wp-json\/wp\/v2\/media\/26720"},{"embeddable":true,"href":"https:\/\/www.emmentaler.ch\/en\/wp-json\/wp\/v2\/media\/26715"}],"acf:term":[{"embeddable":true,"taxonomy":"recipe_saison","href":"https:\/\/www.emmentaler.ch\/en\/wp-json\/wp\/v2\/recipe_saison\/557"},{"embeddable":true,"taxonomy":"recipe_saison","href":"https:\/\/www.emmentaler.ch\/en\/wp-json\/wp\/v2\/recipe_saison\/534"},{"embeddable":true,"taxonomy":"recipe_saison","href":"https:\/\/www.emmentaler.ch\/en\/wp-json\/wp\/v2\/recipe_saison\/533"},{"embeddable":true,"taxonomy":"recipe_main_ingredient","href":"https:\/\/www.emmentaler.ch\/en\/wp-json\/wp\/v2\/recipe_main_ingredient\/605"},{"embeddable":true,"taxonomy":"recipe_diet_type","href":"https:\/\/www.emmentaler.ch\/en\/wp-json\/wp\/v2\/recipe_diet_type\/573"},{"embeddable":true,"taxonomy":"recipe_diet_type","href":"https:\/\/www.emmentaler.ch\/en\/wp-json\/wp\/v2\/recipe_diet_type\/566"},{"embeddable":true,"taxonomy":"recipe_diet_type","href":"https:\/\/www.emmentaler.ch\/en\/wp-json\/wp\/v2\/recipe_diet_type\/565"},{"embeddable":true,"taxonomy":"recipe_difficulty","href":"https:\/\/www.emmentaler.ch\/en\/wp-json\/wp\/v2\/recipe_difficulty\/574"},{"embeddable":true,"taxonomy":"recipe_categories","href":"https:\/\/www.emmentaler.ch\/en\/wp-json\/wp\/v2\/recipe_categories\/623"},{"embeddable":true,"taxonomy":"recipe_preparation_time","href":"https:\/\/www.emmentaler.ch\/en\/wp-json\/wp\/v2\/recipe_preparation_time\/214"}],"acf:post":[{"embeddable":true,"href":"https:\/\/www.emmentaler.ch\/en\/wp-json\/wp\/v2\/pages\/64358"}],"wp:featuredmedia":[{"embeddable":true,"href":"https:\/\/www.emmentaler.ch\/en\/wp-json\/wp\/v2\/media\/48508"}],"wp:attachment":[{"href":"https:\/\/www.emmentaler.ch\/en\/wp-json\/wp\/v2\/media?parent=48487"}],"wp:term":[{"taxonomy":"post_tag","embeddable":true,"href":"https:\/\/www.emmentaler.ch\/en\/wp-json\/wp\/v2\/tags?post=48487"},{"taxonomy":"recipe_categories","embeddable":true,"href":"https:\/\/www.emmentaler.ch\/en\/wp-json\/wp\/v2\/recipe_categories?post=48487"},{"taxonomy":"et_countries","embeddable":true,"href":"https:\/\/www.emmentaler.ch\/en\/wp-json\/wp\/v2\/et_countries?post=48487"},{"taxonomy":"recipe_main_ingredient","embeddable":true,"href":"https:\/\/www.emmentaler.ch\/en\/wp-json\/wp\/v2\/recipe_main_ingredient?post=48487"},{"taxonomy":"recipe_difficulty","embeddable":true,"href":"https:\/\/www.emmentaler.ch\/en\/wp-json\/wp\/v2\/recipe_difficulty?post=48487"},{"taxonomy":"recipe_preparation_time","embeddable":true,"href":"https:\/\/www.emmentaler.ch\/en\/wp-json\/wp\/v2\/recipe_preparation_time?post=48487"},{"taxonomy":"recipe_diet_type","embeddable":true,"href":"https:\/\/www.emmentaler.ch\/en\/wp-json\/wp\/v2\/recipe_diet_type?post=48487"},{"taxonomy":"recipe_saison","embeddable":true,"href":"https:\/\/www.emmentaler.ch\/en\/wp-json\/wp\/v2\/recipe_saison?post=48487"}],"curies":[{"name":"wp","href":"https:\/\/api.w.org\/{rel}","templated":true}]}}

Stück
