{"id":67408,"date":"2022-04-27T12:46:31","date_gmt":"2022-04-27T10:46:31","guid":{"rendered":"https:\/\/www.emmentaler.ch\/kaeserei\/queseria-dreien"},"modified":"2023-04-28T13:33:36","modified_gmt":"2023-04-28T11:33:36","slug":"queseria-dreien","status":"publish","type":"dairy","link":"https:\/\/www.emmentaler.ch\/es\/queseria\/queseria-dreien","title":{"rendered":"Queser\u00eda Dreien"},"author":2,"featured_media":13072,"menu_order":0,"template":"","meta":{"inline_featured_image":false},"tags":[810],"acf":{"dairy_cheeze_name":"Queser\u00eda Dreien","dairy_name":"Toni G\u00fcbeli","dairy_address_street":"M\u00fcselbachstrasse","dairy_address_house_number":"6","dairy_address_zipcode":"9612","dairy_address_city":"Dreien","dairy_phone":"071 983 16 14","dairy_mail":"info@guebeli-kaese.ch","dairy_website":"http:\/\/www.guebeli-kaese.ch","dairy_gmaps_lat":"47.373605","dairy_gmaps_lng":"9.0178518","dairy_award_bio":false,"dairy_award_bergprodukt":true,"dairy_award_topten":false,"dairy_award_topten_year":"","dairy_award_worldchees":false,"dairy_awards":"","dairy_number":3455,"dairy_has_shop":["1"],"dairy_eliminated":false,"dairy_eliminated_text":"","dairy_lab_type":["mikrobiell"],"dairy_max_loafs_per_day":"4","dairy_min_loafs_per_day":"3","dairy_brands":"Emmentaler DOP","dairy_dynamic_brands":[65932,65947,65940,65949,65967,65993,68478,65952,65959],"dairy_fact_1":"Aqu\u00ed, Toni G\u00fcbeli elabora el Emmentaler DOP.","dairy_fact_2":"Mediante un m\u00e9todo artesanal de larga tradici\u00f3n a 669 metros sobre el nivel del mar.","dairy_fact_3":"Con 100 % leche cruda natural de la regi\u00f3n.","dairy_fact_4":"","dairy_fact_5":"","dairy_opening_hours":"","dairy_images_cheesemaker":[10995],"dairy_images_house":[null],"dairy_images_process":[null]},"_links":{"self":[{"href":"https:\/\/www.emmentaler.ch\/es\/wp-json\/wp\/v2\/dairy\/67408"}],"collection":[{"href":"https:\/\/www.emmentaler.ch\/es\/wp-json\/wp\/v2\/dairy"}],"about":[{"href":"https:\/\/www.emmentaler.ch\/es\/wp-json\/wp\/v2\/types\/dairy"}],"author":[{"embeddable":true,"href":"https:\/\/www.emmentaler.ch\/es\/wp-json\/wp\/v2\/users\/2"}],"version-history":[{"count":0,"href":"https:\/\/www.emmentaler.ch\/es\/wp-json\/wp\/v2\/dairy\/67408\/revisions"}],"acf:attachment":[{"embeddable":true,"href":"https:\/\/www.emmentaler.ch\/es\/wp-json\/wp\/v2\/media\/"},{"embeddable":true,"href":"https:\/\/www.emmentaler.ch\/es\/wp-json\/wp\/v2\/media\/10995"}],"acf:post":[{"embeddable":true,"href":"https:\/\/www.emmentaler.ch\/es\/wp-json\/wp\/v2\/pages\/65959"},{"embeddable":true,"href":"https:\/\/www.emmentaler.ch\/es\/wp-json\/wp\/v2\/pages\/65952"},{"embeddable":true,"href":"https:\/\/www.emmentaler.ch\/es\/wp-json\/wp\/v2\/pages\/68478"},{"embeddable":true,"href":"https:\/\/www.emmentaler.ch\/es\/wp-json\/wp\/v2\/pages\/65993"},{"embeddable":true,"href":"https:\/\/www.emmentaler.ch\/es\/wp-json\/wp\/v2\/pages\/65967"},{"embeddable":true,"href":"https:\/\/www.emmentaler.ch\/es\/wp-json\/wp\/v2\/pages\/65949"},{"embeddable":true,"href":"https:\/\/www.emmentaler.ch\/es\/wp-json\/wp\/v2\/pages\/65940"},{"embeddable":true,"href":"https:\/\/www.emmentaler.ch\/es\/wp-json\/wp\/v2\/pages\/65947"},{"embeddable":true,"href":"https:\/\/www.emmentaler.ch\/es\/wp-json\/wp\/v2\/pages\/65932"}],"wp:featuredmedia":[{"embeddable":true,"href":"https:\/\/www.emmentaler.ch\/es\/wp-json\/wp\/v2\/media\/13072"}],"wp:attachment":[{"href":"https:\/\/www.emmentaler.ch\/es\/wp-json\/wp\/v2\/media?parent=67408"}],"wp:term":[{"taxonomy":"post_tag","embeddable":true,"href":"https:\/\/www.emmentaler.ch\/es\/wp-json\/wp\/v2\/tags?post=67408"}],"curies":[{"name":"wp","href":"https:\/\/api.w.org\/{rel}","templated":true}]}}

Quesería Dreien

Toni Gübeli

Müselbachstrasse

Aquí, Toni Gübeli elabora el Emmentaler DOP.

Mediante un método artesanal de larga tradición a 669 metros sobre el nivel del mar.

Con 100 % leche cruda natural de la región.
