{"id":68156,"date":"2022-04-27T12:46:00","date_gmt":"2022-04-27T10:46:00","guid":{"rendered":"https:\/\/www.emmentaler.ch\/kaeserei\/queseria-melchnau"},"modified":"2023-04-28T14:49:10","modified_gmt":"2023-04-28T12:49:10","slug":"queseria-melchnau","status":"publish","type":"dairy","link":"https:\/\/www.emmentaler.ch\/es\/queseria\/queseria-melchnau","title":{"rendered":"Queser\u00eda Melchnau"},"author":2,"featured_media":139916,"menu_order":0,"template":"","meta":{"inline_featured_image":false},"tags":[],"acf":{"dairy_cheeze_name":"Queser\u00eda Melchnau","dairy_name":"Lukas Albisser","dairy_address_street":"K\u00e4sereistrasse","dairy_address_house_number":"2","dairy_address_zipcode":"4917","dairy_address_city":"Melchnau","dairy_phone":"062 927 19 89","dairy_mail":"info@kaeserei-melchnau.ch","dairy_website":"https:\/\/www.kaeserei-melchnau.ch\/","dairy_gmaps_lat":"47.1796811","dairy_gmaps_lng":"7.8538973","dairy_award_bio":false,"dairy_award_bergprodukt":false,"dairy_award_topten":false,"dairy_award_topten_year":"","dairy_award_worldchees":false,"dairy_awards":"International  Cheese & Dairy Awards 2022","dairy_number":3073,"dairy_has_shop":["1"],"dairy_eliminated":false,"dairy_eliminated_text":"","dairy_lab_type":["mikrobiell"],"dairy_max_loafs_per_day":"","dairy_min_loafs_per_day":"10","dairy_brands":"Emmentaler DOP","dairy_dynamic_brands":[65932,65947,65940,65949,65967,65993,68478],"dairy_fact_1":"Aqu\u00ed, Hansj\u00f6rg Tr\u00f6sch elabora el Emmentaler DOP.","dairy_fact_2":"Mediante un m\u00e9todo artesanal de larga tradici\u00f3n a 481 metros sobre el nivel del mar.","dairy_fact_3":"Con 100 % leche cruda natural de la regi\u00f3n.","dairy_fact_4":"","dairy_fact_5":"","dairy_opening_hours":"","dairy_images_cheesemaker":[9185,139909],"dairy_images_house":[null],"dairy_images_process":[null]},"_links":{"self":[{"href":"https:\/\/www.emmentaler.ch\/es\/wp-json\/wp\/v2\/dairy\/68156"}],"collection":[{"href":"https:\/\/www.emmentaler.ch\/es\/wp-json\/wp\/v2\/dairy"}],"about":[{"href":"https:\/\/www.emmentaler.ch\/es\/wp-json\/wp\/v2\/types\/dairy"}],"author":[{"embeddable":true,"href":"https:\/\/www.emmentaler.ch\/es\/wp-json\/wp\/v2\/users\/2"}],"version-history":[{"count":0,"href":"https:\/\/www.emmentaler.ch\/es\/wp-json\/wp\/v2\/dairy\/68156\/revisions"}],"acf:attachment":[{"embeddable":true,"href":"https:\/\/www.emmentaler.ch\/es\/wp-json\/wp\/v2\/media\/"},{"embeddable":true,"href":"https:\/\/www.emmentaler.ch\/es\/wp-json\/wp\/v2\/media\/139909"},{"embeddable":true,"href":"https:\/\/www.emmentaler.ch\/es\/wp-json\/wp\/v2\/media\/9185"}],"acf:post":[{"embeddable":true,"href":"https:\/\/www.emmentaler.ch\/es\/wp-json\/wp\/v2\/pages\/68478"},{"embeddable":true,"href":"https:\/\/www.emmentaler.ch\/es\/wp-json\/wp\/v2\/pages\/65993"},{"embeddable":true,"href":"https:\/\/www.emmentaler.ch\/es\/wp-json\/wp\/v2\/pages\/65967"},{"embeddable":true,"href":"https:\/\/www.emmentaler.ch\/es\/wp-json\/wp\/v2\/pages\/65949"},{"embeddable":true,"href":"https:\/\/www.emmentaler.ch\/es\/wp-json\/wp\/v2\/pages\/65940"},{"embeddable":true,"href":"https:\/\/www.emmentaler.ch\/es\/wp-json\/wp\/v2\/pages\/65947"},{"embeddable":true,"href":"https:\/\/www.emmentaler.ch\/es\/wp-json\/wp\/v2\/pages\/65932"}],"wp:featuredmedia":[{"embeddable":true,"href":"https:\/\/www.emmentaler.ch\/es\/wp-json\/wp\/v2\/media\/139916"}],"wp:attachment":[{"href":"https:\/\/www.emmentaler.ch\/es\/wp-json\/wp\/v2\/media?parent=68156"}],"wp:term":[{"taxonomy":"post_tag","embeddable":true,"href":"https:\/\/www.emmentaler.ch\/es\/wp-json\/wp\/v2\/tags?post=68156"}],"curies":[{"name":"wp","href":"https:\/\/api.w.org\/{rel}","templated":true}]}}

Quesería Melchnau

Käsereistrasse

Aquí, Hansjörg Trösch elabora el Emmentaler DOP.

Mediante un método artesanal de larga tradición a 481 metros sobre el nivel del mar.

Con 100 % leche cruda natural de la región.
