{"id":68243,"date":"2022-04-27T12:46:08","date_gmt":"2022-04-27T10:46:08","guid":{"rendered":"https:\/\/www.emmentaler.ch\/kaeserei\/queseria-waldegg"},"modified":"2023-04-28T14:34:16","modified_gmt":"2023-04-28T12:34:16","slug":"queseria-waldegg","status":"publish","type":"dairy","link":"https:\/\/www.emmentaler.ch\/es\/queseria\/queseria-waldegg","title":{"rendered":"Queser\u00eda Waldegg"},"author":2,"featured_media":14013,"menu_order":0,"template":"","meta":{"inline_featured_image":false},"tags":[],"acf":{"dairy_cheeze_name":"Queser\u00eda Waldegg","dairy_name":"Andreas Aeschlimann","dairy_address_street":"Kriechenwil","dairy_address_house_number":"","dairy_address_zipcode":"3179","dairy_address_city":"Kriechenwil","dairy_phone":"","dairy_mail":"aaeschli@bluewin.ch","dairy_website":"http:\/\/www.cremo.ch\/FR\/index.asp","dairy_gmaps_lat":"46.9117651","dairy_gmaps_lng":"7.2277918","dairy_award_bio":false,"dairy_award_bergprodukt":false,"dairy_award_topten":false,"dairy_award_topten_year":"","dairy_award_worldchees":false,"dairy_awards":"","dairy_number":3174,"dairy_has_shop":"","dairy_eliminated":false,"dairy_eliminated_text":"","dairy_lab_type":["tierisch"],"dairy_max_loafs_per_day":"","dairy_min_loafs_per_day":"","dairy_brands":"Emmentaler DOP","dairy_dynamic_brands":[65932,65947,65940,65949,65967,65993,68478],"dairy_fact_1":"Aqu\u00ed, Andreas Aeschlimann elabora el Emmentaler DOP.","dairy_fact_2":"Mediante un m\u00e9todo artesanal de larga tradici\u00f3n a 530 metros sobre el nivel del mar.","dairy_fact_3":"Con 100 % leche cruda natural de la regi\u00f3n.","dairy_fact_4":"","dairy_fact_5":"","dairy_opening_hours":"","dairy_images_cheesemaker":[10049],"dairy_images_house":[null],"dairy_images_process":[null]},"_links":{"self":[{"href":"https:\/\/www.emmentaler.ch\/es\/wp-json\/wp\/v2\/dairy\/68243"}],"collection":[{"href":"https:\/\/www.emmentaler.ch\/es\/wp-json\/wp\/v2\/dairy"}],"about":[{"href":"https:\/\/www.emmentaler.ch\/es\/wp-json\/wp\/v2\/types\/dairy"}],"author":[{"embeddable":true,"href":"https:\/\/www.emmentaler.ch\/es\/wp-json\/wp\/v2\/users\/2"}],"version-history":[{"count":0,"href":"https:\/\/www.emmentaler.ch\/es\/wp-json\/wp\/v2\/dairy\/68243\/revisions"}],"acf:attachment":[{"embeddable":true,"href":"https:\/\/www.emmentaler.ch\/es\/wp-json\/wp\/v2\/media\/"},{"embeddable":true,"href":"https:\/\/www.emmentaler.ch\/es\/wp-json\/wp\/v2\/media\/10049"}],"acf:post":[{"embeddable":true,"href":"https:\/\/www.emmentaler.ch\/es\/wp-json\/wp\/v2\/pages\/68478"},{"embeddable":true,"href":"https:\/\/www.emmentaler.ch\/es\/wp-json\/wp\/v2\/pages\/65993"},{"embeddable":true,"href":"https:\/\/www.emmentaler.ch\/es\/wp-json\/wp\/v2\/pages\/65967"},{"embeddable":true,"href":"https:\/\/www.emmentaler.ch\/es\/wp-json\/wp\/v2\/pages\/65949"},{"embeddable":true,"href":"https:\/\/www.emmentaler.ch\/es\/wp-json\/wp\/v2\/pages\/65940"},{"embeddable":true,"href":"https:\/\/www.emmentaler.ch\/es\/wp-json\/wp\/v2\/pages\/65947"},{"embeddable":true,"href":"https:\/\/www.emmentaler.ch\/es\/wp-json\/wp\/v2\/pages\/65932"}],"wp:featuredmedia":[{"embeddable":true,"href":"https:\/\/www.emmentaler.ch\/es\/wp-json\/wp\/v2\/media\/14013"}],"wp:attachment":[{"href":"https:\/\/www.emmentaler.ch\/es\/wp-json\/wp\/v2\/media?parent=68243"}],"wp:term":[{"taxonomy":"post_tag","embeddable":true,"href":"https:\/\/www.emmentaler.ch\/es\/wp-json\/wp\/v2\/tags?post=68243"}],"curies":[{"name":"wp","href":"https:\/\/api.w.org\/{rel}","templated":true}]}}

Quesería Waldegg

Aquí, Andreas Aeschlimann elabora el Emmentaler DOP.

Mediante un método artesanal de larga tradición a 530 metros sobre el nivel del mar.

Con 100 % leche cruda natural de la región.
