{"id":68249,"date":"2022-04-27T12:46:07","date_gmt":"2022-04-27T10:46:07","guid":{"rendered":"https:\/\/www.emmentaler.ch\/kaeserei\/queseria-kleinroth"},"modified":"2023-04-28T14:35:30","modified_gmt":"2023-04-28T12:35:30","slug":"queseria-kleinroth","status":"publish","type":"dairy","link":"https:\/\/www.emmentaler.ch\/es\/queseria\/queseria-kleinroth","title":{"rendered":"Queser\u00eda Kleinroth"},"author":2,"featured_media":69562,"menu_order":0,"template":"","meta":{"inline_featured_image":false},"tags":[810],"acf":{"dairy_cheeze_name":"Queser\u00eda Kleinroth","dairy_name":"Marcel Walther","dairy_address_street":"Kleinroth","dairy_address_house_number":"384","dairy_address_zipcode":"3507","dairy_address_city":"Biglen","dairy_phone":"034 413 11 81","dairy_mail":"info@dorfkaeserei.ch","dairy_website":"","dairy_gmaps_lat":"46.9205314","dairy_gmaps_lng":"7.6394753","dairy_award_bio":false,"dairy_award_bergprodukt":false,"dairy_award_topten":false,"dairy_award_topten_year":"","dairy_award_worldchees":false,"dairy_awards":"","dairy_number":3153,"dairy_has_shop":["1"],"dairy_eliminated":false,"dairy_eliminated_text":"","dairy_lab_type":["tierisch"],"dairy_max_loafs_per_day":"","dairy_min_loafs_per_day":"4","dairy_brands":"Emmentaler DOP","dairy_dynamic_brands":[65932,65947,65940,65949,65967,65993,68478],"dairy_fact_1":"Aqu\u00ed, Daniel B\u00e4hler elabora el Emmentaler DOP.","dairy_fact_2":"Mediante un m\u00e9todo artesanal de larga tradici\u00f3n a 739 metros sobre el nivel del mar.","dairy_fact_3":"Con 100 % leche cruda natural de la regi\u00f3n.","dairy_fact_4":"","dairy_fact_5":"","dairy_opening_hours":"","dairy_images_cheesemaker":[9476],"dairy_images_house":[null],"dairy_images_process":[null]},"_links":{"self":[{"href":"https:\/\/www.emmentaler.ch\/es\/wp-json\/wp\/v2\/dairy\/68249"}],"collection":[{"href":"https:\/\/www.emmentaler.ch\/es\/wp-json\/wp\/v2\/dairy"}],"about":[{"href":"https:\/\/www.emmentaler.ch\/es\/wp-json\/wp\/v2\/types\/dairy"}],"author":[{"embeddable":true,"href":"https:\/\/www.emmentaler.ch\/es\/wp-json\/wp\/v2\/users\/2"}],"version-history":[{"count":0,"href":"https:\/\/www.emmentaler.ch\/es\/wp-json\/wp\/v2\/dairy\/68249\/revisions"}],"acf:attachment":[{"embeddable":true,"href":"https:\/\/www.emmentaler.ch\/es\/wp-json\/wp\/v2\/media\/"},{"embeddable":true,"href":"https:\/\/www.emmentaler.ch\/es\/wp-json\/wp\/v2\/media\/9476"}],"acf:post":[{"embeddable":true,"href":"https:\/\/www.emmentaler.ch\/es\/wp-json\/wp\/v2\/pages\/68478"},{"embeddable":true,"href":"https:\/\/www.emmentaler.ch\/es\/wp-json\/wp\/v2\/pages\/65993"},{"embeddable":true,"href":"https:\/\/www.emmentaler.ch\/es\/wp-json\/wp\/v2\/pages\/65967"},{"embeddable":true,"href":"https:\/\/www.emmentaler.ch\/es\/wp-json\/wp\/v2\/pages\/65949"},{"embeddable":true,"href":"https:\/\/www.emmentaler.ch\/es\/wp-json\/wp\/v2\/pages\/65940"},{"embeddable":true,"href":"https:\/\/www.emmentaler.ch\/es\/wp-json\/wp\/v2\/pages\/65947"},{"embeddable":true,"href":"https:\/\/www.emmentaler.ch\/es\/wp-json\/wp\/v2\/pages\/65932"}],"wp:featuredmedia":[{"embeddable":true,"href":"https:\/\/www.emmentaler.ch\/es\/wp-json\/wp\/v2\/media\/69562"}],"wp:attachment":[{"href":"https:\/\/www.emmentaler.ch\/es\/wp-json\/wp\/v2\/media?parent=68249"}],"wp:term":[{"taxonomy":"post_tag","embeddable":true,"href":"https:\/\/www.emmentaler.ch\/es\/wp-json\/wp\/v2\/tags?post=68249"}],"curies":[{"name":"wp","href":"https:\/\/api.w.org\/{rel}","templated":true}]}}

Quesería Kleinroth

Aquí, Daniel Bähler elabora el Emmentaler DOP.

Mediante un método artesanal de larga tradición a 739 metros sobre el nivel del mar.

Con 100 % leche cruda natural de la región.
