{"id":68250,"date":"2022-04-27T12:46:07","date_gmt":"2022-04-27T10:46:07","guid":{"rendered":"https:\/\/www.emmentaler.ch\/kaeserei\/queseria-reutegraben"},"modified":"2023-04-28T14:36:40","modified_gmt":"2023-04-28T12:36:40","slug":"queseria-reutegraben","status":"publish","type":"dairy","link":"https:\/\/www.emmentaler.ch\/es\/queseria\/queseria-reutegraben","title":{"rendered":"Queser\u00eda Reutegraben"},"author":2,"featured_media":14065,"menu_order":0,"template":"","meta":{"inline_featured_image":false},"tags":[810],"acf":{"dairy_cheeze_name":"Queser\u00eda Reutegraben","dairy_name":"Stefan Liechti","dairy_address_street":"Reutegraben","dairy_address_house_number":"50","dairy_address_zipcode":"3531","dairy_address_city":"Oberthal","dairy_phone":"031 711 04 24","dairy_mail":"stefanliechti@gmx.ch","dairy_website":"","dairy_gmaps_lat":"46.917009","dairy_gmaps_lng":"7.6709296","dairy_award_bio":true,"dairy_award_bergprodukt":true,"dairy_award_topten":false,"dairy_award_topten_year":"","dairy_award_worldchees":false,"dairy_awards":"","dairy_number":3158,"dairy_has_shop":["1"],"dairy_eliminated":false,"dairy_eliminated_text":"","dairy_lab_type":["tierisch"],"dairy_max_loafs_per_day":"3","dairy_min_loafs_per_day":"2","dairy_brands":"BIO","dairy_dynamic_brands":[65932,65947,65940,65949,65967,65993,68478],"dairy_fact_1":"Aqu\u00ed, Stefan Liechti elabora el Emmentaler DOP.","dairy_fact_2":"Mediante un m\u00e9todo artesanal de larga tradici\u00f3n a 822 metros sobre el nivel del mar.","dairy_fact_3":"Con 100 % leche cruda natural de la regi\u00f3n.","dairy_fact_4":"","dairy_fact_5":"","dairy_opening_hours":"","dairy_images_cheesemaker":[9487],"dairy_images_house":[null],"dairy_images_process":[null]},"_links":{"self":[{"href":"https:\/\/www.emmentaler.ch\/es\/wp-json\/wp\/v2\/dairy\/68250"}],"collection":[{"href":"https:\/\/www.emmentaler.ch\/es\/wp-json\/wp\/v2\/dairy"}],"about":[{"href":"https:\/\/www.emmentaler.ch\/es\/wp-json\/wp\/v2\/types\/dairy"}],"author":[{"embeddable":true,"href":"https:\/\/www.emmentaler.ch\/es\/wp-json\/wp\/v2\/users\/2"}],"version-history":[{"count":0,"href":"https:\/\/www.emmentaler.ch\/es\/wp-json\/wp\/v2\/dairy\/68250\/revisions"}],"acf:attachment":[{"embeddable":true,"href":"https:\/\/www.emmentaler.ch\/es\/wp-json\/wp\/v2\/media\/"},{"embeddable":true,"href":"https:\/\/www.emmentaler.ch\/es\/wp-json\/wp\/v2\/media\/9487"}],"acf:post":[{"embeddable":true,"href":"https:\/\/www.emmentaler.ch\/es\/wp-json\/wp\/v2\/pages\/68478"},{"embeddable":true,"href":"https:\/\/www.emmentaler.ch\/es\/wp-json\/wp\/v2\/pages\/65993"},{"embeddable":true,"href":"https:\/\/www.emmentaler.ch\/es\/wp-json\/wp\/v2\/pages\/65967"},{"embeddable":true,"href":"https:\/\/www.emmentaler.ch\/es\/wp-json\/wp\/v2\/pages\/65949"},{"embeddable":true,"href":"https:\/\/www.emmentaler.ch\/es\/wp-json\/wp\/v2\/pages\/65940"},{"embeddable":true,"href":"https:\/\/www.emmentaler.ch\/es\/wp-json\/wp\/v2\/pages\/65947"},{"embeddable":true,"href":"https:\/\/www.emmentaler.ch\/es\/wp-json\/wp\/v2\/pages\/65932"}],"wp:featuredmedia":[{"embeddable":true,"href":"https:\/\/www.emmentaler.ch\/es\/wp-json\/wp\/v2\/media\/14065"}],"wp:attachment":[{"href":"https:\/\/www.emmentaler.ch\/es\/wp-json\/wp\/v2\/media?parent=68250"}],"wp:term":[{"taxonomy":"post_tag","embeddable":true,"href":"https:\/\/www.emmentaler.ch\/es\/wp-json\/wp\/v2\/tags?post=68250"}],"curies":[{"name":"wp","href":"https:\/\/api.w.org\/{rel}","templated":true}]}}

Quesería Reutegraben

Aquí, Stefan Liechti elabora el Emmentaler DOP.

Mediante un método artesanal de larga tradición a 822 metros sobre el nivel del mar.

Con 100 % leche cruda natural de la región.
