{"id":128557,"date":"2023-06-08T16:39:45","date_gmt":"2023-06-08T14:39:45","guid":{"rendered":"https:\/\/www.emmentaler.ch\/rezept\/churros-al-emmentaler-dop"},"modified":"2023-06-12T10:28:05","modified_gmt":"2023-06-12T08:28:05","slug":"churros-al-emmentaler-dop","status":"publish","type":"recipes","link":"https:\/\/www.emmentaler.ch\/es\/recetas\/churros-al-emmentaler-dop","title":{"rendered":"Churros al Emmentaler DOP"},"author":6,"featured_media":128175,"menu_order":0,"template":"","meta":{"inline_featured_image":false},"tags":[],"recipe_categories":[613],"et_countries":[],"recipe_main_ingredient":[],"recipe_difficulty":[585],"recipe_preparation_time":[384],"recipe_diet_type":[570],"recipe_saison":[529,561],"acf":{"recipe_preparation_time":384,"recipe_categories":613,"recipe_time_txt":"","recipe_type":65932,"recipe_difficulty":585,"recipe_diet_type":[570],"recipe_main_ingredient":false,"recipe_saison":[529,561],"recipe_count_portions":4,"recipe_ingedients":[{"recipe_ingedients_amount":"","recipe_ingedients_unit":"g","recipe_ingedients_product":""}],"temporare_zutaten":"<strong><span lang=\"ES\">Para 250\u00a0gramos de masa de churros al Emmentaler DOP<\/span><\/strong><b><span lang=\"ES\">\r\n<\/span><\/b><span class=\"s1\"><b><span lang=\"ES\"><strong><span style=\"color: #c8a078;\">\u25b6\ufe0e\u00a0<\/span><\/strong><\/span><\/b><\/span>125\u00a0ml de agua\r\n<span class=\"s1\"><b><span lang=\"ES\"><strong><span style=\"color: #c8a078;\">\u25b6\ufe0e\u00a0<\/span><\/strong><\/span><\/b><\/span>50 g de mantequilla\r\n<span class=\"s1\"><b><span lang=\"ES\"><strong><span style=\"color: #c8a078;\">\u25b6\ufe0e\u00a0<\/span><\/strong><\/span><\/b><\/span>75 g de harina\r\n<span class=\"s1\"><b><span lang=\"ES\"><strong><span style=\"color: #c8a078;\">\u25b6\ufe0e\u00a0<\/span><\/strong><\/span><\/b><\/span>100 g de Emmentaler DOP Cl\u00e1sico\r\n<span class=\"s1\"><b><span lang=\"ES\"><strong><span style=\"color: #c8a078;\">\u25b6\ufe0e\u00a0<\/span><\/strong><\/span><\/b><\/span>2 huevos\r\n<span class=\"s1\"><b><span lang=\"ES\"><strong><span style=\"color: #c8a078;\">\u25b6\ufe0e\u00a0<\/span><\/strong><\/span><\/b><\/span>2 g de sal\r\n<span class=\"s1\"><b><span lang=\"ES\"><strong><span style=\"color: #c8a078;\">\u25b6\ufe0e\u00a0<\/span><\/strong><\/span><\/b><\/span>5 g de semillas de s\u00e9samo negro\r\n<div>\r\n\r\n<strong>Salsa al Emmentaler DOP<\/strong>\r\n<span class=\"s1\"><b><span lang=\"ES\"><strong><span style=\"color: #c8a078;\">\u25b6\ufe0e\u00a0<\/span><\/strong><\/span><\/b><\/span>100 g de Emmentaler DOP\r\n<span class=\"s1\"><b><span lang=\"ES\"><strong><span style=\"color: #c8a078;\">\u25b6\ufe0e\u00a0<\/span><\/strong><\/span><\/b><\/span>20 cl de nata l\u00edquida\r\n<span class=\"s1\"><b><span lang=\"ES\"><strong><span style=\"color: #c8a078;\">\u25b6\ufe0e<\/span><\/strong><\/span><\/b><\/span>\u00a020 g de\u00a0mantequilla\r\n<span class=\"s1\"><b><span lang=\"ES\"><strong><span style=\"color: #c8a078;\">\u25b6\ufe0e\u00a0<\/span><\/strong><\/span><\/b><\/span>1 yema de huevo\r\n<span class=\"s1\"><b><span lang=\"ES\"><strong><span style=\"color: #c8a078;\">\u25b6\ufe0e\u00a0<\/span><\/strong><\/span><\/b><\/span>1 nuez moscada\r\n<span class=\"s1\"><b><span lang=\"ES\"><strong><span style=\"color: #c8a078;\">\u25b6\ufe0e\u00a0<\/span><\/strong><\/span><\/b><\/span>Sal y pimienta: algunas pizcas\r\n\r\n<\/div>","recipe_preparation":"<strong>Para 250 gramos de masa de churros al Emmentaler DOP<\/strong>\r\n<ul>\r\n \t<li>Poner a hervir el agua, la mantequilla y la sal.<\/li>\r\n \t<li>Retirarlas del fuego, a\u00f1adir la harina y remover en\u00e9rgicamente con una esp\u00e1tula.<\/li>\r\n \t<li>Poner la mezcla a fuego lento y dejar secar la masa durante 3 minutos<\/li>\r\n \t<li>Retirarla del fuego y volcar la masa en un bol. A\u00f1adir los huevos, el Emmentaler DOP y las semillas de s\u00e9samo negro.<\/li>\r\n \t<li>Meter la masa en una manga pastelera, formar los churros sobre la freidora (a 150 grados) y fre\u00edrlos durante unos 2 minutos, hasta que los churros est\u00e9n bien dorados.<\/li>\r\n<\/ul>\r\n\u00a0\r\n\r\n<strong>Salsa al Emmentaler DOP<\/strong>\r\n<ul>\r\n \t<li>Empezar rallando el Emmentaler DOP.<\/li>\r\n \t<li>Fundir la mantequilla en un cazo a fuego lento. A\u00f1adir la nata l\u00edquida.<\/li>\r\n \t<li>Cuando est\u00e9 caliente, a\u00f1adir el queso rallado.<\/li>\r\n \t<li>Cocinar a fuego lento durante unos 7 minutos, removiendo regularmente, hasta obtener una salsa homog\u00e9nea.<\/li>\r\n \t<li>Retirarla del fuego y a\u00f1adir la yema de huevo para espesar la salsa. Condimentar con 2 pizcas de nuez moscada. Para terminar, a\u00f1adir sal y pimienta dando varias vueltas de molinillo. Mezclarlo todo bien.<\/li>\r\n \t<li>Servir la salsa al Emmentaler DOP caliente, mientras a\u00fan est\u00e1 cremosa, para ba\u00f1ar los churros en ella.<\/li>\r\n<\/ul>","recipe_images":[128165,128175]},"_links":{"self":[{"href":"https:\/\/www.emmentaler.ch\/es\/wp-json\/wp\/v2\/recipes\/128557"}],"collection":[{"href":"https:\/\/www.emmentaler.ch\/es\/wp-json\/wp\/v2\/recipes"}],"about":[{"href":"https:\/\/www.emmentaler.ch\/es\/wp-json\/wp\/v2\/types\/recipes"}],"author":[{"embeddable":true,"href":"https:\/\/www.emmentaler.ch\/es\/wp-json\/wp\/v2\/users\/6"}],"version-history":[{"count":0,"href":"https:\/\/www.emmentaler.ch\/es\/wp-json\/wp\/v2\/recipes\/128557\/revisions"}],"acf:attachment":[{"embeddable":true,"href":"https:\/\/www.emmentaler.ch\/es\/wp-json\/wp\/v2\/media\/128175"},{"embeddable":true,"href":"https:\/\/www.emmentaler.ch\/es\/wp-json\/wp\/v2\/media\/128165"}],"acf:term":[{"embeddable":true,"taxonomy":"recipe_saison","href":"https:\/\/www.emmentaler.ch\/es\/wp-json\/wp\/v2\/recipe_saison\/561"},{"embeddable":true,"taxonomy":"recipe_saison","href":"https:\/\/www.emmentaler.ch\/es\/wp-json\/wp\/v2\/recipe_saison\/529"},{"embeddable":true,"taxonomy":"recipe_diet_type","href":"https:\/\/www.emmentaler.ch\/es\/wp-json\/wp\/v2\/recipe_diet_type\/570"},{"embeddable":true,"taxonomy":"recipe_difficulty","href":"https:\/\/www.emmentaler.ch\/es\/wp-json\/wp\/v2\/recipe_difficulty\/585"},{"embeddable":true,"taxonomy":"recipe_categories","href":"https:\/\/www.emmentaler.ch\/es\/wp-json\/wp\/v2\/recipe_categories\/613"},{"embeddable":true,"taxonomy":"recipe_preparation_time","href":"https:\/\/www.emmentaler.ch\/es\/wp-json\/wp\/v2\/recipe_preparation_time\/384"}],"acf:post":[{"embeddable":true,"href":"https:\/\/www.emmentaler.ch\/es\/wp-json\/wp\/v2\/pages\/65932"}],"wp:featuredmedia":[{"embeddable":true,"href":"https:\/\/www.emmentaler.ch\/es\/wp-json\/wp\/v2\/media\/128175"}],"wp:attachment":[{"href":"https:\/\/www.emmentaler.ch\/es\/wp-json\/wp\/v2\/media?parent=128557"}],"wp:term":[{"taxonomy":"post_tag","embeddable":true,"href":"https:\/\/www.emmentaler.ch\/es\/wp-json\/wp\/v2\/tags?post=128557"},{"taxonomy":"recipe_categories","embeddable":true,"href":"https:\/\/www.emmentaler.ch\/es\/wp-json\/wp\/v2\/recipe_categories?post=128557"},{"taxonomy":"et_countries","embeddable":true,"href":"https:\/\/www.emmentaler.ch\/es\/wp-json\/wp\/v2\/et_countries?post=128557"},{"taxonomy":"recipe_main_ingredient","embeddable":true,"href":"https:\/\/www.emmentaler.ch\/es\/wp-json\/wp\/v2\/recipe_main_ingredient?post=128557"},{"taxonomy":"recipe_difficulty","embeddable":true,"href":"https:\/\/www.emmentaler.ch\/es\/wp-json\/wp\/v2\/recipe_difficulty?post=128557"},{"taxonomy":"recipe_preparation_time","embeddable":true,"href":"https:\/\/www.emmentaler.ch\/es\/wp-json\/wp\/v2\/recipe_preparation_time?post=128557"},{"taxonomy":"recipe_diet_type","embeddable":true,"href":"https:\/\/www.emmentaler.ch\/es\/wp-json\/wp\/v2\/recipe_diet_type?post=128557"},{"taxonomy":"recipe_saison","embeddable":true,"href":"https:\/\/www.emmentaler.ch\/es\/wp-json\/wp\/v2\/recipe_saison?post=128557"}],"curies":[{"name":"wp","href":"https:\/\/api.w.org\/{rel}","templated":true}]}}

<strong><span lang="ES">Para 250 gramos de masa de churros al Emmentaler DOP</span></strong><b><span lang="ES">
</span></b><span class="s1"><b><span lang="ES"><strong><span style="color: #c8a078;">▶︎ </span></strong></span></b></span>125 ml de agua
<span class="s1"><b><span lang="ES"><strong><span style="color: #c8a078;">▶︎ </span></strong></span></b></span>50 g de mantequilla
<span class="s1"><b><span lang="ES"><strong><span style="color: #c8a078;">▶︎ </span></strong></span></b></span>75 g de harina
<span class="s1"><b><span lang="ES"><strong><span style="color: #c8a078;">▶︎ </span></strong></span></b></span>100 g de Emmentaler DOP Clásico
<span class="s1"><b><span lang="ES"><strong><span style="color: #c8a078;">▶︎ </span></strong></span></b></span>2 huevos
<span class="s1"><b><span lang="ES"><strong><span style="color: #c8a078;">▶︎ </span></strong></span></b></span>2 g de sal
<span class="s1"><b><span lang="ES"><strong><span style="color: #c8a078;">▶︎ </span></strong></span></b></span>5 g de semillas de sésamo negro
<div>

<strong>Salsa al Emmentaler DOP</strong>
<span class="s1"><b><span lang="ES"><strong><span style="color: #c8a078;">▶︎ </span></strong></span></b></span>100 g de Emmentaler DOP
<span class="s1"><b><span lang="ES"><strong><span style="color: #c8a078;">▶︎ </span></strong></span></b></span>20 cl de nata líquida
<span class="s1"><b><span lang="ES"><strong><span style="color: #c8a078;">▶︎</span></strong></span></b></span> 20 g de mantequilla
<span class="s1"><b><span lang="ES"><strong><span style="color: #c8a078;">▶︎ </span></strong></span></b></span>1 yema de huevo
<span class="s1"><b><span lang="ES"><strong><span style="color: #c8a078;">▶︎ </span></strong></span></b></span>1 nuez moscada
<span class="s1"><b><span lang="ES"><strong><span style="color: #c8a078;">▶︎ </span></strong></span></b></span>Sal y pimienta: algunas pizcas

</div>

<strong>Para 250 gramos de masa de churros al Emmentaler DOP</strong>
<ul>
 	<li>Poner a hervir el agua, la mantequilla y la sal.</li>
 	<li>Retirarlas del fuego, añadir la harina y remover enérgicamente con una espátula.</li>
 	<li>Poner la mezcla a fuego lento y dejar secar la masa durante 3 minutos</li>
 	<li>Retirarla del fuego y volcar la masa en un bol. Añadir los huevos, el Emmentaler DOP y las semillas de sésamo negro.</li>
 	<li>Meter la masa en una manga pastelera, formar los churros sobre la freidora (a 150 grados) y freírlos durante unos 2 minutos, hasta que los churros estén bien dorados.</li>
</ul>
 

<strong>Salsa al Emmentaler DOP</strong>
<ul>
 	<li>Empezar rallando el Emmentaler DOP.</li>
 	<li>Fundir la mantequilla en un cazo a fuego lento. Añadir la nata líquida.</li>
 	<li>Cuando esté caliente, añadir el queso rallado.</li>
 	<li>Cocinar a fuego lento durante unos 7 minutos, removiendo regularmente, hasta obtener una salsa homogénea.</li>
 	<li>Retirarla del fuego y añadir la yema de huevo para espesar la salsa. Condimentar con 2 pizcas de nuez moscada. Para terminar, añadir sal y pimienta dando varias vueltas de molinillo. Mezclarlo todo bien.</li>
 	<li>Servir la salsa al Emmentaler DOP caliente, mientras aún está cremosa, para bañar los churros en ella.</li>
</ul>
