{"id":48784,"date":"2022-04-27T13:41:19","date_gmt":"2022-04-27T11:41:19","guid":{"rendered":"https:\/\/www.emmentaler.ch\/rezept\/esparragos-con-salsa-de-emmentaler"},"modified":"2024-07-25T17:43:16","modified_gmt":"2024-07-25T15:43:16","slug":"esparragos-con-salsa-de-emmentaler","status":"publish","type":"recipes","link":"https:\/\/www.emmentaler.ch\/es\/recetas\/esparragos-con-salsa-de-emmentaler","title":{"rendered":"Esp\u00e1rragos con salsa de Emmentaler"},"author":2,"featured_media":24510,"menu_order":0,"template":"","meta":{"inline_featured_image":false},"tags":[843],"recipe_categories":[619],"et_countries":[],"recipe_main_ingredient":[602],"recipe_difficulty":[577],"recipe_preparation_time":[627],"recipe_diet_type":[562,570],"recipe_saison":[530,546],"acf":{"recipe_preparation_time":627,"recipe_categories":619,"recipe_time_txt":"","recipe_type":65947,"recipe_difficulty":577,"recipe_diet_type":[562,570],"recipe_main_ingredient":[602],"recipe_saison":[530,546],"recipe_count_portions":4,"recipe_ingedients":[{"recipe_ingedients_amount":"","recipe_ingedients_unit":"g","recipe_ingedients_product":""}],"temporare_zutaten":"175 g de Emmentaler AOC\r\n1,5 dl de leche\r\n2 yemas de huevo\r\nSal, pimienta\r\n500 g de esp\u00e1rragos blancos\r\n500 g de esp\u00e1rragos verdes\r\n3 dl de caldo\r\n\u00bd manojo de r\u00e1bano","recipe_preparation":"<span style=\"font-weight: 400;\">Primero, ralla fino el queso. \u00c9chalo en un recipiente con la leche y las yemas de huevo.<\/span>\r\n\r\n<span style=\"font-weight: 400;\">Corta los extremos de los esp\u00e1rragos, pela los esp\u00e1rragos blancos enteros, y los verdes solo por el tercio inferior. Echa los esp\u00e1rragos blancos con el caldo en una olla grande y ancha, t\u00e1pala y deja cocer a fuego lento unos 3 minutos.\u00a0 A\u00f1ade los esp\u00e1rragos verdes y cu\u00e9celos al dente durante otros 7 minutos m\u00e1s.\u00a0<\/span>\r\n\r\n<span style=\"font-weight: 400;\">Corta los r\u00e1banos en rodajas finas.<\/span>\r\n\r\n<span style=\"font-weight: 400;\">Poco antes de servir, cuelga el recipiente por encima de un cuenco con agua caliente. Calienta la salsa removi\u00e9ndola hasta que quede suave. Condimenta con sal y pimienta.<\/span>\r\n\r\n<span style=\"font-weight: 400;\">Coloca los esp\u00e1rragos en una bandeja y reparte los r\u00e1banos por encima. Sirve la salsa de queso por separado.\u00a0<\/span>","recipe_images":[24510]},"_links":{"self":[{"href":"https:\/\/www.emmentaler.ch\/es\/wp-json\/wp\/v2\/recipes\/48784"}],"collection":[{"href":"https:\/\/www.emmentaler.ch\/es\/wp-json\/wp\/v2\/recipes"}],"about":[{"href":"https:\/\/www.emmentaler.ch\/es\/wp-json\/wp\/v2\/types\/recipes"}],"author":[{"embeddable":true,"href":"https:\/\/www.emmentaler.ch\/es\/wp-json\/wp\/v2\/users\/2"}],"version-history":[{"count":1,"href":"https:\/\/www.emmentaler.ch\/es\/wp-json\/wp\/v2\/recipes\/48784\/revisions"}],"predecessor-version":[{"id":137938,"href":"https:\/\/www.emmentaler.ch\/es\/wp-json\/wp\/v2\/recipes\/48784\/revisions\/137938"}],"acf:attachment":[{"embeddable":true,"href":"https:\/\/www.emmentaler.ch\/es\/wp-json\/wp\/v2\/media\/24510"}],"acf:term":[{"embeddable":true,"taxonomy":"recipe_saison","href":"https:\/\/www.emmentaler.ch\/es\/wp-json\/wp\/v2\/recipe_saison\/546"},{"embeddable":true,"taxonomy":"recipe_saison","href":"https:\/\/www.emmentaler.ch\/es\/wp-json\/wp\/v2\/recipe_saison\/530"},{"embeddable":true,"taxonomy":"recipe_main_ingredient","href":"https:\/\/www.emmentaler.ch\/es\/wp-json\/wp\/v2\/recipe_main_ingredient\/602"},{"embeddable":true,"taxonomy":"recipe_diet_type","href":"https:\/\/www.emmentaler.ch\/es\/wp-json\/wp\/v2\/recipe_diet_type\/570"},{"embeddable":true,"taxonomy":"recipe_diet_type","href":"https:\/\/www.emmentaler.ch\/es\/wp-json\/wp\/v2\/recipe_diet_type\/562"},{"embeddable":true,"taxonomy":"recipe_difficulty","href":"https:\/\/www.emmentaler.ch\/es\/wp-json\/wp\/v2\/recipe_difficulty\/577"},{"embeddable":true,"taxonomy":"recipe_categories","href":"https:\/\/www.emmentaler.ch\/es\/wp-json\/wp\/v2\/recipe_categories\/619"},{"embeddable":true,"taxonomy":"recipe_preparation_time","href":"https:\/\/www.emmentaler.ch\/es\/wp-json\/wp\/v2\/recipe_preparation_time\/627"}],"acf:post":[{"embeddable":true,"href":"https:\/\/www.emmentaler.ch\/es\/wp-json\/wp\/v2\/pages\/65947"}],"wp:featuredmedia":[{"embeddable":true,"href":"https:\/\/www.emmentaler.ch\/es\/wp-json\/wp\/v2\/media\/24510"}],"wp:attachment":[{"href":"https:\/\/www.emmentaler.ch\/es\/wp-json\/wp\/v2\/media?parent=48784"}],"wp:term":[{"taxonomy":"post_tag","embeddable":true,"href":"https:\/\/www.emmentaler.ch\/es\/wp-json\/wp\/v2\/tags?post=48784"},{"taxonomy":"recipe_categories","embeddable":true,"href":"https:\/\/www.emmentaler.ch\/es\/wp-json\/wp\/v2\/recipe_categories?post=48784"},{"taxonomy":"et_countries","embeddable":true,"href":"https:\/\/www.emmentaler.ch\/es\/wp-json\/wp\/v2\/et_countries?post=48784"},{"taxonomy":"recipe_main_ingredient","embeddable":true,"href":"https:\/\/www.emmentaler.ch\/es\/wp-json\/wp\/v2\/recipe_main_ingredient?post=48784"},{"taxonomy":"recipe_difficulty","embeddable":true,"href":"https:\/\/www.emmentaler.ch\/es\/wp-json\/wp\/v2\/recipe_difficulty?post=48784"},{"taxonomy":"recipe_preparation_time","embeddable":true,"href":"https:\/\/www.emmentaler.ch\/es\/wp-json\/wp\/v2\/recipe_preparation_time?post=48784"},{"taxonomy":"recipe_diet_type","embeddable":true,"href":"https:\/\/www.emmentaler.ch\/es\/wp-json\/wp\/v2\/recipe_diet_type?post=48784"},{"taxonomy":"recipe_saison","embeddable":true,"href":"https:\/\/www.emmentaler.ch\/es\/wp-json\/wp\/v2\/recipe_saison?post=48784"}],"curies":[{"name":"wp","href":"https:\/\/api.w.org\/{rel}","templated":true}]}}

Espárragos con salsa de Emmentaler

175 g de Emmentaler AOC
1,5 dl de leche
2 yemas de huevo
Sal, pimienta
500 g de espárragos blancos
500 g de espárragos verdes
3 dl de caldo
½ manojo de rábano

<span style="font-weight: 400;">Primero, ralla fino el queso. Échalo en un recipiente con la leche y las yemas de huevo.</span>

<span style="font-weight: 400;">Corta los extremos de los espárragos, pela los espárragos blancos enteros, y los verdes solo por el tercio inferior. Echa los espárragos blancos con el caldo en una olla grande y ancha, tápala y deja cocer a fuego lento unos 3 minutos.  Añade los espárragos verdes y cuécelos al dente durante otros 7 minutos más. </span>

<span style="font-weight: 400;">Corta los rábanos en rodajas finas.</span>

<span style="font-weight: 400;">Poco antes de servir, cuelga el recipiente por encima de un cuenco con agua caliente. Calienta la salsa removiéndola hasta que quede suave. Condimenta con sal y pimienta.</span>

<span style="font-weight: 400;">Coloca los espárragos en una bandeja y reparte los rábanos por encima. Sirve la salsa de queso por separado. </span>
