{"id":48815,"date":"2022-04-27T13:38:00","date_gmt":"2022-04-27T11:38:00","guid":{"rendered":"https:\/\/www.emmentaler.ch\/rezept\/medallones-de-queso-con-ensalada-de-verduras-de-primavera"},"modified":"2022-05-24T10:13:20","modified_gmt":"2022-05-24T08:13:20","slug":"medallones-de-queso-con-ensalada-de-verduras-de-primavera","status":"publish","type":"recipes","link":"https:\/\/www.emmentaler.ch\/es\/recetas\/medallones-de-queso-con-ensalada-de-verduras-de-primavera","title":{"rendered":"Medallones de queso con ensalada de verduras de primavera"},"author":2,"featured_media":48856,"menu_order":0,"template":"","meta":{"inline_featured_image":false},"tags":[],"recipe_categories":[619],"et_countries":[],"recipe_main_ingredient":[602],"recipe_difficulty":[577],"recipe_preparation_time":[382],"recipe_diet_type":[569,570],"recipe_saison":[530,561],"acf":{"recipe_preparation_time":382,"recipe_categories":619,"recipe_time_txt":"","recipe_type":65993,"recipe_difficulty":577,"recipe_diet_type":[569,570],"recipe_main_ingredient":[602],"recipe_saison":[530,561],"recipe_count_portions":4,"recipe_ingedients":[{"recipe_ingedients_amount":"75","recipe_ingedients_unit":"g","recipe_ingedients_product":"migas de pan"},{"recipe_ingedients_amount":"125","recipe_ingedients_unit":"g","recipe_ingedients_product":"colinabo"},{"recipe_ingedients_amount":"62.5","recipe_ingedients_unit":"g","recipe_ingedients_product":"guisante de az\u00facar"},{"recipe_ingedients_amount":"0.75","recipe_ingedients_unit":"El","recipe_ingedients_product":"vinagre de vino tinto"},{"recipe_ingedients_amount":"1","recipe_ingedients_unit":"El","recipe_ingedients_product":"aceite de colza"},{"recipe_ingedients_amount":"0.25","recipe_ingedients_unit":"Bd","recipe_ingedients_product":"cebollino"},{"recipe_ingedients_amount":"18.75","recipe_ingedients_unit":"g","recipe_ingedients_product":"harina"},{"recipe_ingedients_amount":"0.125","recipe_ingedients_unit":"Tl","recipe_ingedients_product":"polvo de hornear"},{"recipe_ingedients_amount":"37.5","recipe_ingedients_unit":"g","recipe_ingedients_product":"Emmentaler DOP"},{"recipe_ingedients_amount":"0.75","recipe_ingedients_unit":"St\u00fcck","recipe_ingedients_product":"huevos"},{"recipe_ingedients_amount":"","recipe_ingedients_unit":"Bedarf","recipe_ingedients_product":""},{"recipe_ingedients_amount":"","recipe_ingedients_unit":"Bedarf","recipe_ingedients_product":""}],"temporare_zutaten":"300 g de zanahorias\r\nAprox. 500 g de colinabo\r\n250 g de tirabeques\r\n3 cucharadas de vinagre de vino tinto\r\n4 cucharadas de aceite de colza\r\nSal, pimienta\r\n1 manojo de cebollino\r\n75 g de harina\r\n\u00bd cucharadita de levadura en polvo\r\n150 g de Emmentaler AOP\r\n3 huevos\r\nSal, pimienta\r\nMantequilla para fre\u00edr","recipe_preparation":"<span style=\"font-weight: 400;\">Pela las zanahorias y el colinabo. Corta las zanahorias en rodajitas de 5\u00a0mm y el colinabo en bastoncitos finos de 5\u00a0mm. Parte los tirabeques por la mitad, en diagonal. Cuece la verdura 5-7 minutos al vapor hasta que quede crujiente.<\/span>\r\n\r\n<span style=\"font-weight: 400;\">Mezcla el vinagre, el aceite, la sal y la pimienta hasta formar una salsa. Luego, mezcla las verduras con la salsa. Antes de servir, corta el cebollino en tubitos y a\u00f1\u00e1delos.<\/span>\r\n\r\n<span style=\"font-weight: 400;\">Mezcla la harina y la levadura en polvo en un recipiente. Ralla fino el Emmentaler AOP. Bate los huevos. Echa el queso y los huevos en la harina, condimenta con sal y pimienta y m\u00e9zclalo todo bien. Despu\u00e9s, calienta un poco de mantequilla en una sart\u00e9n. Para cada medall\u00f3n, echa una cucharada de masa y fr\u00edela a fuego medio hasta que se dore, 2 minutos por cada lado. Conserva en caliente los medallones hasta que todos est\u00e9n hechos.<\/span>\r\n\r\n<span style=\"font-weight: 400;\">Sirve los medallones de queso con ensalada.<\/span>","recipe_images":[22504,22509,22514,22519,22524]},"_links":{"self":[{"href":"https:\/\/www.emmentaler.ch\/es\/wp-json\/wp\/v2\/recipes\/48815"}],"collection":[{"href":"https:\/\/www.emmentaler.ch\/es\/wp-json\/wp\/v2\/recipes"}],"about":[{"href":"https:\/\/www.emmentaler.ch\/es\/wp-json\/wp\/v2\/types\/recipes"}],"author":[{"embeddable":true,"href":"https:\/\/www.emmentaler.ch\/es\/wp-json\/wp\/v2\/users\/2"}],"version-history":[{"count":0,"href":"https:\/\/www.emmentaler.ch\/es\/wp-json\/wp\/v2\/recipes\/48815\/revisions"}],"acf:attachment":[{"embeddable":true,"href":"https:\/\/www.emmentaler.ch\/es\/wp-json\/wp\/v2\/media\/22524"},{"embeddable":true,"href":"https:\/\/www.emmentaler.ch\/es\/wp-json\/wp\/v2\/media\/22519"},{"embeddable":true,"href":"https:\/\/www.emmentaler.ch\/es\/wp-json\/wp\/v2\/media\/22514"},{"embeddable":true,"href":"https:\/\/www.emmentaler.ch\/es\/wp-json\/wp\/v2\/media\/22509"},{"embeddable":true,"href":"https:\/\/www.emmentaler.ch\/es\/wp-json\/wp\/v2\/media\/22504"}],"acf:term":[{"embeddable":true,"taxonomy":"recipe_saison","href":"https:\/\/www.emmentaler.ch\/es\/wp-json\/wp\/v2\/recipe_saison\/561"},{"embeddable":true,"taxonomy":"recipe_saison","href":"https:\/\/www.emmentaler.ch\/es\/wp-json\/wp\/v2\/recipe_saison\/530"},{"embeddable":true,"taxonomy":"recipe_main_ingredient","href":"https:\/\/www.emmentaler.ch\/es\/wp-json\/wp\/v2\/recipe_main_ingredient\/602"},{"embeddable":true,"taxonomy":"recipe_diet_type","href":"https:\/\/www.emmentaler.ch\/es\/wp-json\/wp\/v2\/recipe_diet_type\/570"},{"embeddable":true,"taxonomy":"recipe_diet_type","href":"https:\/\/www.emmentaler.ch\/es\/wp-json\/wp\/v2\/recipe_diet_type\/569"},{"embeddable":true,"taxonomy":"recipe_difficulty","href":"https:\/\/www.emmentaler.ch\/es\/wp-json\/wp\/v2\/recipe_difficulty\/577"},{"embeddable":true,"taxonomy":"recipe_categories","href":"https:\/\/www.emmentaler.ch\/es\/wp-json\/wp\/v2\/recipe_categories\/619"},{"embeddable":true,"taxonomy":"recipe_preparation_time","href":"https:\/\/www.emmentaler.ch\/es\/wp-json\/wp\/v2\/recipe_preparation_time\/382"}],"acf:post":[{"embeddable":true,"href":"https:\/\/www.emmentaler.ch\/es\/wp-json\/wp\/v2\/pages\/65993"}],"wp:featuredmedia":[{"embeddable":true,"href":"https:\/\/www.emmentaler.ch\/es\/wp-json\/wp\/v2\/media\/48856"}],"wp:attachment":[{"href":"https:\/\/www.emmentaler.ch\/es\/wp-json\/wp\/v2\/media?parent=48815"}],"wp:term":[{"taxonomy":"post_tag","embeddable":true,"href":"https:\/\/www.emmentaler.ch\/es\/wp-json\/wp\/v2\/tags?post=48815"},{"taxonomy":"recipe_categories","embeddable":true,"href":"https:\/\/www.emmentaler.ch\/es\/wp-json\/wp\/v2\/recipe_categories?post=48815"},{"taxonomy":"et_countries","embeddable":true,"href":"https:\/\/www.emmentaler.ch\/es\/wp-json\/wp\/v2\/et_countries?post=48815"},{"taxonomy":"recipe_main_ingredient","embeddable":true,"href":"https:\/\/www.emmentaler.ch\/es\/wp-json\/wp\/v2\/recipe_main_ingredient?post=48815"},{"taxonomy":"recipe_difficulty","embeddable":true,"href":"https:\/\/www.emmentaler.ch\/es\/wp-json\/wp\/v2\/recipe_difficulty?post=48815"},{"taxonomy":"recipe_preparation_time","embeddable":true,"href":"https:\/\/www.emmentaler.ch\/es\/wp-json\/wp\/v2\/recipe_preparation_time?post=48815"},{"taxonomy":"recipe_diet_type","embeddable":true,"href":"https:\/\/www.emmentaler.ch\/es\/wp-json\/wp\/v2\/recipe_diet_type?post=48815"},{"taxonomy":"recipe_saison","embeddable":true,"href":"https:\/\/www.emmentaler.ch\/es\/wp-json\/wp\/v2\/recipe_saison?post=48815"}],"curies":[{"name":"wp","href":"https:\/\/api.w.org\/{rel}","templated":true}]}}

guisante de azúcar

Stück

300 g de zanahorias
Aprox. 500 g de colinabo
250 g de tirabeques
3 cucharadas de vinagre de vino tinto
4 cucharadas de aceite de colza
Sal, pimienta
1 manojo de cebollino
75 g de harina
½ cucharadita de levadura en polvo
150 g de Emmentaler AOP
3 huevos
Sal, pimienta
Mantequilla para freír

<span style="font-weight: 400;">Pela las zanahorias y el colinabo. Corta las zanahorias en rodajitas de 5 mm y el colinabo en bastoncitos finos de 5 mm. Parte los tirabeques por la mitad, en diagonal. Cuece la verdura 5-7 minutos al vapor hasta que quede crujiente.</span>

<span style="font-weight: 400;">Mezcla el vinagre, el aceite, la sal y la pimienta hasta formar una salsa. Luego, mezcla las verduras con la salsa. Antes de servir, corta el cebollino en tubitos y añádelos.</span>

<span style="font-weight: 400;">Mezcla la harina y la levadura en polvo en un recipiente. Ralla fino el Emmentaler AOP. Bate los huevos. Echa el queso y los huevos en la harina, condimenta con sal y pimienta y mézclalo todo bien. Después, calienta un poco de mantequilla en una sartén. Para cada medallón, echa una cucharada de masa y fríela a fuego medio hasta que se dore, 2 minutos por cada lado. Conserva en caliente los medallones hasta que todos estén hechos.</span>

<span style="font-weight: 400;">Sirve los medallones de queso con ensalada.</span>
