{"id":48876,"date":"2022-04-27T13:41:56","date_gmt":"2022-04-27T11:41:56","guid":{"rendered":"https:\/\/www.emmentaler.ch\/rezept\/volovanes-de-hojaldre-con-esparragos"},"modified":"2022-06-27T16:51:30","modified_gmt":"2022-06-27T14:51:30","slug":"volovanes-de-hojaldre-con-esparragos","status":"publish","type":"recipes","link":"https:\/\/www.emmentaler.ch\/es\/recetas\/volovanes-de-hojaldre-con-esparragos","title":{"rendered":"Volovanes de hojaldre con esp\u00e1rragos"},"author":2,"featured_media":24582,"menu_order":0,"template":"","meta":{"inline_featured_image":false},"tags":[],"recipe_categories":[619],"et_countries":[],"recipe_main_ingredient":[602],"recipe_difficulty":[578],"recipe_preparation_time":[373],"recipe_diet_type":[570],"recipe_saison":[530],"acf":{"recipe_preparation_time":373,"recipe_categories":619,"recipe_time_txt":"","recipe_type":65932,"recipe_difficulty":578,"recipe_diet_type":[570],"recipe_main_ingredient":[602],"recipe_saison":[530],"recipe_count_portions":4,"recipe_ingedients":[{"recipe_ingedients_amount":"","recipe_ingedients_unit":"g","recipe_ingedients_product":""}],"temporare_zutaten":"200 g de queso Emmentaler AOP (D.O.P.), suave\r\n1 kg de esp\u00e1rragos verdes finos\r\n1 dl de caldo de verduras\r\n8 volovanes de hojaldre\r\n100 g de reques\u00f3n con hierbas\r\n1 dl de sidra o vino blanco\r\nsal y pimienta\r\nunas cuantas hojitas de cerafolio como guarnici\u00f3n","recipe_preparation":"Empieza rallando el queso Emmentaler AOP (D.O.P.) con un rallador fino. Despu\u00e9s pela los esp\u00e1rragos por el tercio inferior y c\u00f3rtalos en trozos de 3 cm de largo. Incorpora los esp\u00e1rragos cortados en el caldo y cu\u00e9celos a fuego lento y tapados durante unos 10 minutos, hasta que est\u00e9n blandos.\r\n\r\nAbre las tapitas de los volovanes y col\u00f3calos sobre una bandeja para horno. Despu\u00e9s m\u00e9telos en el horno y cali\u00e9ntalo a 180 grados (en horno cl\u00e1sico o bien a 160 grados en horno de convecci\u00f3n), durante aproximadamente 10 minutos.\r\n\r\nMientras tanto puedes colar los esp\u00e1rragos con una coladera, recogiendo el caldo en un recipiente. Separa aproximadamente un tercio (a ser posible el tercio inferior) de los esp\u00e1rragos, m\u00e9zclalos con el reques\u00f3n, la sidra y el queso Emmentaler AOP (D.O.P.) y pasa la mezcla por el pasapur\u00e9. A\u00f1ade poco a poco el caldo de los esp\u00e1rragos, hasta que obtengas una salsa bien espesa.\r\n\r\nSeguidamente, cuece el pur\u00e9 removi\u00e9ndolo con un cuchar\u00f3n y saz\u00f3nalo con sal y pimienta. A\u00f1ade los dem\u00e1s esp\u00e1rragos y calienta la salsa unos segundos. Despu\u00e9s, rellena los volovanes con la salsa y dec\u00f3ralos con las hojitas de cerafolio.\r\n\r\nTe recomendamos: Esta salsa tambi\u00e9n es ideal para platos de pasta o de arroz.","recipe_images":[48912,48907,48902]},"_links":{"self":[{"href":"https:\/\/www.emmentaler.ch\/es\/wp-json\/wp\/v2\/recipes\/48876"}],"collection":[{"href":"https:\/\/www.emmentaler.ch\/es\/wp-json\/wp\/v2\/recipes"}],"about":[{"href":"https:\/\/www.emmentaler.ch\/es\/wp-json\/wp\/v2\/types\/recipes"}],"author":[{"embeddable":true,"href":"https:\/\/www.emmentaler.ch\/es\/wp-json\/wp\/v2\/users\/2"}],"version-history":[{"count":0,"href":"https:\/\/www.emmentaler.ch\/es\/wp-json\/wp\/v2\/recipes\/48876\/revisions"}],"acf:attachment":[{"embeddable":true,"href":"https:\/\/www.emmentaler.ch\/es\/wp-json\/wp\/v2\/media\/48902"},{"embeddable":true,"href":"https:\/\/www.emmentaler.ch\/es\/wp-json\/wp\/v2\/media\/48907"},{"embeddable":true,"href":"https:\/\/www.emmentaler.ch\/es\/wp-json\/wp\/v2\/media\/48912"}],"acf:term":[{"embeddable":true,"taxonomy":"recipe_saison","href":"https:\/\/www.emmentaler.ch\/es\/wp-json\/wp\/v2\/recipe_saison\/530"},{"embeddable":true,"taxonomy":"recipe_main_ingredient","href":"https:\/\/www.emmentaler.ch\/es\/wp-json\/wp\/v2\/recipe_main_ingredient\/602"},{"embeddable":true,"taxonomy":"recipe_diet_type","href":"https:\/\/www.emmentaler.ch\/es\/wp-json\/wp\/v2\/recipe_diet_type\/570"},{"embeddable":true,"taxonomy":"recipe_difficulty","href":"https:\/\/www.emmentaler.ch\/es\/wp-json\/wp\/v2\/recipe_difficulty\/578"},{"embeddable":true,"taxonomy":"recipe_categories","href":"https:\/\/www.emmentaler.ch\/es\/wp-json\/wp\/v2\/recipe_categories\/619"},{"embeddable":true,"taxonomy":"recipe_preparation_time","href":"https:\/\/www.emmentaler.ch\/es\/wp-json\/wp\/v2\/recipe_preparation_time\/373"}],"acf:post":[{"embeddable":true,"href":"https:\/\/www.emmentaler.ch\/es\/wp-json\/wp\/v2\/pages\/65932"}],"wp:featuredmedia":[{"embeddable":true,"href":"https:\/\/www.emmentaler.ch\/es\/wp-json\/wp\/v2\/media\/24582"}],"wp:attachment":[{"href":"https:\/\/www.emmentaler.ch\/es\/wp-json\/wp\/v2\/media?parent=48876"}],"wp:term":[{"taxonomy":"post_tag","embeddable":true,"href":"https:\/\/www.emmentaler.ch\/es\/wp-json\/wp\/v2\/tags?post=48876"},{"taxonomy":"recipe_categories","embeddable":true,"href":"https:\/\/www.emmentaler.ch\/es\/wp-json\/wp\/v2\/recipe_categories?post=48876"},{"taxonomy":"et_countries","embeddable":true,"href":"https:\/\/www.emmentaler.ch\/es\/wp-json\/wp\/v2\/et_countries?post=48876"},{"taxonomy":"recipe_main_ingredient","embeddable":true,"href":"https:\/\/www.emmentaler.ch\/es\/wp-json\/wp\/v2\/recipe_main_ingredient?post=48876"},{"taxonomy":"recipe_difficulty","embeddable":true,"href":"https:\/\/www.emmentaler.ch\/es\/wp-json\/wp\/v2\/recipe_difficulty?post=48876"},{"taxonomy":"recipe_preparation_time","embeddable":true,"href":"https:\/\/www.emmentaler.ch\/es\/wp-json\/wp\/v2\/recipe_preparation_time?post=48876"},{"taxonomy":"recipe_diet_type","embeddable":true,"href":"https:\/\/www.emmentaler.ch\/es\/wp-json\/wp\/v2\/recipe_diet_type?post=48876"},{"taxonomy":"recipe_saison","embeddable":true,"href":"https:\/\/www.emmentaler.ch\/es\/wp-json\/wp\/v2\/recipe_saison?post=48876"}],"curies":[{"name":"wp","href":"https:\/\/api.w.org\/{rel}","templated":true}]}}

Volovanes de hojaldre con espárragos

200 g de queso Emmentaler AOP (D.O.P.), suave
1 kg de espárragos verdes finos
1 dl de caldo de verduras
8 volovanes de hojaldre
100 g de requesón con hierbas
1 dl de sidra o vino blanco
sal y pimienta
unas cuantas hojitas de cerafolio como guarnición

Empieza rallando el queso Emmentaler AOP (D.O.P.) con un rallador fino. Después pela los espárragos por el tercio inferior y córtalos en trozos de 3 cm de largo. Incorpora los espárragos cortados en el caldo y cuécelos a fuego lento y tapados durante unos 10 minutos, hasta que estén blandos.

Abre las tapitas de los volovanes y colócalos sobre una bandeja para horno. Después mételos en el horno y caliéntalo a 180 grados (en horno clásico o bien a 160 grados en horno de convección), durante aproximadamente 10 minutos.

Mientras tanto puedes colar los espárragos con una coladera, recogiendo el caldo en un recipiente. Separa aproximadamente un tercio (a ser posible el tercio inferior) de los espárragos, mézclalos con el requesón, la sidra y el queso Emmentaler AOP (D.O.P.) y pasa la mezcla por el pasapuré. Añade poco a poco el caldo de los espárragos, hasta que obtengas una salsa bien espesa.

Seguidamente, cuece el puré removiéndolo con un cucharón y sazónalo con sal y pimienta. Añade los demás espárragos y calienta la salsa unos segundos. Después, rellena los volovanes con la salsa y decóralos con las hojitas de cerafolio.

Te recomendamos: Esta salsa también es ideal para platos de pasta o de arroz.
