{"id":49120,"date":"2022-04-27T13:42:37","date_gmt":"2022-04-27T11:42:37","guid":{"rendered":"https:\/\/www.emmentaler.ch\/rezept\/sandwich-maettu"},"modified":"2024-07-25T18:12:42","modified_gmt":"2024-07-25T16:12:42","slug":"sandwich-maettu","status":"publish","type":"recipes","link":"https:\/\/www.emmentaler.ch\/es\/recetas\/sandwich-maettu","title":{"rendered":"S\u00e1ndwich \u201cM\u00e4ttu\u201d"},"author":2,"featured_media":49151,"menu_order":0,"template":"","meta":{"inline_featured_image":false},"tags":[843],"recipe_categories":[608],"et_countries":[],"recipe_main_ingredient":[593],"recipe_difficulty":[577],"recipe_preparation_time":[380],"recipe_diet_type":[],"recipe_saison":[561],"acf":{"recipe_preparation_time":380,"recipe_categories":608,"recipe_time_txt":"","recipe_type":65982,"recipe_difficulty":577,"recipe_diet_type":false,"recipe_main_ingredient":[593],"recipe_saison":[561],"recipe_count_portions":4,"recipe_ingedients":[{"recipe_ingedients_amount":"","recipe_ingedients_unit":"g","recipe_ingedients_product":""}],"temporare_zutaten":"125 g de jam\u00f3n cocido\r\n175 g de queso Emmentaler AOP (D.O.P.)\r\n1-2 zanahorias\r\n\u00bd pepino\r\n\u00bd ramito de perejil\r\n100 g de reques\u00f3n descremado\r\n1-2 cucharadas de mostaza\r\nsal y pimienta\r\n8 rebanadas de pan\r\n8 hojas de lechuga","recipe_preparation":"Corta el jam\u00f3n en tiras finas y ralla el queso Emmentaler AOP (D.O.P.), las zanahorias y el pepino con un rallador; pica el perejil bien fino. Despu\u00e9s m\u00e9zclalo todo en un cuenco junto con el reques\u00f3n descremado y la mostaza, remu\u00e9velo y sazona con sal y pimienta.\r\n\r\nPrepara 4 rebanadas de pan con una hoja de lechuga y reparte la mezcla de ingredientes sobre cada rebanada. C\u00fabrelos con la lechuga y t\u00e1palos con las rebanadas de pan restantes.","recipe_images":[25342,25347]},"_links":{"self":[{"href":"https:\/\/www.emmentaler.ch\/es\/wp-json\/wp\/v2\/recipes\/49120"}],"collection":[{"href":"https:\/\/www.emmentaler.ch\/es\/wp-json\/wp\/v2\/recipes"}],"about":[{"href":"https:\/\/www.emmentaler.ch\/es\/wp-json\/wp\/v2\/types\/recipes"}],"author":[{"embeddable":true,"href":"https:\/\/www.emmentaler.ch\/es\/wp-json\/wp\/v2\/users\/2"}],"version-history":[{"count":1,"href":"https:\/\/www.emmentaler.ch\/es\/wp-json\/wp\/v2\/recipes\/49120\/revisions"}],"predecessor-version":[{"id":138034,"href":"https:\/\/www.emmentaler.ch\/es\/wp-json\/wp\/v2\/recipes\/49120\/revisions\/138034"}],"acf:attachment":[{"embeddable":true,"href":"https:\/\/www.emmentaler.ch\/es\/wp-json\/wp\/v2\/media\/25347"},{"embeddable":true,"href":"https:\/\/www.emmentaler.ch\/es\/wp-json\/wp\/v2\/media\/25342"}],"acf:term":[{"embeddable":true,"taxonomy":"recipe_saison","href":"https:\/\/www.emmentaler.ch\/es\/wp-json\/wp\/v2\/recipe_saison\/561"},{"embeddable":true,"taxonomy":"recipe_main_ingredient","href":"https:\/\/www.emmentaler.ch\/es\/wp-json\/wp\/v2\/recipe_main_ingredient\/593"},{"embeddable":true,"taxonomy":"recipe_difficulty","href":"https:\/\/www.emmentaler.ch\/es\/wp-json\/wp\/v2\/recipe_difficulty\/577"},{"embeddable":true,"taxonomy":"recipe_categories","href":"https:\/\/www.emmentaler.ch\/es\/wp-json\/wp\/v2\/recipe_categories\/608"},{"embeddable":true,"taxonomy":"recipe_preparation_time","href":"https:\/\/www.emmentaler.ch\/es\/wp-json\/wp\/v2\/recipe_preparation_time\/380"}],"acf:post":[{"embeddable":true,"href":"https:\/\/www.emmentaler.ch\/es\/wp-json\/wp\/v2\/pages\/65982"}],"wp:featuredmedia":[{"embeddable":true,"href":"https:\/\/www.emmentaler.ch\/es\/wp-json\/wp\/v2\/media\/49151"}],"wp:attachment":[{"href":"https:\/\/www.emmentaler.ch\/es\/wp-json\/wp\/v2\/media?parent=49120"}],"wp:term":[{"taxonomy":"post_tag","embeddable":true,"href":"https:\/\/www.emmentaler.ch\/es\/wp-json\/wp\/v2\/tags?post=49120"},{"taxonomy":"recipe_categories","embeddable":true,"href":"https:\/\/www.emmentaler.ch\/es\/wp-json\/wp\/v2\/recipe_categories?post=49120"},{"taxonomy":"et_countries","embeddable":true,"href":"https:\/\/www.emmentaler.ch\/es\/wp-json\/wp\/v2\/et_countries?post=49120"},{"taxonomy":"recipe_main_ingredient","embeddable":true,"href":"https:\/\/www.emmentaler.ch\/es\/wp-json\/wp\/v2\/recipe_main_ingredient?post=49120"},{"taxonomy":"recipe_difficulty","embeddable":true,"href":"https:\/\/www.emmentaler.ch\/es\/wp-json\/wp\/v2\/recipe_difficulty?post=49120"},{"taxonomy":"recipe_preparation_time","embeddable":true,"href":"https:\/\/www.emmentaler.ch\/es\/wp-json\/wp\/v2\/recipe_preparation_time?post=49120"},{"taxonomy":"recipe_diet_type","embeddable":true,"href":"https:\/\/www.emmentaler.ch\/es\/wp-json\/wp\/v2\/recipe_diet_type?post=49120"},{"taxonomy":"recipe_saison","embeddable":true,"href":"https:\/\/www.emmentaler.ch\/es\/wp-json\/wp\/v2\/recipe_saison?post=49120"}],"curies":[{"name":"wp","href":"https:\/\/api.w.org\/{rel}","templated":true}]}}

Sándwich “Mättu”

125 g de jamón cocido
175 g de queso Emmentaler AOP (D.O.P.)
1-2 zanahorias
½ pepino
½ ramito de perejil
100 g de requesón descremado
1-2 cucharadas de mostaza
sal y pimienta
8 rebanadas de pan
8 hojas de lechuga

Corta el jamón en tiras finas y ralla el queso Emmentaler AOP (D.O.P.), las zanahorias y el pepino con un rallador; pica el perejil bien fino. Después mézclalo todo en un cuenco junto con el requesón descremado y la mostaza, remuévelo y sazona con sal y pimienta.

Prepara 4 rebanadas de pan con una hoja de lechuga y reparte la mezcla de ingredientes sobre cada rebanada. Cúbrelos con la lechuga y tápalos con las rebanadas de pan restantes.
